{"id":1177364,"date":"2017-10-20T10:20:11","date_gmt":"2017-10-20T14:20:11","guid":{"rendered":""},"modified":"2018-07-30T12:50:37","modified_gmt":"2018-07-30T12:50:37","slug":"2-indiquez-\u00e0-votre-employeur-la-date-de-votre-d\u00e9part","status":"publish","type":"steps","link":"https:\/\/newsite.stepstojustice.ca\/fr\/steps\/employment-and-work\/2-indiquez-\u00e0-votre-employeur-la-date-de-votre-d\u00e9part\/","title":{"rendered":"2. Indiquez \u00e0 votre employeur la date de votre d\u00e9part"},"content":{"rendered":"<p>Vous devez \u00e9crire \u00e0 votre employeur pour lui dire quand vous comptez commencer votre cong\u00e9 de maternit\u00e9. Votre employeur doit recevoir la lettre au moins <strong>deux semaines<\/strong> avant votre d\u00e9part.<\/p>\n<p>Si vous prenez \u00e0 la fois un <strong>cong\u00e9 de maternit\u00e9<\/strong> et un <strong><a href=\"\/fr\/common-question-plus\/employment-and-work\/je-m%E2%80%99appr%C3%AAte-%C3%A0-devenir-parent-quels-sont-mes-droits-en-tant\">cong\u00e9 parental<\/a>,<\/strong> indiquez dans la lettre la date de d\u00e9but de chaque cong\u00e9, ou encore donnez deux lettres \u00e0 votre employeur, soit une pour chaque cong\u00e9.<\/p>\n<p>S\u2019il vous le demande, vous devez aussi donner \u00e0 votre employeur un billet du m\u00e9decin contenant votre date d\u2019accouchement pr\u00e9vue.<\/p>\n<h3>Changer votre date de d\u00e9part<\/h3>\n<p>Si vous changez d\u2019avis \u00e0 propos de la date de <strong>d\u00e9but<\/strong> de votre cong\u00e9, vous devez le dire \u00e0 votre employeur dans une nouvelle lettre.<\/p>\n<p>Si vous voulez que le cong\u00e9 commence <strong>plus t\u00f4t<\/strong><strong>,<\/strong> vous devez \u00e9crire \u00e0 votre employeur au moins deux semaines avant la nouvelle date de d\u00e9but.<\/p>\n<p>Si vous voulez que le cong\u00e9 commence <strong>plus tard, <\/strong>vous devez lui \u00e9crire au moins deux semaines avant la date de d\u00e9but originale.<\/p>\n<h3>Arr\u00eater de travailler plus t\u00f4t que pr\u00e9vu<\/h3>\n<p>Parfois, une femme enceinte doit arr\u00eater de travailler plus t\u00f4t que pr\u00e9vu parce qu\u2019elle&nbsp;:<\/p>\n<ul>\n<li>ne peut plus continuer pour des raisons m\u00e9dicales li\u00e9es \u00e0 sa grossesse;<\/li>\n<li>accouche avant la date pr\u00e9vue;<\/li>\n<li>fait une fausse-couche ou accouche d\u2019un mort-n\u00e9 avant la date d\u2019accouchement pr\u00e9vue.<\/li>\n<\/ul>\n<p>Si c\u2019est votre cas, vous avez le droit de commencer votre cong\u00e9 de maternit\u00e9 plus t\u00f4t. Dans les deux semaines suivant votre arr\u00eat de travail, vous devez donner \u00e0 votre employeur&nbsp;:<\/p>\n<ul>\n<li>une lettre indiquant la date de votre arr\u00eat de travail;<\/li>\n<li>un billet du m\u00e9decin, s\u2019il le demande.<\/li>\n<\/ul>\n<p>Le billet du m\u00e9decin doit indiquer la date pr\u00e9vue de votre accouchement et l\u2019un ou l\u2019autre des \u00e9l\u00e9ments suivants&nbsp;:<\/p>\n<ul>\n<li>l\u2019avis du professionnel de la sant\u00e9 selon lequel vous ne pouvez pas travailler pour des raisons m\u00e9dicales li\u00e9es \u00e0 votre grossesse;<\/li>\n<li>la date de la naissance, de la fausse-couche ou de l\u2019accouchement d\u2019un mort-n\u00e9, le cas \u00e9ch\u00e9ant.<\/li>\n<\/ul>\n<h3>Tenir un dossier<\/h3>\n<p>Gardez une photocopie de toutes les lettres et de tous les billets que vous donnez \u00e0 votre employeur et notez la date \u00e0 laquelle vous les avez donn\u00e9s.<\/p>\n","protected":false},"author":3,"featured_media":0,"template":"","yoast_head":"<!-- This site is optimized with the Yoast SEO plugin v19.14 - https:\/\/yoast.com\/wordpress\/plugins\/seo\/ -->\n<title>2. Indiquez \u00e0 votre employeur la date de votre d\u00e9part - Steps to justice<\/title>\n<meta name=\"description\" content=\"Vous devez \u00e9crire \u00e0 votre employeur pour lui dire quand vous comptez commencer votre cong\u00e9 de maternit\u00e9. Votre employeur doit recevoir la lettre au moins\" \/>\n<meta name=\"robots\" content=\"noindex, follow, max-snippet:-1, max-image-preview:large, max-video-preview:-1\" \/>\n<meta property=\"og:locale\" content=\"fr_FR\" \/>\n<meta property=\"og:type\" content=\"article\" \/>\n<meta property=\"og:title\" content=\"2. Indiquez \u00e0 votre employeur la date de votre d\u00e9part - Steps to justice\" \/>\n<meta property=\"og:description\" content=\"Vous devez \u00e9crire \u00e0 votre employeur pour lui dire quand vous comptez commencer votre cong\u00e9 de maternit\u00e9. Votre employeur doit recevoir la lettre au moins\" \/>\n<meta property=\"og:url\" content=\"https:\/\/newsite.stepstojustice.ca\/fr\/steps\/employment-and-work\/2-indiquez-\u00e0-votre-employeur-la-date-de-votre-d\u00e9part\/\" \/>\n<meta property=\"og:site_name\" content=\"Steps to justice\" \/>\n<meta property=\"article:modified_time\" content=\"2018-07-30T12:50:37+00:00\" \/>\n<meta name=\"twitter:card\" content=\"summary_large_image\" \/>\n<meta name=\"twitter:label1\" content=\"Dur\u00e9e de lecture estim\u00e9e\" \/>\n\t<meta name=\"twitter:data1\" content=\"2 minutes\" \/>\n<script type=\"application\/ld+json\" class=\"yoast-schema-graph\">{\"@context\":\"https:\/\/schema.org\",\"@graph\":[{\"@type\":\"WebPage\",\"@id\":\"https:\/\/newsite.stepstojustice.ca\/fr\/steps\/employment-and-work\/2-indiquez-\u00e0-votre-employeur-la-date-de-votre-d\u00e9part\/\",\"url\":\"https:\/\/newsite.stepstojustice.ca\/fr\/steps\/employment-and-work\/2-indiquez-\u00e0-votre-employeur-la-date-de-votre-d\u00e9part\/\",\"name\":\"2. Indiquez \u00e0 votre employeur la date de votre d\u00e9part - Steps to justice\",\"isPartOf\":{\"@id\":\"https:\/\/newsite.stepstojustice.ca\/fr\/#website\"},\"datePublished\":\"-0001-11-30T00:00:00+00:00\",\"dateModified\":\"2018-07-30T12:50:37+00:00\",\"description\":\"Vous devez \u00e9crire \u00e0 votre employeur pour lui dire quand vous comptez commencer votre cong\u00e9 de maternit\u00e9. Votre employeur doit recevoir la lettre au moins\",\"breadcrumb\":{\"@id\":\"https:\/\/newsite.stepstojustice.ca\/fr\/steps\/employment-and-work\/2-indiquez-\u00e0-votre-employeur-la-date-de-votre-d\u00e9part\/#breadcrumb\"},\"inLanguage\":\"fr-FR\",\"potentialAction\":[{\"@type\":\"ReadAction\",\"target\":[\"https:\/\/newsite.stepstojustice.ca\/fr\/steps\/employment-and-work\/2-indiquez-\u00e0-votre-employeur-la-date-de-votre-d\u00e9part\/\"]}]},{\"@type\":\"BreadcrumbList\",\"@id\":\"https:\/\/newsite.stepstojustice.ca\/fr\/steps\/employment-and-work\/2-indiquez-\u00e0-votre-employeur-la-date-de-votre-d\u00e9part\/#breadcrumb\",\"itemListElement\":[{\"@type\":\"ListItem\",\"position\":1,\"name\":\"Home\",\"item\":\"https:\/\/newsite.stepstojustice.ca\/fr\/\"},{\"@type\":\"ListItem\",\"position\":2,\"name\":\"Next steps\",\"item\":\"https:\/\/newsite.stepstojustice.ca\/steps\/\"},{\"@type\":\"ListItem\",\"position\":3,\"name\":\"2. Indiquez \u00e0 votre employeur la date de votre d\u00e9part\"}]},{\"@type\":\"WebSite\",\"@id\":\"https:\/\/newsite.stepstojustice.ca\/fr\/#website\",\"url\":\"https:\/\/newsite.stepstojustice.ca\/fr\/\",\"name\":\"Steps to justice\",\"description\":\"Step-by-step information about legal problems\",\"potentialAction\":[{\"@type\":\"SearchAction\",\"target\":{\"@type\":\"EntryPoint\",\"urlTemplate\":\"https:\/\/newsite.stepstojustice.ca\/fr\/?s={search_term_string}\"},\"query-input\":\"required name=search_term_string\"}],\"inLanguage\":\"fr-FR\"}]}<\/script>\n<!-- \/ Yoast SEO plugin. -->","yoast_head_json":{"title":"2. Indiquez \u00e0 votre employeur la date de votre d\u00e9part - Steps to justice","description":"Vous devez \u00e9crire \u00e0 votre employeur pour lui dire quand vous comptez commencer votre cong\u00e9 de maternit\u00e9. Votre employeur doit recevoir la lettre au moins","robots":{"index":"noindex","follow":"follow","max-snippet":"max-snippet:-1","max-image-preview":"max-image-preview:large","max-video-preview":"max-video-preview:-1"},"og_locale":"fr_FR","og_type":"article","og_title":"2. Indiquez \u00e0 votre employeur la date de votre d\u00e9part - Steps to justice","og_description":"Vous devez \u00e9crire \u00e0 votre employeur pour lui dire quand vous comptez commencer votre cong\u00e9 de maternit\u00e9. Votre employeur doit recevoir la lettre au moins","og_url":"https:\/\/newsite.stepstojustice.ca\/fr\/steps\/employment-and-work\/2-indiquez-\u00e0-votre-employeur-la-date-de-votre-d\u00e9part\/","og_site_name":"Steps to justice","article_modified_time":"2018-07-30T12:50:37+00:00","twitter_card":"summary_large_image","twitter_misc":{"Dur\u00e9e de lecture estim\u00e9e":"2 minutes"},"schema":{"@context":"https:\/\/schema.org","@graph":[{"@type":"WebPage","@id":"https:\/\/newsite.stepstojustice.ca\/fr\/steps\/employment-and-work\/2-indiquez-\u00e0-votre-employeur-la-date-de-votre-d\u00e9part\/","url":"https:\/\/newsite.stepstojustice.ca\/fr\/steps\/employment-and-work\/2-indiquez-\u00e0-votre-employeur-la-date-de-votre-d\u00e9part\/","name":"2. Indiquez \u00e0 votre employeur la date de votre d\u00e9part - Steps to justice","isPartOf":{"@id":"https:\/\/newsite.stepstojustice.ca\/fr\/#website"},"datePublished":"-0001-11-30T00:00:00+00:00","dateModified":"2018-07-30T12:50:37+00:00","description":"Vous devez \u00e9crire \u00e0 votre employeur pour lui dire quand vous comptez commencer votre cong\u00e9 de maternit\u00e9. Votre employeur doit recevoir la lettre au moins","breadcrumb":{"@id":"https:\/\/newsite.stepstojustice.ca\/fr\/steps\/employment-and-work\/2-indiquez-\u00e0-votre-employeur-la-date-de-votre-d\u00e9part\/#breadcrumb"},"inLanguage":"fr-FR","potentialAction":[{"@type":"ReadAction","target":["https:\/\/newsite.stepstojustice.ca\/fr\/steps\/employment-and-work\/2-indiquez-\u00e0-votre-employeur-la-date-de-votre-d\u00e9part\/"]}]},{"@type":"BreadcrumbList","@id":"https:\/\/newsite.stepstojustice.ca\/fr\/steps\/employment-and-work\/2-indiquez-\u00e0-votre-employeur-la-date-de-votre-d\u00e9part\/#breadcrumb","itemListElement":[{"@type":"ListItem","position":1,"name":"Home","item":"https:\/\/newsite.stepstojustice.ca\/fr\/"},{"@type":"ListItem","position":2,"name":"Next steps","item":"https:\/\/newsite.stepstojustice.ca\/steps\/"},{"@type":"ListItem","position":3,"name":"2. Indiquez \u00e0 votre employeur la date de votre d\u00e9part"}]},{"@type":"WebSite","@id":"https:\/\/newsite.stepstojustice.ca\/fr\/#website","url":"https:\/\/newsite.stepstojustice.ca\/fr\/","name":"Steps to justice","description":"Step-by-step information about legal problems","potentialAction":[{"@type":"SearchAction","target":{"@type":"EntryPoint","urlTemplate":"https:\/\/newsite.stepstojustice.ca\/fr\/?s={search_term_string}"},"query-input":"required name=search_term_string"}],"inLanguage":"fr-FR"}]}},"meta_box":{"questions_to_steps_from":["1171605"]},"_links":{"self":[{"href":"https:\/\/newsite.stepstojustice.ca\/fr\/wp-json\/wp\/v2\/steps\/1177364"}],"collection":[{"href":"https:\/\/newsite.stepstojustice.ca\/fr\/wp-json\/wp\/v2\/steps"}],"about":[{"href":"https:\/\/newsite.stepstojustice.ca\/fr\/wp-json\/wp\/v2\/types\/steps"}],"author":[{"embeddable":true,"href":"https:\/\/newsite.stepstojustice.ca\/fr\/wp-json\/wp\/v2\/users\/3"}],"version-history":[{"count":0,"href":"https:\/\/newsite.stepstojustice.ca\/fr\/wp-json\/wp\/v2\/steps\/1177364\/revisions"}],"wp:attachment":[{"href":"https:\/\/newsite.stepstojustice.ca\/fr\/wp-json\/wp\/v2\/media?parent=1177364"}],"curies":[{"name":"wp","href":"https:\/\/api.w.org\/{rel}","templated":true}]}}

2-indiquez-à-votre-employeur-la-date-de-votre-départ

https://newsite.stepstojustice.ca/fr/steps/employment-and-work/2-indiquez-à-votre-employeur-la-date-de-votre-départ/

2. Indiquez à votre employeur la date de votre départ

<p>Vous devez écrire à votre employeur pour lui dire quand vous comptez commencer votre congé de maternité. Votre employeur doit recevoir la lettre au moins <strong>deux semaines</strong> avant votre départ.</p>
<p>Si vous prenez à la fois un <strong>congé de maternité</strong> et un <strong><a href="/fr/common-question-plus/employment-and-work/je-m%E2%80%99appr%C3%AAte-%C3%A0-devenir-parent-quels-sont-mes-droits-en-tant">congé parental</a>,</strong> indiquez dans la lettre la date de début de chaque congé, ou encore donnez deux lettres à votre employeur, soit une pour chaque congé.</p>
<p>S’il vous le demande, vous devez aussi donner à votre employeur un billet du médecin contenant votre date d’accouchement prévue.</p>
<h3>Changer votre date de départ</h3>
<p>Si vous changez d’avis à propos de la date de <strong>début</strong> de votre congé, vous devez le dire à votre employeur dans une nouvelle lettre.</p>
<p>Si vous voulez que le congé commence <strong>plus tôt</strong><strong>,</strong> vous devez écrire à votre employeur au moins deux semaines avant la nouvelle date de début.</p>
<p>Si vous voulez que le congé commence <strong>plus tard, </strong>vous devez lui écrire au moins deux semaines avant la date de début originale.</p>
<h3>Arrêter de travailler plus tôt que prévu</h3>
<p>Parfois, une femme enceinte doit arrêter de travailler plus tôt que prévu parce qu’elle&nbsp;:</p>
<ul>
<li>ne peut plus continuer pour des raisons médicales liées à sa grossesse;</li>
<li>accouche avant la date prévue;</li>
<li>fait une fausse-couche ou accouche d’un mort-né avant la date d’accouchement prévue.</li>
</ul>
<p>Si c’est votre cas, vous avez le droit de commencer votre congé de maternité plus tôt. Dans les deux semaines suivant votre arrêt de travail, vous devez donner à votre employeur&nbsp;:</p>
<ul>
<li>une lettre indiquant la date de votre arrêt de travail;</li>
<li>un billet du médecin, s’il le demande.</li>
</ul>
<p>Le billet du médecin doit indiquer la date prévue de votre accouchement et l’un ou l’autre des éléments suivants&nbsp;:</p>
<ul>
<li>l’avis du professionnel de la santé selon lequel vous ne pouvez pas travailler pour des raisons médicales liées à votre grossesse;</li>
<li>la date de la naissance, de la fausse-couche ou de l’accouchement d’un mort-né, le cas échéant.</li>
</ul>
<h3>Tenir un dossier</h3>
<p>Gardez une photocopie de toutes les lettres et de tous les billets que vous donnez à votre employeur et notez la date à laquelle vous les avez donnés.</p>

<!-- This site is optimized with the Yoast SEO plugin v19.14 - https://yoast.com/wordpress/plugins/seo/ -->
<title>2. Indiquez à votre employeur la date de votre départ - Steps to justice</title>
<meta name="description" content="Vous devez écrire à votre employeur pour lui dire quand vous comptez commencer votre congé de maternité. Votre employeur doit recevoir la lettre au moins" />
<meta name="robots" content="noindex, follow, max-snippet:-1, max-image-preview:large, max-video-preview:-1" />
<meta property="og:locale" content="fr_FR" />
<meta property="og:type" content="article" />
<meta property="og:title" content="2. Indiquez à votre employeur la date de votre départ - Steps to justice" />
<meta property="og:description" content="Vous devez écrire à votre employeur pour lui dire quand vous comptez commencer votre congé de maternité. Votre employeur doit recevoir la lettre au moins" />
<meta property="og:url" content="https://newsite.stepstojustice.ca/fr/steps/employment-and-work/2-indiquez-à-votre-employeur-la-date-de-votre-départ/" />
<meta property="og:site_name" content="Steps to justice" />
<meta property="article:modified_time" content="2018-07-30T12:50:37+00:00" />
<meta name="twitter:card" content="summary_large_image" />
<meta name="twitter:label1" content="Durée de lecture estimée" />
	<meta name="twitter:data1" content="2 minutes" />
<script type="application/ld+json" class="yoast-schema-graph">{"@context":"https://schema.org","@graph":[{"@type":"WebPage","@id":"https://newsite.stepstojustice.ca/fr/steps/employment-and-work/2-indiquez-à-votre-employeur-la-date-de-votre-départ/","url":"https://newsite.stepstojustice.ca/fr/steps/employment-and-work/2-indiquez-à-votre-employeur-la-date-de-votre-départ/","name":"2. Indiquez à votre employeur la date de votre départ - Steps to justice","isPartOf":{"@id":"https://newsite.stepstojustice.ca/fr/#website"},"datePublished":"-0001-11-30T00:00:00+00:00","dateModified":"2018-07-30T12:50:37+00:00","description":"Vous devez écrire à votre employeur pour lui dire quand vous comptez commencer votre congé de maternité. Votre employeur doit recevoir la lettre au moins","breadcrumb":{"@id":"https://newsite.stepstojustice.ca/fr/steps/employment-and-work/2-indiquez-à-votre-employeur-la-date-de-votre-départ/#breadcrumb"},"inLanguage":"fr-FR","potentialAction":[{"@type":"ReadAction","target":["https://newsite.stepstojustice.ca/fr/steps/employment-and-work/2-indiquez-à-votre-employeur-la-date-de-votre-départ/"]}]},{"@type":"BreadcrumbList","@id":"https://newsite.stepstojustice.ca/fr/steps/employment-and-work/2-indiquez-à-votre-employeur-la-date-de-votre-départ/#breadcrumb","itemListElement":[{"@type":"ListItem","position":1,"name":"Home","item":"https://newsite.stepstojustice.ca/fr/"},{"@type":"ListItem","position":2,"name":"Next steps","item":"https://newsite.stepstojustice.ca/steps/"},{"@type":"ListItem","position":3,"name":"2. Indiquez à votre employeur la date de votre départ"}]},{"@type":"WebSite","@id":"https://newsite.stepstojustice.ca/fr/#website","url":"https://newsite.stepstojustice.ca/fr/","name":"Steps to justice","description":"Step-by-step information about legal problems","potentialAction":[{"@type":"SearchAction","target":{"@type":"EntryPoint","urlTemplate":"https://newsite.stepstojustice.ca/fr/?s={search_term_string}"},"query-input":"required name=search_term_string"}],"inLanguage":"fr-FR"}]}</script>
<!-- / Yoast SEO plugin. -->

2. Indiquez à votre employeur la date de votre départ - Steps to justice

Vous devez écrire à votre employeur pour lui dire quand vous comptez commencer votre congé de maternité. Votre employeur doit recevoir la lettre au moins

https://newsite.stepstojustice.ca/fr/steps/employment-and-work/2-indiquez-à-votre-employeur-la-date-de-votre-départ/#breadcrumb
