{"id":1177348,"date":"2017-10-20T11:33:25","date_gmt":"2017-10-20T15:33:25","guid":{"rendered":""},"modified":"2018-07-30T12:50:20","modified_gmt":"2018-07-30T12:50:20","slug":"\u00e9valuez-vos-options","status":"publish","type":"steps","link":"https:\/\/newsite.stepstojustice.ca\/fr\/steps\/employment-and-work\/\u00e9valuez-vos-options\/","title":{"rendered":"\u00c9valuez vos options"},"content":{"rendered":"<p>Vous pouvez <a href=\"https:\/\/stepstojustice.ca\/fr\/common-question-plus\/employment-and-work\/comment-puis-je-pr%C3%A9senter-une-r%C3%A9clamation-relative-aux\">d\u00e9poser une r\u00e9clamation au minist\u00e8re du Travail<\/a> si vous avez \u00e9t\u00e9 cong\u00e9di\u00e9 pour une action permise par la <em>Loi sur les normes d\u2019emploi.<\/em><\/p>\n<p>Vous pouvez <a href=\"https:\/\/stepstojustice.ca\/fr\/common-question-plus\/employment-and-work\/comment-puis-je-d%C3%A9poser-une-plainte-aupr%C3%A8s-du-tribunal-des\">porter plainte devant la Commission des relations de travail de l\u2019Ontario<\/a> si vous avez \u00e9t\u00e9 cong\u00e9di\u00e9 pour une raison qui enfreint&nbsp;:<\/p>\n<ul>\n<li>votre droit \u00e0 la sant\u00e9 et la s\u00e9curit\u00e9 au travail;<\/li>\n<li>vos droits en vertu des lois sur la protection de l\u2019environnement.<\/li>\n<\/ul>\n<p>Vous pouvez <a href=\"https:\/\/stepstojustice.ca\/fr\/common-question-plus\/employment-and-work\/comment-puis-je-d%C3%A9poser-une-plainte-aupr%C3%A8s-du-tribunal-des\">porter plainte au Tribunal des droits de la personne de l\u2019Ontario<\/a> si vous avez \u00e9t\u00e9 cong\u00e9di\u00e9 pour une raison contraire aux droits de la personne.<\/p>\n<p>Si le minist\u00e8re du Travail, la Commission des relations de travail de l\u2019Ontario ou le Tribunal des droits de la personne de l\u2019Ontario juge que votre employeur a enfreint la loi, il peut lui ordonner de vous rendre votre poste et de vous payer pour&nbsp;:<\/p>\n<ul>\n<li>le pr\u00e9judice qu\u2019il vous a caus\u00e9 en ne respectant pas vos droits;<\/li>\n<li>les co\u00fbts que vous avez d\u00fb assumer \u00e0 cause de ce qu\u2019il a fait.<\/li>\n<\/ul>\n<p>Cependant, le Minist\u00e8re ordonne rarement \u00e0 un employeur de r\u00e9int\u00e9grer un employ\u00e9 dans ses fonctions.<\/p>\n<p>Les co\u00fbts peuvent comprendre&nbsp;:<\/p>\n<ul>\n<li>le salaire auquel vous auriez eu droit si vous n\u2019aviez pas \u00e9t\u00e9 cong\u00e9di\u00e9;<\/li>\n<li>les frais rattach\u00e9s \u00e0 votre&nbsp;recherche d\u2019emploi.<\/li>\n<\/ul>\n<p>&nbsp;<\/p>\n","protected":false},"author":3,"featured_media":0,"template":"","yoast_head":"<!-- This site is optimized with the Yoast SEO plugin v19.14 - https:\/\/yoast.com\/wordpress\/plugins\/seo\/ -->\n<title>\u00c9valuez vos options - Steps to justice<\/title>\n<meta name=\"description\" content=\"Vous pouvez d\u00e9poser une r\u00e9clamation au minist\u00e8re du Travail si vous avez \u00e9t\u00e9 cong\u00e9di\u00e9 pour une action permise par la Loi sur les normes d\u2019emploi. Vous\" \/>\n<meta name=\"robots\" content=\"noindex, follow, max-snippet:-1, max-image-preview:large, max-video-preview:-1\" \/>\n<meta property=\"og:locale\" content=\"fr_FR\" \/>\n<meta property=\"og:type\" content=\"article\" \/>\n<meta property=\"og:title\" content=\"\u00c9valuez vos options - Steps to justice\" \/>\n<meta property=\"og:description\" content=\"Vous pouvez d\u00e9poser une r\u00e9clamation au minist\u00e8re du Travail si vous avez \u00e9t\u00e9 cong\u00e9di\u00e9 pour une action permise par la Loi sur les normes d\u2019emploi. Vous\" \/>\n<meta property=\"og:url\" content=\"https:\/\/newsite.stepstojustice.ca\/fr\/steps\/employment-and-work\/\u00e9valuez-vos-options\/\" \/>\n<meta property=\"og:site_name\" content=\"Steps to justice\" \/>\n<meta property=\"article:modified_time\" content=\"2018-07-30T12:50:20+00:00\" \/>\n<meta name=\"twitter:card\" content=\"summary_large_image\" \/>\n<meta name=\"twitter:label1\" content=\"Dur\u00e9e de lecture estim\u00e9e\" \/>\n\t<meta name=\"twitter:data1\" content=\"1 minute\" \/>\n<script type=\"application\/ld+json\" class=\"yoast-schema-graph\">{\"@context\":\"https:\/\/schema.org\",\"@graph\":[{\"@type\":\"WebPage\",\"@id\":\"https:\/\/newsite.stepstojustice.ca\/fr\/steps\/employment-and-work\/\u00e9valuez-vos-options\/\",\"url\":\"https:\/\/newsite.stepstojustice.ca\/fr\/steps\/employment-and-work\/\u00e9valuez-vos-options\/\",\"name\":\"\u00c9valuez vos options - Steps to justice\",\"isPartOf\":{\"@id\":\"https:\/\/newsite.stepstojustice.ca\/fr\/#website\"},\"datePublished\":\"-0001-11-30T00:00:00+00:00\",\"dateModified\":\"2018-07-30T12:50:20+00:00\",\"description\":\"Vous pouvez d\u00e9poser une r\u00e9clamation au minist\u00e8re du Travail si vous avez \u00e9t\u00e9 cong\u00e9di\u00e9 pour une action permise par la Loi sur les normes d\u2019emploi. Vous\",\"breadcrumb\":{\"@id\":\"https:\/\/newsite.stepstojustice.ca\/fr\/steps\/employment-and-work\/\u00e9valuez-vos-options\/#breadcrumb\"},\"inLanguage\":\"fr-FR\",\"potentialAction\":[{\"@type\":\"ReadAction\",\"target\":[\"https:\/\/newsite.stepstojustice.ca\/fr\/steps\/employment-and-work\/\u00e9valuez-vos-options\/\"]}]},{\"@type\":\"BreadcrumbList\",\"@id\":\"https:\/\/newsite.stepstojustice.ca\/fr\/steps\/employment-and-work\/\u00e9valuez-vos-options\/#breadcrumb\",\"itemListElement\":[{\"@type\":\"ListItem\",\"position\":1,\"name\":\"Home\",\"item\":\"https:\/\/newsite.stepstojustice.ca\/fr\/\"},{\"@type\":\"ListItem\",\"position\":2,\"name\":\"Next steps\",\"item\":\"https:\/\/newsite.stepstojustice.ca\/steps\/\"},{\"@type\":\"ListItem\",\"position\":3,\"name\":\"\u00c9valuez vos options\"}]},{\"@type\":\"WebSite\",\"@id\":\"https:\/\/newsite.stepstojustice.ca\/fr\/#website\",\"url\":\"https:\/\/newsite.stepstojustice.ca\/fr\/\",\"name\":\"Steps to justice\",\"description\":\"Step-by-step information about legal problems\",\"potentialAction\":[{\"@type\":\"SearchAction\",\"target\":{\"@type\":\"EntryPoint\",\"urlTemplate\":\"https:\/\/newsite.stepstojustice.ca\/fr\/?s={search_term_string}\"},\"query-input\":\"required name=search_term_string\"}],\"inLanguage\":\"fr-FR\"}]}<\/script>\n<!-- \/ Yoast SEO plugin. -->","yoast_head_json":{"title":"\u00c9valuez vos options - Steps to justice","description":"Vous pouvez d\u00e9poser une r\u00e9clamation au minist\u00e8re du Travail si vous avez \u00e9t\u00e9 cong\u00e9di\u00e9 pour une action permise par la Loi sur les normes d\u2019emploi. Vous","robots":{"index":"noindex","follow":"follow","max-snippet":"max-snippet:-1","max-image-preview":"max-image-preview:large","max-video-preview":"max-video-preview:-1"},"og_locale":"fr_FR","og_type":"article","og_title":"\u00c9valuez vos options - Steps to justice","og_description":"Vous pouvez d\u00e9poser une r\u00e9clamation au minist\u00e8re du Travail si vous avez \u00e9t\u00e9 cong\u00e9di\u00e9 pour une action permise par la Loi sur les normes d\u2019emploi. Vous","og_url":"https:\/\/newsite.stepstojustice.ca\/fr\/steps\/employment-and-work\/\u00e9valuez-vos-options\/","og_site_name":"Steps to justice","article_modified_time":"2018-07-30T12:50:20+00:00","twitter_card":"summary_large_image","twitter_misc":{"Dur\u00e9e de lecture estim\u00e9e":"1 minute"},"schema":{"@context":"https:\/\/schema.org","@graph":[{"@type":"WebPage","@id":"https:\/\/newsite.stepstojustice.ca\/fr\/steps\/employment-and-work\/\u00e9valuez-vos-options\/","url":"https:\/\/newsite.stepstojustice.ca\/fr\/steps\/employment-and-work\/\u00e9valuez-vos-options\/","name":"\u00c9valuez vos options - Steps to justice","isPartOf":{"@id":"https:\/\/newsite.stepstojustice.ca\/fr\/#website"},"datePublished":"-0001-11-30T00:00:00+00:00","dateModified":"2018-07-30T12:50:20+00:00","description":"Vous pouvez d\u00e9poser une r\u00e9clamation au minist\u00e8re du Travail si vous avez \u00e9t\u00e9 cong\u00e9di\u00e9 pour une action permise par la Loi sur les normes d\u2019emploi. Vous","breadcrumb":{"@id":"https:\/\/newsite.stepstojustice.ca\/fr\/steps\/employment-and-work\/\u00e9valuez-vos-options\/#breadcrumb"},"inLanguage":"fr-FR","potentialAction":[{"@type":"ReadAction","target":["https:\/\/newsite.stepstojustice.ca\/fr\/steps\/employment-and-work\/\u00e9valuez-vos-options\/"]}]},{"@type":"BreadcrumbList","@id":"https:\/\/newsite.stepstojustice.ca\/fr\/steps\/employment-and-work\/\u00e9valuez-vos-options\/#breadcrumb","itemListElement":[{"@type":"ListItem","position":1,"name":"Home","item":"https:\/\/newsite.stepstojustice.ca\/fr\/"},{"@type":"ListItem","position":2,"name":"Next steps","item":"https:\/\/newsite.stepstojustice.ca\/steps\/"},{"@type":"ListItem","position":3,"name":"\u00c9valuez vos options"}]},{"@type":"WebSite","@id":"https:\/\/newsite.stepstojustice.ca\/fr\/#website","url":"https:\/\/newsite.stepstojustice.ca\/fr\/","name":"Steps to justice","description":"Step-by-step information about legal problems","potentialAction":[{"@type":"SearchAction","target":{"@type":"EntryPoint","urlTemplate":"https:\/\/newsite.stepstojustice.ca\/fr\/?s={search_term_string}"},"query-input":"required name=search_term_string"}],"inLanguage":"fr-FR"}]}},"meta_box":{"questions_to_steps_from":["1171583"]},"_links":{"self":[{"href":"https:\/\/newsite.stepstojustice.ca\/fr\/wp-json\/wp\/v2\/steps\/1177348"}],"collection":[{"href":"https:\/\/newsite.stepstojustice.ca\/fr\/wp-json\/wp\/v2\/steps"}],"about":[{"href":"https:\/\/newsite.stepstojustice.ca\/fr\/wp-json\/wp\/v2\/types\/steps"}],"author":[{"embeddable":true,"href":"https:\/\/newsite.stepstojustice.ca\/fr\/wp-json\/wp\/v2\/users\/3"}],"version-history":[{"count":0,"href":"https:\/\/newsite.stepstojustice.ca\/fr\/wp-json\/wp\/v2\/steps\/1177348\/revisions"}],"wp:attachment":[{"href":"https:\/\/newsite.stepstojustice.ca\/fr\/wp-json\/wp\/v2\/media?parent=1177348"}],"curies":[{"name":"wp","href":"https:\/\/api.w.org\/{rel}","templated":true}]}}

évaluez-vos-options

https://newsite.stepstojustice.ca/fr/steps/employment-and-work/évaluez-vos-options/

Évaluez vos options

<p>Vous pouvez <a href="https://stepstojustice.ca/fr/common-question-plus/employment-and-work/comment-puis-je-pr%C3%A9senter-une-r%C3%A9clamation-relative-aux">déposer une réclamation au ministère du Travail</a> si vous avez été congédié pour une action permise par la <em>Loi sur les normes d’emploi.</em></p>
<p>Vous pouvez <a href="https://stepstojustice.ca/fr/common-question-plus/employment-and-work/comment-puis-je-d%C3%A9poser-une-plainte-aupr%C3%A8s-du-tribunal-des">porter plainte devant la Commission des relations de travail de l’Ontario</a> si vous avez été congédié pour une raison qui enfreint&nbsp;:</p>
<ul>
<li>votre droit à la santé et la sécurité au travail;</li>
<li>vos droits en vertu des lois sur la protection de l’environnement.</li>
</ul>
<p>Vous pouvez <a href="https://stepstojustice.ca/fr/common-question-plus/employment-and-work/comment-puis-je-d%C3%A9poser-une-plainte-aupr%C3%A8s-du-tribunal-des">porter plainte au Tribunal des droits de la personne de l’Ontario</a> si vous avez été congédié pour une raison contraire aux droits de la personne.</p>
<p>Si le ministère du Travail, la Commission des relations de travail de l’Ontario ou le Tribunal des droits de la personne de l’Ontario juge que votre employeur a enfreint la loi, il peut lui ordonner de vous rendre votre poste et de vous payer pour&nbsp;:</p>
<ul>
<li>le préjudice qu’il vous a causé en ne respectant pas vos droits;</li>
<li>les coûts que vous avez dû assumer à cause de ce qu’il a fait.</li>
</ul>
<p>Cependant, le Ministère ordonne rarement à un employeur de réintégrer un employé dans ses fonctions.</p>
<p>Les coûts peuvent comprendre&nbsp;:</p>
<ul>
<li>le salaire auquel vous auriez eu droit si vous n’aviez pas été congédié;</li>
<li>les frais rattachés à votre&nbsp;recherche d’emploi.</li>
</ul>
<p>&nbsp;</p>

<!-- This site is optimized with the Yoast SEO plugin v19.14 - https://yoast.com/wordpress/plugins/seo/ -->
<title>Évaluez vos options - Steps to justice</title>
<meta name="description" content="Vous pouvez déposer une réclamation au ministère du Travail si vous avez été congédié pour une action permise par la Loi sur les normes d’emploi. Vous" />
<meta name="robots" content="noindex, follow, max-snippet:-1, max-image-preview:large, max-video-preview:-1" />
<meta property="og:locale" content="fr_FR" />
<meta property="og:type" content="article" />
<meta property="og:title" content="Évaluez vos options - Steps to justice" />
<meta property="og:description" content="Vous pouvez déposer une réclamation au ministère du Travail si vous avez été congédié pour une action permise par la Loi sur les normes d’emploi. Vous" />
<meta property="og:url" content="https://newsite.stepstojustice.ca/fr/steps/employment-and-work/évaluez-vos-options/" />
<meta property="og:site_name" content="Steps to justice" />
<meta property="article:modified_time" content="2018-07-30T12:50:20+00:00" />
<meta name="twitter:card" content="summary_large_image" />
<meta name="twitter:label1" content="Durée de lecture estimée" />
	<meta name="twitter:data1" content="1 minute" />
<script type="application/ld+json" class="yoast-schema-graph">{"@context":"https://schema.org","@graph":[{"@type":"WebPage","@id":"https://newsite.stepstojustice.ca/fr/steps/employment-and-work/évaluez-vos-options/","url":"https://newsite.stepstojustice.ca/fr/steps/employment-and-work/évaluez-vos-options/","name":"Évaluez vos options - Steps to justice","isPartOf":{"@id":"https://newsite.stepstojustice.ca/fr/#website"},"datePublished":"-0001-11-30T00:00:00+00:00","dateModified":"2018-07-30T12:50:20+00:00","description":"Vous pouvez déposer une réclamation au ministère du Travail si vous avez été congédié pour une action permise par la Loi sur les normes d’emploi. Vous","breadcrumb":{"@id":"https://newsite.stepstojustice.ca/fr/steps/employment-and-work/évaluez-vos-options/#breadcrumb"},"inLanguage":"fr-FR","potentialAction":[{"@type":"ReadAction","target":["https://newsite.stepstojustice.ca/fr/steps/employment-and-work/évaluez-vos-options/"]}]},{"@type":"BreadcrumbList","@id":"https://newsite.stepstojustice.ca/fr/steps/employment-and-work/évaluez-vos-options/#breadcrumb","itemListElement":[{"@type":"ListItem","position":1,"name":"Home","item":"https://newsite.stepstojustice.ca/fr/"},{"@type":"ListItem","position":2,"name":"Next steps","item":"https://newsite.stepstojustice.ca/steps/"},{"@type":"ListItem","position":3,"name":"Évaluez vos options"}]},{"@type":"WebSite","@id":"https://newsite.stepstojustice.ca/fr/#website","url":"https://newsite.stepstojustice.ca/fr/","name":"Steps to justice","description":"Step-by-step information about legal problems","potentialAction":[{"@type":"SearchAction","target":{"@type":"EntryPoint","urlTemplate":"https://newsite.stepstojustice.ca/fr/?s={search_term_string}"},"query-input":"required name=search_term_string"}],"inLanguage":"fr-FR"}]}</script>
<!-- / Yoast SEO plugin. -->

Évaluez vos options - Steps to justice

Vous pouvez déposer une réclamation au ministère du Travail si vous avez été congédié pour une action permise par la Loi sur les normes d’emploi. Vous

https://newsite.stepstojustice.ca/fr/steps/employment-and-work/évaluez-vos-options/#breadcrumb
