{"id":1177313,"date":"2017-10-19T16:32:23","date_gmt":"2017-10-19T20:32:23","guid":{"rendered":""},"modified":"2018-07-30T12:50:37","modified_gmt":"2018-07-30T12:50:37","slug":"sachez-quels-jours-sont-f\u00e9ri\u00e9s-selon-les-lois-f\u00e9d\u00e9rales","status":"publish","type":"steps","link":"https:\/\/newsite.stepstojustice.ca\/fr\/steps\/employment-and-work\/sachez-quels-jours-sont-f\u00e9ri\u00e9s-selon-les-lois-f\u00e9d\u00e9rales\/","title":{"rendered":"Sachez quels jours sont f\u00e9ri\u00e9s selon les lois f\u00e9d\u00e9rales"},"content":{"rendered":"<p>Le&nbsp;<i>Code canadien du travail&nbsp;<\/i>accorde &agrave; la plupart des travailleurs, couverts par les lois f&eacute;d&eacute;rales, <a class=\"links-link ext new-link\" href=\"\/node\/113429\" target=\"_blank\">neuf jours de cong&eacute; pay&eacute; par ann&eacute;e<\/a>. C&rsquo;est ce qu&rsquo;on appelle des jours f&eacute;ri&eacute;s.<\/p>\n<table border=\"1\" cellpadding=\"0\" cellspacing=\"0\">\n<tbody>\n<tr>\n<td>\n<p>Jour de l&rsquo;An<\/p>\n<\/td>\n<td>\n<p>Le 1<sup>er<\/sup>&nbsp;janvier<\/p>\n<\/td>\n<\/tr>\n<tr>\n<td>\n<p>Vendredi saint<\/p>\n<\/td>\n<td>\n<p>Le vendredi pr&eacute;c&eacute;dant le dimanche de P&acirc;ques (mars ou avril)<\/p>\n<\/td>\n<\/tr>\n<tr>\n<td>\n<p>F&ecirc;te de la Reine<\/p>\n<\/td>\n<td>\n<p>Le lundi pr&eacute;c&eacute;dant le 25&nbsp;mai<\/p>\n<\/td>\n<\/tr>\n<tr>\n<td>\n<p>F&ecirc;te du Canada<\/p>\n<\/td>\n<td>\n<p>Le 1<sup>er<\/sup>&nbsp;juillet<\/p>\n<\/td>\n<\/tr>\n<tr>\n<td>\n<p>F&ecirc;te du Travail<\/p>\n<\/td>\n<td>\n<p>Le premier lundi de septembre<\/p>\n<\/td>\n<\/tr>\n<tr>\n<td>\n<p>Action de gr&acirc;ces<\/p>\n<\/td>\n<td>\n<p>Le deuxi&egrave;me lundi d&rsquo;octobre<\/p>\n<\/td>\n<\/tr>\n<tr>\n<td>\n<p>Jour du Souvenir<\/p>\n<\/td>\n<td>\n<p>Le 11&nbsp;novembre<\/p>\n<\/td>\n<\/tr>\n<tr>\n<td>\n<p>Jour de No&euml;l<\/p>\n<\/td>\n<td>\n<p>Le 25&nbsp;d&eacute;cembre<\/p>\n<\/td>\n<\/tr>\n<tr>\n<td>\n<p>Lendemain de No&euml;l<\/p>\n<\/td>\n<td>\n<p>Le 26&nbsp;d&eacute;cembre<\/p>\n<\/td>\n<\/tr>\n<\/tbody>\n<\/table>\n","protected":false},"author":3,"featured_media":0,"template":"","yoast_head":"<!-- This site is optimized with the Yoast SEO plugin v19.14 - https:\/\/yoast.com\/wordpress\/plugins\/seo\/ -->\n<title>Sachez quels jours sont f\u00e9ri\u00e9s selon les lois f\u00e9d\u00e9rales - Steps to justice<\/title>\n<meta name=\"description\" content=\"Le&nbsp;Code canadien du travail&nbsp;accorde &agrave; la plupart des travailleurs, couverts par les lois f&eacute;d&eacute;rales, neuf jours de\" \/>\n<meta name=\"robots\" content=\"noindex, follow, max-snippet:-1, max-image-preview:large, max-video-preview:-1\" \/>\n<meta property=\"og:locale\" content=\"fr_FR\" \/>\n<meta property=\"og:type\" content=\"article\" \/>\n<meta property=\"og:title\" content=\"Sachez quels jours sont f\u00e9ri\u00e9s selon les lois f\u00e9d\u00e9rales - Steps to justice\" \/>\n<meta property=\"og:description\" content=\"Le&nbsp;Code canadien du travail&nbsp;accorde &agrave; la plupart des travailleurs, couverts par les lois f&eacute;d&eacute;rales, neuf jours de\" \/>\n<meta property=\"og:url\" content=\"https:\/\/newsite.stepstojustice.ca\/fr\/steps\/employment-and-work\/sachez-quels-jours-sont-f\u00e9ri\u00e9s-selon-les-lois-f\u00e9d\u00e9rales\/\" \/>\n<meta property=\"og:site_name\" content=\"Steps to justice\" \/>\n<meta property=\"article:modified_time\" content=\"2018-07-30T12:50:37+00:00\" \/>\n<meta name=\"twitter:card\" content=\"summary_large_image\" \/>\n<meta name=\"twitter:label1\" content=\"Dur\u00e9e de lecture estim\u00e9e\" \/>\n\t<meta name=\"twitter:data1\" content=\"1 minute\" \/>\n<script type=\"application\/ld+json\" class=\"yoast-schema-graph\">{\"@context\":\"https:\/\/schema.org\",\"@graph\":[{\"@type\":\"WebPage\",\"@id\":\"https:\/\/newsite.stepstojustice.ca\/fr\/steps\/employment-and-work\/sachez-quels-jours-sont-f\u00e9ri\u00e9s-selon-les-lois-f\u00e9d\u00e9rales\/\",\"url\":\"https:\/\/newsite.stepstojustice.ca\/fr\/steps\/employment-and-work\/sachez-quels-jours-sont-f\u00e9ri\u00e9s-selon-les-lois-f\u00e9d\u00e9rales\/\",\"name\":\"Sachez quels jours sont f\u00e9ri\u00e9s selon les lois f\u00e9d\u00e9rales - Steps to justice\",\"isPartOf\":{\"@id\":\"https:\/\/newsite.stepstojustice.ca\/fr\/#website\"},\"datePublished\":\"-0001-11-30T00:00:00+00:00\",\"dateModified\":\"2018-07-30T12:50:37+00:00\",\"description\":\"Le&nbsp;Code canadien du travail&nbsp;accorde &agrave; la plupart des travailleurs, couverts par les lois f&eacute;d&eacute;rales, neuf jours de\",\"breadcrumb\":{\"@id\":\"https:\/\/newsite.stepstojustice.ca\/fr\/steps\/employment-and-work\/sachez-quels-jours-sont-f\u00e9ri\u00e9s-selon-les-lois-f\u00e9d\u00e9rales\/#breadcrumb\"},\"inLanguage\":\"fr-FR\",\"potentialAction\":[{\"@type\":\"ReadAction\",\"target\":[\"https:\/\/newsite.stepstojustice.ca\/fr\/steps\/employment-and-work\/sachez-quels-jours-sont-f\u00e9ri\u00e9s-selon-les-lois-f\u00e9d\u00e9rales\/\"]}]},{\"@type\":\"BreadcrumbList\",\"@id\":\"https:\/\/newsite.stepstojustice.ca\/fr\/steps\/employment-and-work\/sachez-quels-jours-sont-f\u00e9ri\u00e9s-selon-les-lois-f\u00e9d\u00e9rales\/#breadcrumb\",\"itemListElement\":[{\"@type\":\"ListItem\",\"position\":1,\"name\":\"Home\",\"item\":\"https:\/\/newsite.stepstojustice.ca\/fr\/\"},{\"@type\":\"ListItem\",\"position\":2,\"name\":\"Next steps\",\"item\":\"https:\/\/newsite.stepstojustice.ca\/steps\/\"},{\"@type\":\"ListItem\",\"position\":3,\"name\":\"Sachez quels jours sont f\u00e9ri\u00e9s selon les lois f\u00e9d\u00e9rales\"}]},{\"@type\":\"WebSite\",\"@id\":\"https:\/\/newsite.stepstojustice.ca\/fr\/#website\",\"url\":\"https:\/\/newsite.stepstojustice.ca\/fr\/\",\"name\":\"Steps to justice\",\"description\":\"Step-by-step information about legal problems\",\"potentialAction\":[{\"@type\":\"SearchAction\",\"target\":{\"@type\":\"EntryPoint\",\"urlTemplate\":\"https:\/\/newsite.stepstojustice.ca\/fr\/?s={search_term_string}\"},\"query-input\":\"required name=search_term_string\"}],\"inLanguage\":\"fr-FR\"}]}<\/script>\n<!-- \/ Yoast SEO plugin. -->","yoast_head_json":{"title":"Sachez quels jours sont f\u00e9ri\u00e9s selon les lois f\u00e9d\u00e9rales - Steps to justice","description":"Le&nbsp;Code canadien du travail&nbsp;accorde &agrave; la plupart des travailleurs, couverts par les lois f&eacute;d&eacute;rales, neuf jours de","robots":{"index":"noindex","follow":"follow","max-snippet":"max-snippet:-1","max-image-preview":"max-image-preview:large","max-video-preview":"max-video-preview:-1"},"og_locale":"fr_FR","og_type":"article","og_title":"Sachez quels jours sont f\u00e9ri\u00e9s selon les lois f\u00e9d\u00e9rales - Steps to justice","og_description":"Le&nbsp;Code canadien du travail&nbsp;accorde &agrave; la plupart des travailleurs, couverts par les lois f&eacute;d&eacute;rales, neuf jours de","og_url":"https:\/\/newsite.stepstojustice.ca\/fr\/steps\/employment-and-work\/sachez-quels-jours-sont-f\u00e9ri\u00e9s-selon-les-lois-f\u00e9d\u00e9rales\/","og_site_name":"Steps to justice","article_modified_time":"2018-07-30T12:50:37+00:00","twitter_card":"summary_large_image","twitter_misc":{"Dur\u00e9e de lecture estim\u00e9e":"1 minute"},"schema":{"@context":"https:\/\/schema.org","@graph":[{"@type":"WebPage","@id":"https:\/\/newsite.stepstojustice.ca\/fr\/steps\/employment-and-work\/sachez-quels-jours-sont-f\u00e9ri\u00e9s-selon-les-lois-f\u00e9d\u00e9rales\/","url":"https:\/\/newsite.stepstojustice.ca\/fr\/steps\/employment-and-work\/sachez-quels-jours-sont-f\u00e9ri\u00e9s-selon-les-lois-f\u00e9d\u00e9rales\/","name":"Sachez quels jours sont f\u00e9ri\u00e9s selon les lois f\u00e9d\u00e9rales - Steps to justice","isPartOf":{"@id":"https:\/\/newsite.stepstojustice.ca\/fr\/#website"},"datePublished":"-0001-11-30T00:00:00+00:00","dateModified":"2018-07-30T12:50:37+00:00","description":"Le&nbsp;Code canadien du travail&nbsp;accorde &agrave; la plupart des travailleurs, couverts par les lois f&eacute;d&eacute;rales, neuf jours de","breadcrumb":{"@id":"https:\/\/newsite.stepstojustice.ca\/fr\/steps\/employment-and-work\/sachez-quels-jours-sont-f\u00e9ri\u00e9s-selon-les-lois-f\u00e9d\u00e9rales\/#breadcrumb"},"inLanguage":"fr-FR","potentialAction":[{"@type":"ReadAction","target":["https:\/\/newsite.stepstojustice.ca\/fr\/steps\/employment-and-work\/sachez-quels-jours-sont-f\u00e9ri\u00e9s-selon-les-lois-f\u00e9d\u00e9rales\/"]}]},{"@type":"BreadcrumbList","@id":"https:\/\/newsite.stepstojustice.ca\/fr\/steps\/employment-and-work\/sachez-quels-jours-sont-f\u00e9ri\u00e9s-selon-les-lois-f\u00e9d\u00e9rales\/#breadcrumb","itemListElement":[{"@type":"ListItem","position":1,"name":"Home","item":"https:\/\/newsite.stepstojustice.ca\/fr\/"},{"@type":"ListItem","position":2,"name":"Next steps","item":"https:\/\/newsite.stepstojustice.ca\/steps\/"},{"@type":"ListItem","position":3,"name":"Sachez quels jours sont f\u00e9ri\u00e9s selon les lois f\u00e9d\u00e9rales"}]},{"@type":"WebSite","@id":"https:\/\/newsite.stepstojustice.ca\/fr\/#website","url":"https:\/\/newsite.stepstojustice.ca\/fr\/","name":"Steps to justice","description":"Step-by-step information about legal problems","potentialAction":[{"@type":"SearchAction","target":{"@type":"EntryPoint","urlTemplate":"https:\/\/newsite.stepstojustice.ca\/fr\/?s={search_term_string}"},"query-input":"required name=search_term_string"}],"inLanguage":"fr-FR"}]}},"meta_box":{"questions_to_steps_from":["1171609"]},"_links":{"self":[{"href":"https:\/\/newsite.stepstojustice.ca\/fr\/wp-json\/wp\/v2\/steps\/1177313"}],"collection":[{"href":"https:\/\/newsite.stepstojustice.ca\/fr\/wp-json\/wp\/v2\/steps"}],"about":[{"href":"https:\/\/newsite.stepstojustice.ca\/fr\/wp-json\/wp\/v2\/types\/steps"}],"author":[{"embeddable":true,"href":"https:\/\/newsite.stepstojustice.ca\/fr\/wp-json\/wp\/v2\/users\/3"}],"version-history":[{"count":0,"href":"https:\/\/newsite.stepstojustice.ca\/fr\/wp-json\/wp\/v2\/steps\/1177313\/revisions"}],"wp:attachment":[{"href":"https:\/\/newsite.stepstojustice.ca\/fr\/wp-json\/wp\/v2\/media?parent=1177313"}],"curies":[{"name":"wp","href":"https:\/\/api.w.org\/{rel}","templated":true}]}}

sachez-quels-jours-sont-fériés-selon-les-lois-fédérales

https://newsite.stepstojustice.ca/fr/steps/employment-and-work/sachez-quels-jours-sont-fériés-selon-les-lois-fédérales/

Sachez quels jours sont fériés selon les lois fédérales

<!-- This site is optimized with the Yoast SEO plugin v19.14 - https://yoast.com/wordpress/plugins/seo/ -->
<title>Sachez quels jours sont fériés selon les lois fédérales - Steps to justice</title>
<meta name="description" content="Le&nbsp;Code canadien du travail&nbsp;accorde &agrave; la plupart des travailleurs, couverts par les lois f&eacute;d&eacute;rales, neuf jours de" />
<meta name="robots" content="noindex, follow, max-snippet:-1, max-image-preview:large, max-video-preview:-1" />
<meta property="og:locale" content="fr_FR" />
<meta property="og:type" content="article" />
<meta property="og:title" content="Sachez quels jours sont fériés selon les lois fédérales - Steps to justice" />
<meta property="og:description" content="Le&nbsp;Code canadien du travail&nbsp;accorde &agrave; la plupart des travailleurs, couverts par les lois f&eacute;d&eacute;rales, neuf jours de" />
<meta property="og:url" content="https://newsite.stepstojustice.ca/fr/steps/employment-and-work/sachez-quels-jours-sont-fériés-selon-les-lois-fédérales/" />
<meta property="og:site_name" content="Steps to justice" />
<meta property="article:modified_time" content="2018-07-30T12:50:37+00:00" />
<meta name="twitter:card" content="summary_large_image" />
<meta name="twitter:label1" content="Durée de lecture estimée" />
	<meta name="twitter:data1" content="1 minute" />
<script type="application/ld+json" class="yoast-schema-graph">{"@context":"https://schema.org","@graph":[{"@type":"WebPage","@id":"https://newsite.stepstojustice.ca/fr/steps/employment-and-work/sachez-quels-jours-sont-fériés-selon-les-lois-fédérales/","url":"https://newsite.stepstojustice.ca/fr/steps/employment-and-work/sachez-quels-jours-sont-fériés-selon-les-lois-fédérales/","name":"Sachez quels jours sont fériés selon les lois fédérales - Steps to justice","isPartOf":{"@id":"https://newsite.stepstojustice.ca/fr/#website"},"datePublished":"-0001-11-30T00:00:00+00:00","dateModified":"2018-07-30T12:50:37+00:00","description":"Le&nbsp;Code canadien du travail&nbsp;accorde &agrave; la plupart des travailleurs, couverts par les lois f&eacute;d&eacute;rales, neuf jours de","breadcrumb":{"@id":"https://newsite.stepstojustice.ca/fr/steps/employment-and-work/sachez-quels-jours-sont-fériés-selon-les-lois-fédérales/#breadcrumb"},"inLanguage":"fr-FR","potentialAction":[{"@type":"ReadAction","target":["https://newsite.stepstojustice.ca/fr/steps/employment-and-work/sachez-quels-jours-sont-fériés-selon-les-lois-fédérales/"]}]},{"@type":"BreadcrumbList","@id":"https://newsite.stepstojustice.ca/fr/steps/employment-and-work/sachez-quels-jours-sont-fériés-selon-les-lois-fédérales/#breadcrumb","itemListElement":[{"@type":"ListItem","position":1,"name":"Home","item":"https://newsite.stepstojustice.ca/fr/"},{"@type":"ListItem","position":2,"name":"Next steps","item":"https://newsite.stepstojustice.ca/steps/"},{"@type":"ListItem","position":3,"name":"Sachez quels jours sont fériés selon les lois fédérales"}]},{"@type":"WebSite","@id":"https://newsite.stepstojustice.ca/fr/#website","url":"https://newsite.stepstojustice.ca/fr/","name":"Steps to justice","description":"Step-by-step information about legal problems","potentialAction":[{"@type":"SearchAction","target":{"@type":"EntryPoint","urlTemplate":"https://newsite.stepstojustice.ca/fr/?s={search_term_string}"},"query-input":"required name=search_term_string"}],"inLanguage":"fr-FR"}]}</script>
<!-- / Yoast SEO plugin. -->

Sachez quels jours sont fériés selon les lois fédérales - Steps to justice

https://newsite.stepstojustice.ca/fr/steps/employment-and-work/sachez-quels-jours-sont-fériés-selon-les-lois-fédérales/#breadcrumb
