{"id":1177194,"date":"2017-12-07T14:06:23","date_gmt":"2017-12-07T19:06:23","guid":{"rendered":""},"modified":"2020-12-10T16:02:25","modified_gmt":"2020-12-10T16:02:25","slug":"v\u00e9rifiez-si-le-taux-l\u00e9gal-daugmentation-des-loyers-sapplique-\u00e0-votre-logement","status":"publish","type":"steps","link":"https:\/\/newsite.stepstojustice.ca\/fr\/steps\/housing-law\/v\u00e9rifiez-si-le-taux-l\u00e9gal-daugmentation-des-loyers-sapplique-\u00e0-votre-logement\/","title":{"rendered":"V\u00e9rifiez si le taux l\u00e9gal d&rsquo;augmentation des loyers s&rsquo;applique \u00e0 votre logement"},"content":{"rendered":"<p>Lorsque vous louez un logement, il est important de v\u00e9rifier si vous serez prot\u00e9g\u00e9 par le taux l\u00e9gal d\u2019augmentation des loyers. C\u2019est le cas pour la plupart des logements. Le propri\u00e9taire peut alors augmenter le loyer seulement d\u2019un certain pourcentage par ann\u00e9e.<\/p>\n<p>Vous n&rsquo;\u00eates <strong>pas<\/strong> couvert par la ligne directrice si vous louez un&nbsp;logement&nbsp;<a class=\"ylr-glossary-term\" rel=\"100133-100231\">subventionn\u00e9<\/a>, qu\u2019on appelle aussi des logements \u00e0 loyer index\u00e9 sur le revenu. Les logements \u00e0 loyer index\u00e9s sont r\u00e9gis par des r\u00e8gles diff\u00e9rentes concernant le montant du loyer ou le d\u00e9lai stipul\u00e9 dans l\u2019avis d\u2019augmentation du loyer. Votre loyer est alors d\u00e9termin\u00e9 suivant d\u2019autres r\u00e8gles, habituellement en fonction de la taille de votre famille et du revenu de votre m\u00e9nage.<\/p>\n<p>Certaines unit\u00e9s locatives plus r\u00e9centes ne sont pas couvertes.&nbsp;Vous n&rsquo;\u00eates pas couvert par la directive si votre logement&nbsp;est: &nbsp;<\/p>\n<ul>\n<li>dans un immeuble, un parc de maisons mobiles ou une communaut\u00e9 \u00e0 <a href=\"https:\/\/stepstojustice.ca\/fr\/glossary\/maison-\u00e0-bail-foncier\">baux&nbsp;fonciers<\/a>&nbsp;qui a \u00e9t\u00e9 occup\u00e9e&nbsp;pour la premi\u00e8re fois \u00e0 des fins r\u00e9sidentielles apr\u00e8s le 15 novembre 2018;<\/li>\n<li>dans un rajout \u00e0 un immeuble, un parc de maisons mobiles ou une communaut\u00e9 \u00e0 baux&nbsp;fonciers, et le rajout a \u00e9t\u00e9 occup\u00e9 pour la premi\u00e8re fois \u00e0 des fins r\u00e9sidentielles apr\u00e8s le 15 novembre 2018;&nbsp;ou&nbsp;<\/li>\n<li>une unit\u00e9 autonome cr\u00e9\u00e9e apr\u00e8s le 15 novembre 2018 dans une maison qui ne contenait pas plus de deux unit\u00e9s d&rsquo;habitation \u00e0 tout moment jusqu&rsquo;au 15 novembre 2018 et qui satisfait&nbsp;\u00e0 certaines <a class=\"links-link ext\" href=\"\/fr\/links\/autres-exigences\" target=\"_blank\">autres exigences<\/a>.<\/li>\n<\/ul>\n<p>Vous n&rsquo;\u00eates pas non plus couvert par la ligne directrice si vous partagez une cuisine ou une salle de bain avec le propri\u00e9taire ou les membres de sa famille proche. Votre propri\u00e9taire peut augmenter votre loyer autant qu&rsquo;il le souhaite et quand bon lui semble, sauf si votre convention de <span class=\"ylr-glossary-term\">location<\/span> stipule qu\u2019il ne peut pas.<\/p>\n<p>Chaque ann\u00e9e, au plus tard \u00e0 la fin du mois d\u2019ao\u00fbt, le gouvernement annonce le taux l\u00e9gal pour l\u2019ann\u00e9e civile suivante. Pour l&rsquo;ann\u00e9e 2020, le montant indicatif est de 2,2%. En&nbsp;2018 et 2019, il \u00e9tait de 1,8%.<\/p>\n<h3>Gel des loyers en 2021&nbsp;<\/h3>\n<p>Le gouvernement a annonc\u00e9 que la ligne directrice pour l&rsquo;ann\u00e9e 2021 sera de z\u00e9ro pour cent.&nbsp;Cela signifie que votre propri\u00e9taire ne peut pas du tout augmenter votre loyer du 1er janvier 2021 au 31 d\u00e9cembre 2021.&nbsp;<\/p>\n<p>Votre propri\u00e9taire est autoris\u00e9 \u00e0 vous donner un&nbsp;<strong>avis<\/strong> d&rsquo;augmentation de loyer en 2021, mais l&rsquo;augmentation ne peut pas commencer avant le 1er janvier 2022.&nbsp;<\/p>\n<p>Ce gel des loyers s&rsquo;appliquera \u00e9galement aux logements plus r\u00e9cents qui ne sont normalement pas couverts par la ligne directrice. Ainsi, m\u00eame si votre immeuble a \u00e9t\u00e9 occup\u00e9 pour la premi\u00e8re fois ou si votre logement a \u00e9t\u00e9 cr\u00e9\u00e9 apr\u00e8s le 15 novembre 2018, votre propri\u00e9taire ne peut pas augmenter votre loyer en 2021.<\/p>\n<p>Le gel s&rsquo;applique \u00e9galement aux locataires de logements \u00e0 loyer index\u00e9 sur le revenu&nbsp;et \u00e0 ceux qui paient un loyer \u00abdu march\u00e9\u00bb dans un logement communautaire ou subventionn\u00e9.<\/p>\n","protected":false},"author":3,"featured_media":0,"template":"","yoast_head":"<!-- This site is optimized with the Yoast SEO plugin v19.14 - https:\/\/yoast.com\/wordpress\/plugins\/seo\/ -->\n<title>V\u00e9rifiez si le taux l\u00e9gal d&#039;augmentation des loyers s&#039;applique \u00e0 votre logement - Steps to justice<\/title>\n<meta name=\"description\" content=\"Lorsque vous louez un logement, il est important de v\u00e9rifier si vous serez prot\u00e9g\u00e9 par le taux l\u00e9gal d\u2019augmentation des loyers. C\u2019est le cas pour la\" \/>\n<meta name=\"robots\" content=\"noindex, follow, max-snippet:-1, max-image-preview:large, max-video-preview:-1\" \/>\n<meta property=\"og:locale\" content=\"fr_FR\" \/>\n<meta property=\"og:type\" content=\"article\" \/>\n<meta property=\"og:title\" content=\"V\u00e9rifiez si le taux l\u00e9gal d&#039;augmentation des loyers s&#039;applique \u00e0 votre logement - Steps to justice\" \/>\n<meta property=\"og:description\" content=\"Lorsque vous louez un logement, il est important de v\u00e9rifier si vous serez prot\u00e9g\u00e9 par le taux l\u00e9gal d\u2019augmentation des loyers. C\u2019est le cas pour la\" \/>\n<meta property=\"og:url\" content=\"https:\/\/newsite.stepstojustice.ca\/fr\/steps\/housing-law\/v\u00e9rifiez-si-le-taux-l\u00e9gal-daugmentation-des-loyers-sapplique-\u00e0-votre-logement\/\" \/>\n<meta property=\"og:site_name\" content=\"Steps to justice\" \/>\n<meta property=\"article:modified_time\" content=\"2020-12-10T16:02:25+00:00\" \/>\n<meta name=\"twitter:card\" content=\"summary_large_image\" \/>\n<meta name=\"twitter:label1\" content=\"Dur\u00e9e de lecture estim\u00e9e\" \/>\n\t<meta name=\"twitter:data1\" content=\"3 minutes\" \/>\n<script type=\"application\/ld+json\" class=\"yoast-schema-graph\">{\"@context\":\"https:\/\/schema.org\",\"@graph\":[{\"@type\":\"WebPage\",\"@id\":\"https:\/\/newsite.stepstojustice.ca\/fr\/steps\/housing-law\/v\u00e9rifiez-si-le-taux-l\u00e9gal-daugmentation-des-loyers-sapplique-\u00e0-votre-logement\/\",\"url\":\"https:\/\/newsite.stepstojustice.ca\/fr\/steps\/housing-law\/v\u00e9rifiez-si-le-taux-l\u00e9gal-daugmentation-des-loyers-sapplique-\u00e0-votre-logement\/\",\"name\":\"V\u00e9rifiez si le taux l\u00e9gal d'augmentation des loyers s'applique \u00e0 votre logement - Steps to justice\",\"isPartOf\":{\"@id\":\"https:\/\/newsite.stepstojustice.ca\/fr\/#website\"},\"datePublished\":\"-0001-11-30T00:00:00+00:00\",\"dateModified\":\"2020-12-10T16:02:25+00:00\",\"description\":\"Lorsque vous louez un logement, il est important de v\u00e9rifier si vous serez prot\u00e9g\u00e9 par le taux l\u00e9gal d\u2019augmentation des loyers. C\u2019est le cas pour la\",\"breadcrumb\":{\"@id\":\"https:\/\/newsite.stepstojustice.ca\/fr\/steps\/housing-law\/v\u00e9rifiez-si-le-taux-l\u00e9gal-daugmentation-des-loyers-sapplique-\u00e0-votre-logement\/#breadcrumb\"},\"inLanguage\":\"fr-FR\",\"potentialAction\":[{\"@type\":\"ReadAction\",\"target\":[\"https:\/\/newsite.stepstojustice.ca\/fr\/steps\/housing-law\/v\u00e9rifiez-si-le-taux-l\u00e9gal-daugmentation-des-loyers-sapplique-\u00e0-votre-logement\/\"]}]},{\"@type\":\"BreadcrumbList\",\"@id\":\"https:\/\/newsite.stepstojustice.ca\/fr\/steps\/housing-law\/v\u00e9rifiez-si-le-taux-l\u00e9gal-daugmentation-des-loyers-sapplique-\u00e0-votre-logement\/#breadcrumb\",\"itemListElement\":[{\"@type\":\"ListItem\",\"position\":1,\"name\":\"Home\",\"item\":\"https:\/\/newsite.stepstojustice.ca\/fr\/\"},{\"@type\":\"ListItem\",\"position\":2,\"name\":\"Next steps\",\"item\":\"https:\/\/newsite.stepstojustice.ca\/steps\/\"},{\"@type\":\"ListItem\",\"position\":3,\"name\":\"V\u00e9rifiez si le taux l\u00e9gal d&rsquo;augmentation des loyers s&rsquo;applique \u00e0 votre logement\"}]},{\"@type\":\"WebSite\",\"@id\":\"https:\/\/newsite.stepstojustice.ca\/fr\/#website\",\"url\":\"https:\/\/newsite.stepstojustice.ca\/fr\/\",\"name\":\"Steps to justice\",\"description\":\"Step-by-step information about legal problems\",\"potentialAction\":[{\"@type\":\"SearchAction\",\"target\":{\"@type\":\"EntryPoint\",\"urlTemplate\":\"https:\/\/newsite.stepstojustice.ca\/fr\/?s={search_term_string}\"},\"query-input\":\"required name=search_term_string\"}],\"inLanguage\":\"fr-FR\"}]}<\/script>\n<!-- \/ Yoast SEO plugin. -->","yoast_head_json":{"title":"V\u00e9rifiez si le taux l\u00e9gal d'augmentation des loyers s'applique \u00e0 votre logement - Steps to justice","description":"Lorsque vous louez un logement, il est important de v\u00e9rifier si vous serez prot\u00e9g\u00e9 par le taux l\u00e9gal d\u2019augmentation des loyers. C\u2019est le cas pour la","robots":{"index":"noindex","follow":"follow","max-snippet":"max-snippet:-1","max-image-preview":"max-image-preview:large","max-video-preview":"max-video-preview:-1"},"og_locale":"fr_FR","og_type":"article","og_title":"V\u00e9rifiez si le taux l\u00e9gal d'augmentation des loyers s'applique \u00e0 votre logement - Steps to justice","og_description":"Lorsque vous louez un logement, il est important de v\u00e9rifier si vous serez prot\u00e9g\u00e9 par le taux l\u00e9gal d\u2019augmentation des loyers. C\u2019est le cas pour la","og_url":"https:\/\/newsite.stepstojustice.ca\/fr\/steps\/housing-law\/v\u00e9rifiez-si-le-taux-l\u00e9gal-daugmentation-des-loyers-sapplique-\u00e0-votre-logement\/","og_site_name":"Steps to justice","article_modified_time":"2020-12-10T16:02:25+00:00","twitter_card":"summary_large_image","twitter_misc":{"Dur\u00e9e de lecture estim\u00e9e":"3 minutes"},"schema":{"@context":"https:\/\/schema.org","@graph":[{"@type":"WebPage","@id":"https:\/\/newsite.stepstojustice.ca\/fr\/steps\/housing-law\/v\u00e9rifiez-si-le-taux-l\u00e9gal-daugmentation-des-loyers-sapplique-\u00e0-votre-logement\/","url":"https:\/\/newsite.stepstojustice.ca\/fr\/steps\/housing-law\/v\u00e9rifiez-si-le-taux-l\u00e9gal-daugmentation-des-loyers-sapplique-\u00e0-votre-logement\/","name":"V\u00e9rifiez si le taux l\u00e9gal d'augmentation des loyers s'applique \u00e0 votre logement - Steps to justice","isPartOf":{"@id":"https:\/\/newsite.stepstojustice.ca\/fr\/#website"},"datePublished":"-0001-11-30T00:00:00+00:00","dateModified":"2020-12-10T16:02:25+00:00","description":"Lorsque vous louez un logement, il est important de v\u00e9rifier si vous serez prot\u00e9g\u00e9 par le taux l\u00e9gal d\u2019augmentation des loyers. C\u2019est le cas pour la","breadcrumb":{"@id":"https:\/\/newsite.stepstojustice.ca\/fr\/steps\/housing-law\/v\u00e9rifiez-si-le-taux-l\u00e9gal-daugmentation-des-loyers-sapplique-\u00e0-votre-logement\/#breadcrumb"},"inLanguage":"fr-FR","potentialAction":[{"@type":"ReadAction","target":["https:\/\/newsite.stepstojustice.ca\/fr\/steps\/housing-law\/v\u00e9rifiez-si-le-taux-l\u00e9gal-daugmentation-des-loyers-sapplique-\u00e0-votre-logement\/"]}]},{"@type":"BreadcrumbList","@id":"https:\/\/newsite.stepstojustice.ca\/fr\/steps\/housing-law\/v\u00e9rifiez-si-le-taux-l\u00e9gal-daugmentation-des-loyers-sapplique-\u00e0-votre-logement\/#breadcrumb","itemListElement":[{"@type":"ListItem","position":1,"name":"Home","item":"https:\/\/newsite.stepstojustice.ca\/fr\/"},{"@type":"ListItem","position":2,"name":"Next steps","item":"https:\/\/newsite.stepstojustice.ca\/steps\/"},{"@type":"ListItem","position":3,"name":"V\u00e9rifiez si le taux l\u00e9gal d&rsquo;augmentation des loyers s&rsquo;applique \u00e0 votre logement"}]},{"@type":"WebSite","@id":"https:\/\/newsite.stepstojustice.ca\/fr\/#website","url":"https:\/\/newsite.stepstojustice.ca\/fr\/","name":"Steps to justice","description":"Step-by-step information about legal problems","potentialAction":[{"@type":"SearchAction","target":{"@type":"EntryPoint","urlTemplate":"https:\/\/newsite.stepstojustice.ca\/fr\/?s={search_term_string}"},"query-input":"required name=search_term_string"}],"inLanguage":"fr-FR"}]}},"meta_box":{"questions_to_steps_from":["1171652"]},"_links":{"self":[{"href":"https:\/\/newsite.stepstojustice.ca\/fr\/wp-json\/wp\/v2\/steps\/1177194"}],"collection":[{"href":"https:\/\/newsite.stepstojustice.ca\/fr\/wp-json\/wp\/v2\/steps"}],"about":[{"href":"https:\/\/newsite.stepstojustice.ca\/fr\/wp-json\/wp\/v2\/types\/steps"}],"author":[{"embeddable":true,"href":"https:\/\/newsite.stepstojustice.ca\/fr\/wp-json\/wp\/v2\/users\/3"}],"version-history":[{"count":0,"href":"https:\/\/newsite.stepstojustice.ca\/fr\/wp-json\/wp\/v2\/steps\/1177194\/revisions"}],"wp:attachment":[{"href":"https:\/\/newsite.stepstojustice.ca\/fr\/wp-json\/wp\/v2\/media?parent=1177194"}],"curies":[{"name":"wp","href":"https:\/\/api.w.org\/{rel}","templated":true}]}}

vérifiez-si-le-taux-légal-daugmentation-des-loyers-sapplique-à-votre-logement

https://newsite.stepstojustice.ca/fr/steps/housing-law/vérifiez-si-le-taux-légal-daugmentation-des-loyers-sapplique-à-votre-logement/

Vérifiez si le taux légal d&rsquo;augmentation des loyers s&rsquo;applique à votre logement

<p>Lorsque vous louez un logement, il est important de vérifier si vous serez protégé par le taux légal d’augmentation des loyers. C’est le cas pour la plupart des logements. Le propriétaire peut alors augmenter le loyer seulement d’un certain pourcentage par année.</p>
<p>Vous n&rsquo;êtes <strong>pas</strong> couvert par la ligne directrice si vous louez un&nbsp;logement&nbsp;<a class="ylr-glossary-term" rel="100133-100231">subventionné</a>, qu’on appelle aussi des logements à loyer indexé sur le revenu. Les logements à loyer indexés sont régis par des règles différentes concernant le montant du loyer ou le délai stipulé dans l’avis d’augmentation du loyer. Votre loyer est alors déterminé suivant d’autres règles, habituellement en fonction de la taille de votre famille et du revenu de votre ménage.</p>
<p>Certaines unités locatives plus récentes ne sont pas couvertes.&nbsp;Vous n&rsquo;êtes pas couvert par la directive si votre logement&nbsp;est: &nbsp;</p>
<ul>
<li>dans un immeuble, un parc de maisons mobiles ou une communauté à <a href="https://stepstojustice.ca/fr/glossary/maison-à-bail-foncier">baux&nbsp;fonciers</a>&nbsp;qui a été occupée&nbsp;pour la première fois à des fins résidentielles après le 15 novembre 2018;</li>
<li>dans un rajout à un immeuble, un parc de maisons mobiles ou une communauté à baux&nbsp;fonciers, et le rajout a été occupé pour la première fois à des fins résidentielles après le 15 novembre 2018;&nbsp;ou&nbsp;</li>
<li>une unité autonome créée après le 15 novembre 2018 dans une maison qui ne contenait pas plus de deux unités d&rsquo;habitation à tout moment jusqu&rsquo;au 15 novembre 2018 et qui satisfait&nbsp;à certaines <a class="links-link ext" href="/fr/links/autres-exigences" target="_blank">autres exigences</a>.</li>
</ul>
<p>Vous n&rsquo;êtes pas non plus couvert par la ligne directrice si vous partagez une cuisine ou une salle de bain avec le propriétaire ou les membres de sa famille proche. Votre propriétaire peut augmenter votre loyer autant qu&rsquo;il le souhaite et quand bon lui semble, sauf si votre convention de <span class="ylr-glossary-term">location</span> stipule qu’il ne peut pas.</p>
<p>Chaque année, au plus tard à la fin du mois d’août, le gouvernement annonce le taux légal pour l’année civile suivante. Pour l&rsquo;année 2020, le montant indicatif est de 2,2%. En&nbsp;2018 et 2019, il était de 1,8%.</p>
<h3>Gel des loyers en 2021&nbsp;</h3>
<p>Le gouvernement a annoncé que la ligne directrice pour l&rsquo;année 2021 sera de zéro pour cent.&nbsp;Cela signifie que votre propriétaire ne peut pas du tout augmenter votre loyer du 1er janvier 2021 au 31 décembre 2021.&nbsp;</p>
<p>Votre propriétaire est autorisé à vous donner un&nbsp;<strong>avis</strong> d&rsquo;augmentation de loyer en 2021, mais l&rsquo;augmentation ne peut pas commencer avant le 1er janvier 2022.&nbsp;</p>
<p>Ce gel des loyers s&rsquo;appliquera également aux logements plus récents qui ne sont normalement pas couverts par la ligne directrice. Ainsi, même si votre immeuble a été occupé pour la première fois ou si votre logement a été créé après le 15 novembre 2018, votre propriétaire ne peut pas augmenter votre loyer en 2021.</p>
<p>Le gel s&rsquo;applique également aux locataires de logements à loyer indexé sur le revenu&nbsp;et à ceux qui paient un loyer «du marché» dans un logement communautaire ou subventionné.</p>

<!-- This site is optimized with the Yoast SEO plugin v19.14 - https://yoast.com/wordpress/plugins/seo/ -->
<title>Vérifiez si le taux légal d&#039;augmentation des loyers s&#039;applique à votre logement - Steps to justice</title>
<meta name="description" content="Lorsque vous louez un logement, il est important de vérifier si vous serez protégé par le taux légal d’augmentation des loyers. C’est le cas pour la" />
<meta name="robots" content="noindex, follow, max-snippet:-1, max-image-preview:large, max-video-preview:-1" />
<meta property="og:locale" content="fr_FR" />
<meta property="og:type" content="article" />
<meta property="og:title" content="Vérifiez si le taux légal d&#039;augmentation des loyers s&#039;applique à votre logement - Steps to justice" />
<meta property="og:description" content="Lorsque vous louez un logement, il est important de vérifier si vous serez protégé par le taux légal d’augmentation des loyers. C’est le cas pour la" />
<meta property="og:url" content="https://newsite.stepstojustice.ca/fr/steps/housing-law/vérifiez-si-le-taux-légal-daugmentation-des-loyers-sapplique-à-votre-logement/" />
<meta property="og:site_name" content="Steps to justice" />
<meta property="article:modified_time" content="2020-12-10T16:02:25+00:00" />
<meta name="twitter:card" content="summary_large_image" />
<meta name="twitter:label1" content="Durée de lecture estimée" />
	<meta name="twitter:data1" content="3 minutes" />
<script type="application/ld+json" class="yoast-schema-graph">{"@context":"https://schema.org","@graph":[{"@type":"WebPage","@id":"https://newsite.stepstojustice.ca/fr/steps/housing-law/vérifiez-si-le-taux-légal-daugmentation-des-loyers-sapplique-à-votre-logement/","url":"https://newsite.stepstojustice.ca/fr/steps/housing-law/vérifiez-si-le-taux-légal-daugmentation-des-loyers-sapplique-à-votre-logement/","name":"Vérifiez si le taux légal d'augmentation des loyers s'applique à votre logement - Steps to justice","isPartOf":{"@id":"https://newsite.stepstojustice.ca/fr/#website"},"datePublished":"-0001-11-30T00:00:00+00:00","dateModified":"2020-12-10T16:02:25+00:00","description":"Lorsque vous louez un logement, il est important de vérifier si vous serez protégé par le taux légal d’augmentation des loyers. C’est le cas pour la","breadcrumb":{"@id":"https://newsite.stepstojustice.ca/fr/steps/housing-law/vérifiez-si-le-taux-légal-daugmentation-des-loyers-sapplique-à-votre-logement/#breadcrumb"},"inLanguage":"fr-FR","potentialAction":[{"@type":"ReadAction","target":["https://newsite.stepstojustice.ca/fr/steps/housing-law/vérifiez-si-le-taux-légal-daugmentation-des-loyers-sapplique-à-votre-logement/"]}]},{"@type":"BreadcrumbList","@id":"https://newsite.stepstojustice.ca/fr/steps/housing-law/vérifiez-si-le-taux-légal-daugmentation-des-loyers-sapplique-à-votre-logement/#breadcrumb","itemListElement":[{"@type":"ListItem","position":1,"name":"Home","item":"https://newsite.stepstojustice.ca/fr/"},{"@type":"ListItem","position":2,"name":"Next steps","item":"https://newsite.stepstojustice.ca/steps/"},{"@type":"ListItem","position":3,"name":"Vérifiez si le taux légal d&rsquo;augmentation des loyers s&rsquo;applique à votre logement"}]},{"@type":"WebSite","@id":"https://newsite.stepstojustice.ca/fr/#website","url":"https://newsite.stepstojustice.ca/fr/","name":"Steps to justice","description":"Step-by-step information about legal problems","potentialAction":[{"@type":"SearchAction","target":{"@type":"EntryPoint","urlTemplate":"https://newsite.stepstojustice.ca/fr/?s={search_term_string}"},"query-input":"required name=search_term_string"}],"inLanguage":"fr-FR"}]}</script>
<!-- / Yoast SEO plugin. -->

Vérifiez si le taux légal d'augmentation des loyers s'applique à votre logement - Steps to justice

Lorsque vous louez un logement, il est important de vérifier si vous serez protégé par le taux légal d’augmentation des loyers. C’est le cas pour la

https://newsite.stepstojustice.ca/fr/steps/housing-law/vérifiez-si-le-taux-légal-daugmentation-des-loyers-sapplique-à-votre-logement/#breadcrumb
