{"id":1176725,"date":"2018-08-17T09:32:10","date_gmt":"2018-08-17T13:32:10","guid":{"rendered":""},"modified":"2018-08-23T15:39:46","modified_gmt":"2018-08-23T15:39:46","slug":"1-renseignez-vous-sur-le-motifs-dun-appel-du-rpc","status":"publish","type":"steps","link":"https:\/\/newsite.stepstojustice.ca\/fr\/steps\/health-and-disability\/1-renseignez-vous-sur-le-motifs-dun-appel-du-rpc\/","title":{"rendered":"1. Renseignez-vous sur le motifs d&rsquo;un appel du RPC"},"content":{"rendered":"<p>Une fois que vous avez envoy\u00e9 votre demande de prestations d&rsquo;invalidit\u00e9 du RPC, vous pourriez recevoir un appel visant \u00e0&nbsp;:<\/p>\n<ul>\n<li>vous expliquer le processus de demande et le processus d\u00e9cisionnel;<\/li>\n<li>r\u00e9pondre \u00e0 vos questions sur le processus de demande;<\/li>\n<li>obtenir l&rsquo;information suppl\u00e9mentaire n\u00e9cessaire \u00e0 la prise d&rsquo;une d\u00e9cision;<\/li>\n<li>demander une \u00e9valuation de votre invalidit\u00e9 par un autre m\u00e9decin.<\/li>\n<\/ul>\n<p>Si le RPC veut qu&rsquo;un autre m\u00e9decin \u00e9value votre invalidit\u00e9, il prendra le rendez-vous pour vous.<\/p>\n<p>Il est possible qu&rsquo;aucun renseignement suppl\u00e9mentaire ne vous soit demand\u00e9. Si votre demande contient l&rsquo;information n\u00e9cessaire, vous recevrez la d\u00e9cision, une fois qu&rsquo;elle sera prise.<\/p>\n","protected":false},"author":3,"featured_media":0,"template":"","yoast_head":"<!-- This site is optimized with the Yoast SEO plugin v19.14 - https:\/\/yoast.com\/wordpress\/plugins\/seo\/ -->\n<title>1. Renseignez-vous sur le motifs d&#039;un appel du RPC - Steps to justice<\/title>\n<meta name=\"description\" content=\"Une fois que vous avez envoy\u00e9 votre demande de prestations d&#039;invalidit\u00e9 du RPC, vous pourriez recevoir un appel visant \u00e0&nbsp;: vous expliquer le\" \/>\n<meta name=\"robots\" content=\"noindex, follow, max-snippet:-1, max-image-preview:large, max-video-preview:-1\" \/>\n<meta property=\"og:locale\" content=\"fr_FR\" \/>\n<meta property=\"og:type\" content=\"article\" \/>\n<meta property=\"og:title\" content=\"1. Renseignez-vous sur le motifs d&#039;un appel du RPC - Steps to justice\" \/>\n<meta property=\"og:description\" content=\"Une fois que vous avez envoy\u00e9 votre demande de prestations d&#039;invalidit\u00e9 du RPC, vous pourriez recevoir un appel visant \u00e0&nbsp;: vous expliquer le\" \/>\n<meta property=\"og:url\" content=\"https:\/\/newsite.stepstojustice.ca\/fr\/steps\/health-and-disability\/1-renseignez-vous-sur-le-motifs-dun-appel-du-rpc\/\" \/>\n<meta property=\"og:site_name\" content=\"Steps to justice\" \/>\n<meta property=\"article:modified_time\" content=\"2018-08-23T15:39:46+00:00\" \/>\n<meta name=\"twitter:card\" content=\"summary_large_image\" \/>\n<meta name=\"twitter:label1\" content=\"Dur\u00e9e de lecture estim\u00e9e\" \/>\n\t<meta name=\"twitter:data1\" content=\"1 minute\" \/>\n<script type=\"application\/ld+json\" class=\"yoast-schema-graph\">{\"@context\":\"https:\/\/schema.org\",\"@graph\":[{\"@type\":\"WebPage\",\"@id\":\"https:\/\/newsite.stepstojustice.ca\/fr\/steps\/health-and-disability\/1-renseignez-vous-sur-le-motifs-dun-appel-du-rpc\/\",\"url\":\"https:\/\/newsite.stepstojustice.ca\/fr\/steps\/health-and-disability\/1-renseignez-vous-sur-le-motifs-dun-appel-du-rpc\/\",\"name\":\"1. Renseignez-vous sur le motifs d'un appel du RPC - Steps to justice\",\"isPartOf\":{\"@id\":\"https:\/\/newsite.stepstojustice.ca\/fr\/#website\"},\"datePublished\":\"-0001-11-30T00:00:00+00:00\",\"dateModified\":\"2018-08-23T15:39:46+00:00\",\"description\":\"Une fois que vous avez envoy\u00e9 votre demande de prestations d'invalidit\u00e9 du RPC, vous pourriez recevoir un appel visant \u00e0&nbsp;: vous expliquer le\",\"breadcrumb\":{\"@id\":\"https:\/\/newsite.stepstojustice.ca\/fr\/steps\/health-and-disability\/1-renseignez-vous-sur-le-motifs-dun-appel-du-rpc\/#breadcrumb\"},\"inLanguage\":\"fr-FR\",\"potentialAction\":[{\"@type\":\"ReadAction\",\"target\":[\"https:\/\/newsite.stepstojustice.ca\/fr\/steps\/health-and-disability\/1-renseignez-vous-sur-le-motifs-dun-appel-du-rpc\/\"]}]},{\"@type\":\"BreadcrumbList\",\"@id\":\"https:\/\/newsite.stepstojustice.ca\/fr\/steps\/health-and-disability\/1-renseignez-vous-sur-le-motifs-dun-appel-du-rpc\/#breadcrumb\",\"itemListElement\":[{\"@type\":\"ListItem\",\"position\":1,\"name\":\"Home\",\"item\":\"https:\/\/newsite.stepstojustice.ca\/fr\/\"},{\"@type\":\"ListItem\",\"position\":2,\"name\":\"Next steps\",\"item\":\"https:\/\/newsite.stepstojustice.ca\/steps\/\"},{\"@type\":\"ListItem\",\"position\":3,\"name\":\"1. Renseignez-vous sur le motifs d&rsquo;un appel du RPC\"}]},{\"@type\":\"WebSite\",\"@id\":\"https:\/\/newsite.stepstojustice.ca\/fr\/#website\",\"url\":\"https:\/\/newsite.stepstojustice.ca\/fr\/\",\"name\":\"Steps to justice\",\"description\":\"Step-by-step information about legal problems\",\"potentialAction\":[{\"@type\":\"SearchAction\",\"target\":{\"@type\":\"EntryPoint\",\"urlTemplate\":\"https:\/\/newsite.stepstojustice.ca\/fr\/?s={search_term_string}\"},\"query-input\":\"required name=search_term_string\"}],\"inLanguage\":\"fr-FR\"}]}<\/script>\n<!-- \/ Yoast SEO plugin. -->","yoast_head_json":{"title":"1. Renseignez-vous sur le motifs d'un appel du RPC - Steps to justice","description":"Une fois que vous avez envoy\u00e9 votre demande de prestations d'invalidit\u00e9 du RPC, vous pourriez recevoir un appel visant \u00e0&nbsp;: vous expliquer le","robots":{"index":"noindex","follow":"follow","max-snippet":"max-snippet:-1","max-image-preview":"max-image-preview:large","max-video-preview":"max-video-preview:-1"},"og_locale":"fr_FR","og_type":"article","og_title":"1. Renseignez-vous sur le motifs d'un appel du RPC - Steps to justice","og_description":"Une fois que vous avez envoy\u00e9 votre demande de prestations d'invalidit\u00e9 du RPC, vous pourriez recevoir un appel visant \u00e0&nbsp;: vous expliquer le","og_url":"https:\/\/newsite.stepstojustice.ca\/fr\/steps\/health-and-disability\/1-renseignez-vous-sur-le-motifs-dun-appel-du-rpc\/","og_site_name":"Steps to justice","article_modified_time":"2018-08-23T15:39:46+00:00","twitter_card":"summary_large_image","twitter_misc":{"Dur\u00e9e de lecture estim\u00e9e":"1 minute"},"schema":{"@context":"https:\/\/schema.org","@graph":[{"@type":"WebPage","@id":"https:\/\/newsite.stepstojustice.ca\/fr\/steps\/health-and-disability\/1-renseignez-vous-sur-le-motifs-dun-appel-du-rpc\/","url":"https:\/\/newsite.stepstojustice.ca\/fr\/steps\/health-and-disability\/1-renseignez-vous-sur-le-motifs-dun-appel-du-rpc\/","name":"1. Renseignez-vous sur le motifs d'un appel du RPC - Steps to justice","isPartOf":{"@id":"https:\/\/newsite.stepstojustice.ca\/fr\/#website"},"datePublished":"-0001-11-30T00:00:00+00:00","dateModified":"2018-08-23T15:39:46+00:00","description":"Une fois que vous avez envoy\u00e9 votre demande de prestations d'invalidit\u00e9 du RPC, vous pourriez recevoir un appel visant \u00e0&nbsp;: vous expliquer le","breadcrumb":{"@id":"https:\/\/newsite.stepstojustice.ca\/fr\/steps\/health-and-disability\/1-renseignez-vous-sur-le-motifs-dun-appel-du-rpc\/#breadcrumb"},"inLanguage":"fr-FR","potentialAction":[{"@type":"ReadAction","target":["https:\/\/newsite.stepstojustice.ca\/fr\/steps\/health-and-disability\/1-renseignez-vous-sur-le-motifs-dun-appel-du-rpc\/"]}]},{"@type":"BreadcrumbList","@id":"https:\/\/newsite.stepstojustice.ca\/fr\/steps\/health-and-disability\/1-renseignez-vous-sur-le-motifs-dun-appel-du-rpc\/#breadcrumb","itemListElement":[{"@type":"ListItem","position":1,"name":"Home","item":"https:\/\/newsite.stepstojustice.ca\/fr\/"},{"@type":"ListItem","position":2,"name":"Next steps","item":"https:\/\/newsite.stepstojustice.ca\/steps\/"},{"@type":"ListItem","position":3,"name":"1. Renseignez-vous sur le motifs d&rsquo;un appel du RPC"}]},{"@type":"WebSite","@id":"https:\/\/newsite.stepstojustice.ca\/fr\/#website","url":"https:\/\/newsite.stepstojustice.ca\/fr\/","name":"Steps to justice","description":"Step-by-step information about legal problems","potentialAction":[{"@type":"SearchAction","target":{"@type":"EntryPoint","urlTemplate":"https:\/\/newsite.stepstojustice.ca\/fr\/?s={search_term_string}"},"query-input":"required name=search_term_string"}],"inLanguage":"fr-FR"}]}},"meta_box":{"questions_to_steps_from":["1171697"]},"_links":{"self":[{"href":"https:\/\/newsite.stepstojustice.ca\/fr\/wp-json\/wp\/v2\/steps\/1176725"}],"collection":[{"href":"https:\/\/newsite.stepstojustice.ca\/fr\/wp-json\/wp\/v2\/steps"}],"about":[{"href":"https:\/\/newsite.stepstojustice.ca\/fr\/wp-json\/wp\/v2\/types\/steps"}],"author":[{"embeddable":true,"href":"https:\/\/newsite.stepstojustice.ca\/fr\/wp-json\/wp\/v2\/users\/3"}],"version-history":[{"count":0,"href":"https:\/\/newsite.stepstojustice.ca\/fr\/wp-json\/wp\/v2\/steps\/1176725\/revisions"}],"wp:attachment":[{"href":"https:\/\/newsite.stepstojustice.ca\/fr\/wp-json\/wp\/v2\/media?parent=1176725"}],"curies":[{"name":"wp","href":"https:\/\/api.w.org\/{rel}","templated":true}]}}

<p>Une fois que vous avez envoyé votre demande de prestations d&rsquo;invalidité du RPC, vous pourriez recevoir un appel visant à&nbsp;:</p>
<ul>
<li>vous expliquer le processus de demande et le processus décisionnel;</li>
<li>répondre à vos questions sur le processus de demande;</li>
<li>obtenir l&rsquo;information supplémentaire nécessaire à la prise d&rsquo;une décision;</li>
<li>demander une évaluation de votre invalidité par un autre médecin.</li>
</ul>
<p>Si le RPC veut qu&rsquo;un autre médecin évalue votre invalidité, il prendra le rendez-vous pour vous.</p>
<p>Il est possible qu&rsquo;aucun renseignement supplémentaire ne vous soit demandé. Si votre demande contient l&rsquo;information nécessaire, vous recevrez la décision, une fois qu&rsquo;elle sera prise.</p>

<!-- This site is optimized with the Yoast SEO plugin v19.14 - https://yoast.com/wordpress/plugins/seo/ -->
<title>1. Renseignez-vous sur le motifs d&#039;un appel du RPC - Steps to justice</title>
<meta name="description" content="Une fois que vous avez envoyé votre demande de prestations d&#039;invalidité du RPC, vous pourriez recevoir un appel visant à&nbsp;: vous expliquer le" />
<meta name="robots" content="noindex, follow, max-snippet:-1, max-image-preview:large, max-video-preview:-1" />
<meta property="og:locale" content="fr_FR" />
<meta property="og:type" content="article" />
<meta property="og:title" content="1. Renseignez-vous sur le motifs d&#039;un appel du RPC - Steps to justice" />
<meta property="og:description" content="Une fois que vous avez envoyé votre demande de prestations d&#039;invalidité du RPC, vous pourriez recevoir un appel visant à&nbsp;: vous expliquer le" />
<meta property="og:url" content="https://newsite.stepstojustice.ca/fr/steps/health-and-disability/1-renseignez-vous-sur-le-motifs-dun-appel-du-rpc/" />
<meta property="og:site_name" content="Steps to justice" />
<meta property="article:modified_time" content="2018-08-23T15:39:46+00:00" />
<meta name="twitter:card" content="summary_large_image" />
<meta name="twitter:label1" content="Durée de lecture estimée" />
	<meta name="twitter:data1" content="1 minute" />
<script type="application/ld+json" class="yoast-schema-graph">{"@context":"https://schema.org","@graph":[{"@type":"WebPage","@id":"https://newsite.stepstojustice.ca/fr/steps/health-and-disability/1-renseignez-vous-sur-le-motifs-dun-appel-du-rpc/","url":"https://newsite.stepstojustice.ca/fr/steps/health-and-disability/1-renseignez-vous-sur-le-motifs-dun-appel-du-rpc/","name":"1. Renseignez-vous sur le motifs d'un appel du RPC - Steps to justice","isPartOf":{"@id":"https://newsite.stepstojustice.ca/fr/#website"},"datePublished":"-0001-11-30T00:00:00+00:00","dateModified":"2018-08-23T15:39:46+00:00","description":"Une fois que vous avez envoyé votre demande de prestations d'invalidité du RPC, vous pourriez recevoir un appel visant à&nbsp;: vous expliquer le","breadcrumb":{"@id":"https://newsite.stepstojustice.ca/fr/steps/health-and-disability/1-renseignez-vous-sur-le-motifs-dun-appel-du-rpc/#breadcrumb"},"inLanguage":"fr-FR","potentialAction":[{"@type":"ReadAction","target":["https://newsite.stepstojustice.ca/fr/steps/health-and-disability/1-renseignez-vous-sur-le-motifs-dun-appel-du-rpc/"]}]},{"@type":"BreadcrumbList","@id":"https://newsite.stepstojustice.ca/fr/steps/health-and-disability/1-renseignez-vous-sur-le-motifs-dun-appel-du-rpc/#breadcrumb","itemListElement":[{"@type":"ListItem","position":1,"name":"Home","item":"https://newsite.stepstojustice.ca/fr/"},{"@type":"ListItem","position":2,"name":"Next steps","item":"https://newsite.stepstojustice.ca/steps/"},{"@type":"ListItem","position":3,"name":"1. Renseignez-vous sur le motifs d&rsquo;un appel du RPC"}]},{"@type":"WebSite","@id":"https://newsite.stepstojustice.ca/fr/#website","url":"https://newsite.stepstojustice.ca/fr/","name":"Steps to justice","description":"Step-by-step information about legal problems","potentialAction":[{"@type":"SearchAction","target":{"@type":"EntryPoint","urlTemplate":"https://newsite.stepstojustice.ca/fr/?s={search_term_string}"},"query-input":"required name=search_term_string"}],"inLanguage":"fr-FR"}]}</script>
<!-- / Yoast SEO plugin. -->

Une fois que vous avez envoyé votre demande de prestations d'invalidité du RPC, vous pourriez recevoir un appel visant à&nbsp;: vous expliquer le
