{"id":1176035,"date":"2018-04-03T10:50:01","date_gmt":"2018-04-03T14:50:01","guid":{"rendered":""},"modified":"2018-07-30T12:50:20","modified_gmt":"2018-07-30T12:50:20","slug":"4-d\u00e9terminez-si-vous-devriez-d\u00e9poser-une-plainte-en-mati\u00e8re-de-droits-de-la","status":"publish","type":"steps","link":"https:\/\/newsite.stepstojustice.ca\/fr\/steps\/employment-and-work\/4-d\u00e9terminez-si-vous-devriez-d\u00e9poser-une-plainte-en-mati\u00e8re-de-droits-de-la\/","title":{"rendered":"4. D\u00e9terminez si vous devriez d\u00e9poser une plainte en mati\u00e8re de droits de la personne"},"content":{"rendered":"<p>Si vous avez demand&eacute; &agrave; votre employeur de vous accorder des mesures d&rsquo;adaptation et qu&rsquo;il a refus&eacute; de le faire, vous &ecirc;tes peut-&ecirc;tre victime de discrimination. Il pourrait aussi s&rsquo;agir de discrimination si vous avez d&ucirc; quitter votre emploi ou si vous avez &eacute;t&eacute; cong&eacute;di&eacute; parce que vous deviez vous occuper de votre enfant.<\/p>\n<p>Parlez de votre situation &agrave; un avocat le plus rapidement possible. Vous pouvez obtenir gratuitement des conseils juridiques et de l&rsquo;information aupr&egrave;s du <a class=\"links-link ext new-link\" href=\"\/node\/113365\" target=\"_blank\">Centre d&rsquo;assistance juridique en mati&egrave;re de droits de la personne<\/a>, peu importe votre revenu.<\/p>\n<p>Le Centre peut vous aider&nbsp;&agrave; d&eacute;terminer&nbsp;:<\/p>\n<ul>\n<li>si vous avez &eacute;t&eacute; victime de discrimination;<\/li>\n<li>si vous ou un avocat pouvez faire quelque chose pour convaincre votre employeur de vous accorder des mesures d&rsquo;adaptation;<\/li>\n<li>si vous pouvez porter plainte aupr&egrave;s du Tribunal des droits de la personne de l&rsquo;Ontario;<\/li>\n<li>quels &eacute;l&eacute;ments de preuve peuvent vous aider &agrave; d&eacute;montrer que vous avez &eacute;t&eacute; victime de discrimination.<\/li>\n<\/ul>\n<p>Le Centre peut vous aider &agrave; d&eacute;poser une plainte aupr&egrave;s du <a class=\"links-link ext new-link\" href=\"\/node\/112047\" target=\"_blank\">Tribunal<\/a> et peut parfois vous aider une fois devant le Tribunal.<\/p>\n<p>Vous pouvez &eacute;galement utiliser l&rsquo;outil en ligne du Centre intitul&eacute; &laquo;&nbsp;<a class=\"links-link ext new-link\" href=\"\/node\/111181\" target=\"_blank\">Pouvons-nous vous aider?<\/a>&nbsp;&raquo; pour d&eacute;terminer si votre plainte est admissible.<\/p>\n","protected":false},"author":3,"featured_media":0,"template":"","yoast_head":"<!-- This site is optimized with the Yoast SEO plugin v19.14 - https:\/\/yoast.com\/wordpress\/plugins\/seo\/ -->\n<title>4. D\u00e9terminez si vous devriez d\u00e9poser une plainte en mati\u00e8re de droits de la personne - Steps to justice<\/title>\n<meta name=\"description\" content=\"Si vous avez demand&eacute; &agrave; votre employeur de vous accorder des mesures d&#039;adaptation et qu&#039;il a refus&eacute; de le faire, vous &ecirc;tes\" \/>\n<meta name=\"robots\" content=\"noindex, follow, max-snippet:-1, max-image-preview:large, max-video-preview:-1\" \/>\n<meta property=\"og:locale\" content=\"fr_FR\" \/>\n<meta property=\"og:type\" content=\"article\" \/>\n<meta property=\"og:title\" content=\"4. D\u00e9terminez si vous devriez d\u00e9poser une plainte en mati\u00e8re de droits de la personne - Steps to justice\" \/>\n<meta property=\"og:description\" content=\"Si vous avez demand&eacute; &agrave; votre employeur de vous accorder des mesures d&#039;adaptation et qu&#039;il a refus&eacute; de le faire, vous &ecirc;tes\" \/>\n<meta property=\"og:url\" content=\"https:\/\/newsite.stepstojustice.ca\/fr\/steps\/employment-and-work\/4-d\u00e9terminez-si-vous-devriez-d\u00e9poser-une-plainte-en-mati\u00e8re-de-droits-de-la\/\" \/>\n<meta property=\"og:site_name\" content=\"Steps to justice\" \/>\n<meta property=\"article:modified_time\" content=\"2018-07-30T12:50:20+00:00\" \/>\n<meta name=\"twitter:card\" content=\"summary_large_image\" \/>\n<meta name=\"twitter:label1\" content=\"Dur\u00e9e de lecture estim\u00e9e\" \/>\n\t<meta name=\"twitter:data1\" content=\"1 minute\" \/>\n<script type=\"application\/ld+json\" class=\"yoast-schema-graph\">{\"@context\":\"https:\/\/schema.org\",\"@graph\":[{\"@type\":\"WebPage\",\"@id\":\"https:\/\/newsite.stepstojustice.ca\/fr\/steps\/employment-and-work\/4-d\u00e9terminez-si-vous-devriez-d\u00e9poser-une-plainte-en-mati\u00e8re-de-droits-de-la\/\",\"url\":\"https:\/\/newsite.stepstojustice.ca\/fr\/steps\/employment-and-work\/4-d\u00e9terminez-si-vous-devriez-d\u00e9poser-une-plainte-en-mati\u00e8re-de-droits-de-la\/\",\"name\":\"4. D\u00e9terminez si vous devriez d\u00e9poser une plainte en mati\u00e8re de droits de la personne - Steps to justice\",\"isPartOf\":{\"@id\":\"https:\/\/newsite.stepstojustice.ca\/fr\/#website\"},\"datePublished\":\"-0001-11-30T00:00:00+00:00\",\"dateModified\":\"2018-07-30T12:50:20+00:00\",\"description\":\"Si vous avez demand&eacute; &agrave; votre employeur de vous accorder des mesures d'adaptation et qu'il a refus&eacute; de le faire, vous &ecirc;tes\",\"breadcrumb\":{\"@id\":\"https:\/\/newsite.stepstojustice.ca\/fr\/steps\/employment-and-work\/4-d\u00e9terminez-si-vous-devriez-d\u00e9poser-une-plainte-en-mati\u00e8re-de-droits-de-la\/#breadcrumb\"},\"inLanguage\":\"fr-FR\",\"potentialAction\":[{\"@type\":\"ReadAction\",\"target\":[\"https:\/\/newsite.stepstojustice.ca\/fr\/steps\/employment-and-work\/4-d\u00e9terminez-si-vous-devriez-d\u00e9poser-une-plainte-en-mati\u00e8re-de-droits-de-la\/\"]}]},{\"@type\":\"BreadcrumbList\",\"@id\":\"https:\/\/newsite.stepstojustice.ca\/fr\/steps\/employment-and-work\/4-d\u00e9terminez-si-vous-devriez-d\u00e9poser-une-plainte-en-mati\u00e8re-de-droits-de-la\/#breadcrumb\",\"itemListElement\":[{\"@type\":\"ListItem\",\"position\":1,\"name\":\"Home\",\"item\":\"https:\/\/newsite.stepstojustice.ca\/fr\/\"},{\"@type\":\"ListItem\",\"position\":2,\"name\":\"Next steps\",\"item\":\"https:\/\/newsite.stepstojustice.ca\/steps\/\"},{\"@type\":\"ListItem\",\"position\":3,\"name\":\"4. D\u00e9terminez si vous devriez d\u00e9poser une plainte en mati\u00e8re de droits de la personne\"}]},{\"@type\":\"WebSite\",\"@id\":\"https:\/\/newsite.stepstojustice.ca\/fr\/#website\",\"url\":\"https:\/\/newsite.stepstojustice.ca\/fr\/\",\"name\":\"Steps to justice\",\"description\":\"Step-by-step information about legal problems\",\"potentialAction\":[{\"@type\":\"SearchAction\",\"target\":{\"@type\":\"EntryPoint\",\"urlTemplate\":\"https:\/\/newsite.stepstojustice.ca\/fr\/?s={search_term_string}\"},\"query-input\":\"required name=search_term_string\"}],\"inLanguage\":\"fr-FR\"}]}<\/script>\n<!-- \/ Yoast SEO plugin. -->","yoast_head_json":{"title":"4. D\u00e9terminez si vous devriez d\u00e9poser une plainte en mati\u00e8re de droits de la personne - Steps to justice","description":"Si vous avez demand&eacute; &agrave; votre employeur de vous accorder des mesures d'adaptation et qu'il a refus&eacute; de le faire, vous &ecirc;tes","robots":{"index":"noindex","follow":"follow","max-snippet":"max-snippet:-1","max-image-preview":"max-image-preview:large","max-video-preview":"max-video-preview:-1"},"og_locale":"fr_FR","og_type":"article","og_title":"4. D\u00e9terminez si vous devriez d\u00e9poser une plainte en mati\u00e8re de droits de la personne - Steps to justice","og_description":"Si vous avez demand&eacute; &agrave; votre employeur de vous accorder des mesures d'adaptation et qu'il a refus&eacute; de le faire, vous &ecirc;tes","og_url":"https:\/\/newsite.stepstojustice.ca\/fr\/steps\/employment-and-work\/4-d\u00e9terminez-si-vous-devriez-d\u00e9poser-une-plainte-en-mati\u00e8re-de-droits-de-la\/","og_site_name":"Steps to justice","article_modified_time":"2018-07-30T12:50:20+00:00","twitter_card":"summary_large_image","twitter_misc":{"Dur\u00e9e de lecture estim\u00e9e":"1 minute"},"schema":{"@context":"https:\/\/schema.org","@graph":[{"@type":"WebPage","@id":"https:\/\/newsite.stepstojustice.ca\/fr\/steps\/employment-and-work\/4-d\u00e9terminez-si-vous-devriez-d\u00e9poser-une-plainte-en-mati\u00e8re-de-droits-de-la\/","url":"https:\/\/newsite.stepstojustice.ca\/fr\/steps\/employment-and-work\/4-d\u00e9terminez-si-vous-devriez-d\u00e9poser-une-plainte-en-mati\u00e8re-de-droits-de-la\/","name":"4. D\u00e9terminez si vous devriez d\u00e9poser une plainte en mati\u00e8re de droits de la personne - Steps to justice","isPartOf":{"@id":"https:\/\/newsite.stepstojustice.ca\/fr\/#website"},"datePublished":"-0001-11-30T00:00:00+00:00","dateModified":"2018-07-30T12:50:20+00:00","description":"Si vous avez demand&eacute; &agrave; votre employeur de vous accorder des mesures d'adaptation et qu'il a refus&eacute; de le faire, vous &ecirc;tes","breadcrumb":{"@id":"https:\/\/newsite.stepstojustice.ca\/fr\/steps\/employment-and-work\/4-d\u00e9terminez-si-vous-devriez-d\u00e9poser-une-plainte-en-mati\u00e8re-de-droits-de-la\/#breadcrumb"},"inLanguage":"fr-FR","potentialAction":[{"@type":"ReadAction","target":["https:\/\/newsite.stepstojustice.ca\/fr\/steps\/employment-and-work\/4-d\u00e9terminez-si-vous-devriez-d\u00e9poser-une-plainte-en-mati\u00e8re-de-droits-de-la\/"]}]},{"@type":"BreadcrumbList","@id":"https:\/\/newsite.stepstojustice.ca\/fr\/steps\/employment-and-work\/4-d\u00e9terminez-si-vous-devriez-d\u00e9poser-une-plainte-en-mati\u00e8re-de-droits-de-la\/#breadcrumb","itemListElement":[{"@type":"ListItem","position":1,"name":"Home","item":"https:\/\/newsite.stepstojustice.ca\/fr\/"},{"@type":"ListItem","position":2,"name":"Next steps","item":"https:\/\/newsite.stepstojustice.ca\/steps\/"},{"@type":"ListItem","position":3,"name":"4. D\u00e9terminez si vous devriez d\u00e9poser une plainte en mati\u00e8re de droits de la personne"}]},{"@type":"WebSite","@id":"https:\/\/newsite.stepstojustice.ca\/fr\/#website","url":"https:\/\/newsite.stepstojustice.ca\/fr\/","name":"Steps to justice","description":"Step-by-step information about legal problems","potentialAction":[{"@type":"SearchAction","target":{"@type":"EntryPoint","urlTemplate":"https:\/\/newsite.stepstojustice.ca\/fr\/?s={search_term_string}"},"query-input":"required name=search_term_string"}],"inLanguage":"fr-FR"}]}},"meta_box":{"questions_to_steps_from":["1171980"]},"_links":{"self":[{"href":"https:\/\/newsite.stepstojustice.ca\/fr\/wp-json\/wp\/v2\/steps\/1176035"}],"collection":[{"href":"https:\/\/newsite.stepstojustice.ca\/fr\/wp-json\/wp\/v2\/steps"}],"about":[{"href":"https:\/\/newsite.stepstojustice.ca\/fr\/wp-json\/wp\/v2\/types\/steps"}],"author":[{"embeddable":true,"href":"https:\/\/newsite.stepstojustice.ca\/fr\/wp-json\/wp\/v2\/users\/3"}],"version-history":[{"count":0,"href":"https:\/\/newsite.stepstojustice.ca\/fr\/wp-json\/wp\/v2\/steps\/1176035\/revisions"}],"wp:attachment":[{"href":"https:\/\/newsite.stepstojustice.ca\/fr\/wp-json\/wp\/v2\/media?parent=1176035"}],"curies":[{"name":"wp","href":"https:\/\/api.w.org\/{rel}","templated":true}]}}

4-déterminez-si-vous-devriez-déposer-une-plainte-en-matière-de-droits-de-la

https://newsite.stepstojustice.ca/fr/steps/employment-and-work/4-déterminez-si-vous-devriez-déposer-une-plainte-en-matière-de-droits-de-la/

4. Déterminez si vous devriez déposer une plainte en matière de droits de la personne

<!-- This site is optimized with the Yoast SEO plugin v19.14 - https://yoast.com/wordpress/plugins/seo/ -->
<title>4. Déterminez si vous devriez déposer une plainte en matière de droits de la personne - Steps to justice</title>
<meta name="description" content="Si vous avez demand&eacute; &agrave; votre employeur de vous accorder des mesures d&#039;adaptation et qu&#039;il a refus&eacute; de le faire, vous &ecirc;tes" />
<meta name="robots" content="noindex, follow, max-snippet:-1, max-image-preview:large, max-video-preview:-1" />
<meta property="og:locale" content="fr_FR" />
<meta property="og:type" content="article" />
<meta property="og:title" content="4. Déterminez si vous devriez déposer une plainte en matière de droits de la personne - Steps to justice" />
<meta property="og:description" content="Si vous avez demand&eacute; &agrave; votre employeur de vous accorder des mesures d&#039;adaptation et qu&#039;il a refus&eacute; de le faire, vous &ecirc;tes" />
<meta property="og:url" content="https://newsite.stepstojustice.ca/fr/steps/employment-and-work/4-déterminez-si-vous-devriez-déposer-une-plainte-en-matière-de-droits-de-la/" />
<meta property="og:site_name" content="Steps to justice" />
<meta property="article:modified_time" content="2018-07-30T12:50:20+00:00" />
<meta name="twitter:card" content="summary_large_image" />
<meta name="twitter:label1" content="Durée de lecture estimée" />
	<meta name="twitter:data1" content="1 minute" />
<script type="application/ld+json" class="yoast-schema-graph">{"@context":"https://schema.org","@graph":[{"@type":"WebPage","@id":"https://newsite.stepstojustice.ca/fr/steps/employment-and-work/4-déterminez-si-vous-devriez-déposer-une-plainte-en-matière-de-droits-de-la/","url":"https://newsite.stepstojustice.ca/fr/steps/employment-and-work/4-déterminez-si-vous-devriez-déposer-une-plainte-en-matière-de-droits-de-la/","name":"4. Déterminez si vous devriez déposer une plainte en matière de droits de la personne - Steps to justice","isPartOf":{"@id":"https://newsite.stepstojustice.ca/fr/#website"},"datePublished":"-0001-11-30T00:00:00+00:00","dateModified":"2018-07-30T12:50:20+00:00","description":"Si vous avez demand&eacute; &agrave; votre employeur de vous accorder des mesures d'adaptation et qu'il a refus&eacute; de le faire, vous &ecirc;tes","breadcrumb":{"@id":"https://newsite.stepstojustice.ca/fr/steps/employment-and-work/4-déterminez-si-vous-devriez-déposer-une-plainte-en-matière-de-droits-de-la/#breadcrumb"},"inLanguage":"fr-FR","potentialAction":[{"@type":"ReadAction","target":["https://newsite.stepstojustice.ca/fr/steps/employment-and-work/4-déterminez-si-vous-devriez-déposer-une-plainte-en-matière-de-droits-de-la/"]}]},{"@type":"BreadcrumbList","@id":"https://newsite.stepstojustice.ca/fr/steps/employment-and-work/4-déterminez-si-vous-devriez-déposer-une-plainte-en-matière-de-droits-de-la/#breadcrumb","itemListElement":[{"@type":"ListItem","position":1,"name":"Home","item":"https://newsite.stepstojustice.ca/fr/"},{"@type":"ListItem","position":2,"name":"Next steps","item":"https://newsite.stepstojustice.ca/steps/"},{"@type":"ListItem","position":3,"name":"4. Déterminez si vous devriez déposer une plainte en matière de droits de la personne"}]},{"@type":"WebSite","@id":"https://newsite.stepstojustice.ca/fr/#website","url":"https://newsite.stepstojustice.ca/fr/","name":"Steps to justice","description":"Step-by-step information about legal problems","potentialAction":[{"@type":"SearchAction","target":{"@type":"EntryPoint","urlTemplate":"https://newsite.stepstojustice.ca/fr/?s={search_term_string}"},"query-input":"required name=search_term_string"}],"inLanguage":"fr-FR"}]}</script>
<!-- / Yoast SEO plugin. -->

4. Déterminez si vous devriez déposer une plainte en matière de droits de la personne - Steps to justice

https://newsite.stepstojustice.ca/fr/steps/employment-and-work/4-déterminez-si-vous-devriez-déposer-une-plainte-en-matière-de-droits-de-la/#breadcrumb
