{"id":1175766,"date":"2019-07-25T16:38:12","date_gmt":"2019-07-25T20:38:12","guid":{"rendered":""},"modified":"2020-07-24T15:26:47","modified_gmt":"2020-07-24T15:26:47","slug":"1-d\u00e9terminez-si-vous-\u00eates-admissible-\u00e0-un-erar","status":"publish","type":"steps","link":"https:\/\/newsite.stepstojustice.ca\/fr\/steps\/refugee-law\/1-d\u00e9terminez-si-vous-\u00eates-admissible-\u00e0-un-erar\/","title":{"rendered":"1. D\u00e9terminez si vous \u00eates admissible \u00e0 un ERAR"},"content":{"rendered":"<div class=\"box\">\n<p>Le 22 juillet 2020, la Cour f\u00e9d\u00e9rale a d\u00e9cid\u00e9 que l&rsquo;ETPS n&rsquo;\u00e9tait pas l\u00e9gale. Mais cette d\u00e9cision n&rsquo;entrera en vigueur que dans 6 mois. Les r\u00e8gles de l&rsquo;ETPS s&rsquo;appliqueront donc toujours, au moins jusqu&rsquo;en f\u00e9vrier 2021.<\/p>\n<\/div>\n<p>Si vous faites l\u2019objet d\u2019une mesure de renvoi du Canada, vous pourriez \u00eatre admissible \u00e0 un examen des risques avant renvoi (ERAR).<\/p>\n<p>Cependant, ce ne sera pas le cas si&nbsp;:<\/p>\n<ul>\n<li>un agent de l\u2019Agence des services frontaliers du Canada (ASFC) a d\u00e9clar\u00e9 que vous n\u2019\u00e9tiez pas autoris\u00e9 \u00e0 demander l\u2019asile parce que vous <a href=\"https:\/\/stepstojustice.ca\/fr\/questions\/refugee-law\/puis-je-faire-une-demande-d%E2%80%99asile-si-j%E2%80%99arrive-des-%C3%A9tats-unis\">arrivez des \u00c9tats-Unis<\/a> \u00e0 un endroit couvert par l\u2019Entente sur les tiers pays s\u00fbrs et que vous ne remplissez aucun crit\u00e8re d\u2019exemption;<\/li>\n<li>vous avez le statut de r\u00e9fugi\u00e9 au sens de la Convention dans un autre pays et pouvez y retourner;<\/li>\n<li>vous \u00eates d\u00e9j\u00e0 une personne prot\u00e9g\u00e9e au Canada.<\/li>\n<\/ul>\n<p>Vous pourrez demander&nbsp;un ERAR si vous n\u2019\u00eates pas admissible \u00e0 pr\u00e9senter une demande d\u2019asile parce que vous venez d\u2019un pays qui a&nbsp;conclu un accord de partage d\u2019informations avec le Canada et que vous avez d\u00e9j\u00e0 pr\u00e9sent\u00e9 une demande dans ce pays.&nbsp;La liste des pays comprend les \u00c9tats-Unis, l&rsquo;Australie, la Nouvelle-Z\u00e9lande et le Royaume-Uni. Si c\u2019est votre cas, demandez imm\u00e9diatement des&nbsp;<a href=\"https:\/\/stepstojustice.ca\/fr\/questions\/refugee-law\/o%C3%B9-puis-je-trouver-des-conseils-et-de-l%E2%80%99assistance-juridiques-pour-une-demande\">conseils juridiques<\/a>.&nbsp;Contrairement aux autres demandeurs d&rsquo;ERAR, vous devez avoir une entrevue&nbsp;avec un agent d&rsquo;immigration o\u00f9&nbsp;vous expliquez pourquoi vous craignez de retourner dans votre pays et vous fournissez des documents justificatifs.<\/p>\n","protected":false},"author":3,"featured_media":0,"template":"","yoast_head":"<!-- This site is optimized with the Yoast SEO plugin v19.14 - https:\/\/yoast.com\/wordpress\/plugins\/seo\/ -->\n<title>1. D\u00e9terminez si vous \u00eates admissible \u00e0 un ERAR - Steps to justice<\/title>\n<meta name=\"description\" content=\"Le 22 juillet 2020, la Cour f\u00e9d\u00e9rale a d\u00e9cid\u00e9 que l&#039;ETPS n&#039;\u00e9tait pas l\u00e9gale. Mais cette d\u00e9cision n&#039;entrera en vigueur que dans 6 mois. Les r\u00e8gles de\" \/>\n<meta name=\"robots\" content=\"noindex, follow, max-snippet:-1, max-image-preview:large, max-video-preview:-1\" \/>\n<meta property=\"og:locale\" content=\"fr_FR\" \/>\n<meta property=\"og:type\" content=\"article\" \/>\n<meta property=\"og:title\" content=\"1. D\u00e9terminez si vous \u00eates admissible \u00e0 un ERAR - Steps to justice\" \/>\n<meta property=\"og:description\" content=\"Le 22 juillet 2020, la Cour f\u00e9d\u00e9rale a d\u00e9cid\u00e9 que l&#039;ETPS n&#039;\u00e9tait pas l\u00e9gale. Mais cette d\u00e9cision n&#039;entrera en vigueur que dans 6 mois. Les r\u00e8gles de\" \/>\n<meta property=\"og:url\" content=\"https:\/\/newsite.stepstojustice.ca\/fr\/steps\/refugee-law\/1-d\u00e9terminez-si-vous-\u00eates-admissible-\u00e0-un-erar\/\" \/>\n<meta property=\"og:site_name\" content=\"Steps to justice\" \/>\n<meta property=\"article:modified_time\" content=\"2020-07-24T15:26:47+00:00\" \/>\n<meta name=\"twitter:card\" content=\"summary_large_image\" \/>\n<meta name=\"twitter:label1\" content=\"Dur\u00e9e de lecture estim\u00e9e\" \/>\n\t<meta name=\"twitter:data1\" content=\"1 minute\" \/>\n<script type=\"application\/ld+json\" class=\"yoast-schema-graph\">{\"@context\":\"https:\/\/schema.org\",\"@graph\":[{\"@type\":\"WebPage\",\"@id\":\"https:\/\/newsite.stepstojustice.ca\/fr\/steps\/refugee-law\/1-d\u00e9terminez-si-vous-\u00eates-admissible-\u00e0-un-erar\/\",\"url\":\"https:\/\/newsite.stepstojustice.ca\/fr\/steps\/refugee-law\/1-d\u00e9terminez-si-vous-\u00eates-admissible-\u00e0-un-erar\/\",\"name\":\"1. D\u00e9terminez si vous \u00eates admissible \u00e0 un ERAR - Steps to justice\",\"isPartOf\":{\"@id\":\"https:\/\/newsite.stepstojustice.ca\/fr\/#website\"},\"datePublished\":\"-0001-11-30T00:00:00+00:00\",\"dateModified\":\"2020-07-24T15:26:47+00:00\",\"description\":\"Le 22 juillet 2020, la Cour f\u00e9d\u00e9rale a d\u00e9cid\u00e9 que l'ETPS n'\u00e9tait pas l\u00e9gale. Mais cette d\u00e9cision n'entrera en vigueur que dans 6 mois. Les r\u00e8gles de\",\"breadcrumb\":{\"@id\":\"https:\/\/newsite.stepstojustice.ca\/fr\/steps\/refugee-law\/1-d\u00e9terminez-si-vous-\u00eates-admissible-\u00e0-un-erar\/#breadcrumb\"},\"inLanguage\":\"fr-FR\",\"potentialAction\":[{\"@type\":\"ReadAction\",\"target\":[\"https:\/\/newsite.stepstojustice.ca\/fr\/steps\/refugee-law\/1-d\u00e9terminez-si-vous-\u00eates-admissible-\u00e0-un-erar\/\"]}]},{\"@type\":\"BreadcrumbList\",\"@id\":\"https:\/\/newsite.stepstojustice.ca\/fr\/steps\/refugee-law\/1-d\u00e9terminez-si-vous-\u00eates-admissible-\u00e0-un-erar\/#breadcrumb\",\"itemListElement\":[{\"@type\":\"ListItem\",\"position\":1,\"name\":\"Home\",\"item\":\"https:\/\/newsite.stepstojustice.ca\/fr\/\"},{\"@type\":\"ListItem\",\"position\":2,\"name\":\"Next steps\",\"item\":\"https:\/\/newsite.stepstojustice.ca\/steps\/\"},{\"@type\":\"ListItem\",\"position\":3,\"name\":\"1. D\u00e9terminez si vous \u00eates admissible \u00e0 un ERAR\"}]},{\"@type\":\"WebSite\",\"@id\":\"https:\/\/newsite.stepstojustice.ca\/fr\/#website\",\"url\":\"https:\/\/newsite.stepstojustice.ca\/fr\/\",\"name\":\"Steps to justice\",\"description\":\"Step-by-step information about legal problems\",\"potentialAction\":[{\"@type\":\"SearchAction\",\"target\":{\"@type\":\"EntryPoint\",\"urlTemplate\":\"https:\/\/newsite.stepstojustice.ca\/fr\/?s={search_term_string}\"},\"query-input\":\"required name=search_term_string\"}],\"inLanguage\":\"fr-FR\"}]}<\/script>\n<!-- \/ Yoast SEO plugin. -->","yoast_head_json":{"title":"1. D\u00e9terminez si vous \u00eates admissible \u00e0 un ERAR - Steps to justice","description":"Le 22 juillet 2020, la Cour f\u00e9d\u00e9rale a d\u00e9cid\u00e9 que l'ETPS n'\u00e9tait pas l\u00e9gale. Mais cette d\u00e9cision n'entrera en vigueur que dans 6 mois. Les r\u00e8gles de","robots":{"index":"noindex","follow":"follow","max-snippet":"max-snippet:-1","max-image-preview":"max-image-preview:large","max-video-preview":"max-video-preview:-1"},"og_locale":"fr_FR","og_type":"article","og_title":"1. D\u00e9terminez si vous \u00eates admissible \u00e0 un ERAR - Steps to justice","og_description":"Le 22 juillet 2020, la Cour f\u00e9d\u00e9rale a d\u00e9cid\u00e9 que l'ETPS n'\u00e9tait pas l\u00e9gale. Mais cette d\u00e9cision n'entrera en vigueur que dans 6 mois. Les r\u00e8gles de","og_url":"https:\/\/newsite.stepstojustice.ca\/fr\/steps\/refugee-law\/1-d\u00e9terminez-si-vous-\u00eates-admissible-\u00e0-un-erar\/","og_site_name":"Steps to justice","article_modified_time":"2020-07-24T15:26:47+00:00","twitter_card":"summary_large_image","twitter_misc":{"Dur\u00e9e de lecture estim\u00e9e":"1 minute"},"schema":{"@context":"https:\/\/schema.org","@graph":[{"@type":"WebPage","@id":"https:\/\/newsite.stepstojustice.ca\/fr\/steps\/refugee-law\/1-d\u00e9terminez-si-vous-\u00eates-admissible-\u00e0-un-erar\/","url":"https:\/\/newsite.stepstojustice.ca\/fr\/steps\/refugee-law\/1-d\u00e9terminez-si-vous-\u00eates-admissible-\u00e0-un-erar\/","name":"1. D\u00e9terminez si vous \u00eates admissible \u00e0 un ERAR - Steps to justice","isPartOf":{"@id":"https:\/\/newsite.stepstojustice.ca\/fr\/#website"},"datePublished":"-0001-11-30T00:00:00+00:00","dateModified":"2020-07-24T15:26:47+00:00","description":"Le 22 juillet 2020, la Cour f\u00e9d\u00e9rale a d\u00e9cid\u00e9 que l'ETPS n'\u00e9tait pas l\u00e9gale. Mais cette d\u00e9cision n'entrera en vigueur que dans 6 mois. Les r\u00e8gles de","breadcrumb":{"@id":"https:\/\/newsite.stepstojustice.ca\/fr\/steps\/refugee-law\/1-d\u00e9terminez-si-vous-\u00eates-admissible-\u00e0-un-erar\/#breadcrumb"},"inLanguage":"fr-FR","potentialAction":[{"@type":"ReadAction","target":["https:\/\/newsite.stepstojustice.ca\/fr\/steps\/refugee-law\/1-d\u00e9terminez-si-vous-\u00eates-admissible-\u00e0-un-erar\/"]}]},{"@type":"BreadcrumbList","@id":"https:\/\/newsite.stepstojustice.ca\/fr\/steps\/refugee-law\/1-d\u00e9terminez-si-vous-\u00eates-admissible-\u00e0-un-erar\/#breadcrumb","itemListElement":[{"@type":"ListItem","position":1,"name":"Home","item":"https:\/\/newsite.stepstojustice.ca\/fr\/"},{"@type":"ListItem","position":2,"name":"Next steps","item":"https:\/\/newsite.stepstojustice.ca\/steps\/"},{"@type":"ListItem","position":3,"name":"1. D\u00e9terminez si vous \u00eates admissible \u00e0 un ERAR"}]},{"@type":"WebSite","@id":"https:\/\/newsite.stepstojustice.ca\/fr\/#website","url":"https:\/\/newsite.stepstojustice.ca\/fr\/","name":"Steps to justice","description":"Step-by-step information about legal problems","potentialAction":[{"@type":"SearchAction","target":{"@type":"EntryPoint","urlTemplate":"https:\/\/newsite.stepstojustice.ca\/fr\/?s={search_term_string}"},"query-input":"required name=search_term_string"}],"inLanguage":"fr-FR"}]}},"meta_box":{"questions_to_steps_from":["1171219"]},"_links":{"self":[{"href":"https:\/\/newsite.stepstojustice.ca\/fr\/wp-json\/wp\/v2\/steps\/1175766"}],"collection":[{"href":"https:\/\/newsite.stepstojustice.ca\/fr\/wp-json\/wp\/v2\/steps"}],"about":[{"href":"https:\/\/newsite.stepstojustice.ca\/fr\/wp-json\/wp\/v2\/types\/steps"}],"author":[{"embeddable":true,"href":"https:\/\/newsite.stepstojustice.ca\/fr\/wp-json\/wp\/v2\/users\/3"}],"version-history":[{"count":0,"href":"https:\/\/newsite.stepstojustice.ca\/fr\/wp-json\/wp\/v2\/steps\/1175766\/revisions"}],"wp:attachment":[{"href":"https:\/\/newsite.stepstojustice.ca\/fr\/wp-json\/wp\/v2\/media?parent=1175766"}],"curies":[{"name":"wp","href":"https:\/\/api.w.org\/{rel}","templated":true}]}}

1-déterminez-si-vous-êtes-admissible-à-un-erar

https://newsite.stepstojustice.ca/fr/steps/refugee-law/1-déterminez-si-vous-êtes-admissible-à-un-erar/

1. Déterminez si vous êtes admissible à un ERAR

<div class="box">
<p>Le 22 juillet 2020, la Cour fédérale a décidé que l&rsquo;ETPS n&rsquo;était pas légale. Mais cette décision n&rsquo;entrera en vigueur que dans 6 mois. Les règles de l&rsquo;ETPS s&rsquo;appliqueront donc toujours, au moins jusqu&rsquo;en février 2021.</p>
</div>
<p>Si vous faites l’objet d’une mesure de renvoi du Canada, vous pourriez être admissible à un examen des risques avant renvoi (ERAR).</p>
<p>Cependant, ce ne sera pas le cas si&nbsp;:</p>
<ul>
<li>un agent de l’Agence des services frontaliers du Canada (ASFC) a déclaré que vous n’étiez pas autorisé à demander l’asile parce que vous <a href="https://stepstojustice.ca/fr/questions/refugee-law/puis-je-faire-une-demande-d%E2%80%99asile-si-j%E2%80%99arrive-des-%C3%A9tats-unis">arrivez des États-Unis</a> à un endroit couvert par l’Entente sur les tiers pays sûrs et que vous ne remplissez aucun critère d’exemption;</li>
<li>vous avez le statut de réfugié au sens de la Convention dans un autre pays et pouvez y retourner;</li>
<li>vous êtes déjà une personne protégée au Canada.</li>
</ul>
<p>Vous pourrez demander&nbsp;un ERAR si vous n’êtes pas admissible à présenter une demande d’asile parce que vous venez d’un pays qui a&nbsp;conclu un accord de partage d’informations avec le Canada et que vous avez déjà présenté une demande dans ce pays.&nbsp;La liste des pays comprend les États-Unis, l&rsquo;Australie, la Nouvelle-Zélande et le Royaume-Uni. Si c’est votre cas, demandez immédiatement des&nbsp;<a href="https://stepstojustice.ca/fr/questions/refugee-law/o%C3%B9-puis-je-trouver-des-conseils-et-de-l%E2%80%99assistance-juridiques-pour-une-demande">conseils juridiques</a>.&nbsp;Contrairement aux autres demandeurs d&rsquo;ERAR, vous devez avoir une entrevue&nbsp;avec un agent d&rsquo;immigration où&nbsp;vous expliquez pourquoi vous craignez de retourner dans votre pays et vous fournissez des documents justificatifs.</p>

<!-- This site is optimized with the Yoast SEO plugin v19.14 - https://yoast.com/wordpress/plugins/seo/ -->
<title>1. Déterminez si vous êtes admissible à un ERAR - Steps to justice</title>
<meta name="description" content="Le 22 juillet 2020, la Cour fédérale a décidé que l&#039;ETPS n&#039;était pas légale. Mais cette décision n&#039;entrera en vigueur que dans 6 mois. Les règles de" />
<meta name="robots" content="noindex, follow, max-snippet:-1, max-image-preview:large, max-video-preview:-1" />
<meta property="og:locale" content="fr_FR" />
<meta property="og:type" content="article" />
<meta property="og:title" content="1. Déterminez si vous êtes admissible à un ERAR - Steps to justice" />
<meta property="og:description" content="Le 22 juillet 2020, la Cour fédérale a décidé que l&#039;ETPS n&#039;était pas légale. Mais cette décision n&#039;entrera en vigueur que dans 6 mois. Les règles de" />
<meta property="og:url" content="https://newsite.stepstojustice.ca/fr/steps/refugee-law/1-déterminez-si-vous-êtes-admissible-à-un-erar/" />
<meta property="og:site_name" content="Steps to justice" />
<meta property="article:modified_time" content="2020-07-24T15:26:47+00:00" />
<meta name="twitter:card" content="summary_large_image" />
<meta name="twitter:label1" content="Durée de lecture estimée" />
	<meta name="twitter:data1" content="1 minute" />
<script type="application/ld+json" class="yoast-schema-graph">{"@context":"https://schema.org","@graph":[{"@type":"WebPage","@id":"https://newsite.stepstojustice.ca/fr/steps/refugee-law/1-déterminez-si-vous-êtes-admissible-à-un-erar/","url":"https://newsite.stepstojustice.ca/fr/steps/refugee-law/1-déterminez-si-vous-êtes-admissible-à-un-erar/","name":"1. Déterminez si vous êtes admissible à un ERAR - Steps to justice","isPartOf":{"@id":"https://newsite.stepstojustice.ca/fr/#website"},"datePublished":"-0001-11-30T00:00:00+00:00","dateModified":"2020-07-24T15:26:47+00:00","description":"Le 22 juillet 2020, la Cour fédérale a décidé que l'ETPS n'était pas légale. Mais cette décision n'entrera en vigueur que dans 6 mois. Les règles de","breadcrumb":{"@id":"https://newsite.stepstojustice.ca/fr/steps/refugee-law/1-déterminez-si-vous-êtes-admissible-à-un-erar/#breadcrumb"},"inLanguage":"fr-FR","potentialAction":[{"@type":"ReadAction","target":["https://newsite.stepstojustice.ca/fr/steps/refugee-law/1-déterminez-si-vous-êtes-admissible-à-un-erar/"]}]},{"@type":"BreadcrumbList","@id":"https://newsite.stepstojustice.ca/fr/steps/refugee-law/1-déterminez-si-vous-êtes-admissible-à-un-erar/#breadcrumb","itemListElement":[{"@type":"ListItem","position":1,"name":"Home","item":"https://newsite.stepstojustice.ca/fr/"},{"@type":"ListItem","position":2,"name":"Next steps","item":"https://newsite.stepstojustice.ca/steps/"},{"@type":"ListItem","position":3,"name":"1. Déterminez si vous êtes admissible à un ERAR"}]},{"@type":"WebSite","@id":"https://newsite.stepstojustice.ca/fr/#website","url":"https://newsite.stepstojustice.ca/fr/","name":"Steps to justice","description":"Step-by-step information about legal problems","potentialAction":[{"@type":"SearchAction","target":{"@type":"EntryPoint","urlTemplate":"https://newsite.stepstojustice.ca/fr/?s={search_term_string}"},"query-input":"required name=search_term_string"}],"inLanguage":"fr-FR"}]}</script>
<!-- / Yoast SEO plugin. -->

1. Déterminez si vous êtes admissible à un ERAR - Steps to justice

Le 22 juillet 2020, la Cour fédérale a décidé que l'ETPS n'était pas légale. Mais cette décision n'entrera en vigueur que dans 6 mois. Les règles de

https://newsite.stepstojustice.ca/fr/steps/refugee-law/1-déterminez-si-vous-êtes-admissible-à-un-erar/#breadcrumb
