{"id":1175342,"date":"2018-11-05T10:38:58","date_gmt":"2018-11-05T15:38:58","guid":{"rendered":""},"modified":"2018-11-05T10:38:58","modified_gmt":"2018-11-05T10:38:58","slug":"enqu\u00eate-par-la-soci\u00e9t\u00e9-daide-\u00e0-lenfance","status":"publish","type":"steps","link":"https:\/\/newsite.stepstojustice.ca\/fr\/steps\/family-law\/enqu\u00eate-par-la-soci\u00e9t\u00e9-daide-\u00e0-lenfance\/","title":{"rendered":"Enqu\u00eate par la soci\u00e9t\u00e9 d&rsquo;aide \u00e0 l&rsquo;enfance"},"content":{"rendered":"<p>Quiconque croit qu&rsquo;un enfant de moins de 16&nbsp;ans risque de subir des pr&eacute;judices a l&rsquo;obligation l&eacute;gale de le signaler &agrave; une soci&eacute;t&eacute; d&rsquo;aide &agrave; l&rsquo;enfance. Le plus simple, c&rsquo;est d&rsquo;<a class=\"links-link ext new-link\" href=\"\/node\/111611\" target=\"_blank\">appeler la soci&eacute;t&eacute; la plus pr&egrave;s<\/a>.<\/p>\n<p>L&rsquo;obligation l&eacute;gale <strong>s&rsquo;applique<\/strong> si l&rsquo;enfant &agrave; risque a moins de 16&nbsp;ans, mais pas s&rsquo;il a 16 ou 17&nbsp;ans. Les signalements sont tout de m&ecirc;me possibles pour les enfants de plus de 16&nbsp;ans.<\/p>\n<p>La soci&eacute;t&eacute; n&rsquo;entreprend une enqu&ecirc;te que si l&rsquo;un de ses pr&eacute;pos&eacute;s, aussi appel&eacute;s &laquo;&nbsp;pr&eacute;pos&eacute;s &agrave; la protection de l&rsquo;enfance&nbsp;&raquo;, juge que le signalement est assez grave pour justifier une intervention, c&rsquo;est-&agrave;-dire une &laquo;&nbsp;&eacute;valuation initiale&nbsp;&raquo; ou une &laquo;&nbsp;pr&eacute;s&eacute;lection&nbsp;&raquo;, dans les <strong>24&nbsp;heures<\/strong> suivant le signalement.<\/p>\n<p>Au moment de la pr&eacute;s&eacute;lection, le pr&eacute;pos&eacute; d&eacute;termine&nbsp;:<\/p>\n<ul>\n<li>la nature du pr&eacute;judice r&eacute;el ou potentiel signal&eacute;;<\/li>\n<li>si l&rsquo;enfant ou la famille a d&eacute;j&agrave; eu affaire &agrave; une soci&eacute;t&eacute; d&rsquo;aide &agrave; l&rsquo;enfance et si oui, pourquoi;<\/li>\n<li>si l&rsquo;enfant a besoin de soins sp&eacute;ciaux, par exemple, &agrave; cause de son &acirc;ge, de son &eacute;tat de sant&eacute; ou d&rsquo;un retard du d&eacute;veloppement;<\/li>\n<li>s&rsquo;il y a des ant&eacute;c&eacute;dents de violence familiale ou si le parent ou un fournisseur de soins de l&rsquo;enfant <a href=\"https:\/\/stepstojustice.ca\/fr\/legal-topic\/abuse-and-family-violence\/partner-abuse\">subit de mauvais traitements<\/a> de la part d&rsquo;un partenaire;<\/li>\n<li>la solidit&eacute; des liens familiaux, par exemple si un proche peut s&rsquo;occuper de l&rsquo;enfant et aider le parent.<\/li>\n<\/ul>\n<p>Apr&egrave;s la pr&eacute;s&eacute;lection, la soci&eacute;t&eacute; a trois options. Elle peut&nbsp;:<\/p>\n<ol>\n<li value=\"NaN\">fermer le dossier;<\/li>\n<li value=\"NaN\">se renseigner sur la situation de l&rsquo;enfant;<\/li>\n<li value=\"NaN\">offrir des services de soutien &agrave; la famille.<\/li>\n<\/ol>\n","protected":false},"author":3,"featured_media":0,"template":"","yoast_head":"<!-- This site is optimized with the Yoast SEO plugin v19.14 - https:\/\/yoast.com\/wordpress\/plugins\/seo\/ -->\n<title>Enqu\u00eate par la soci\u00e9t\u00e9 d&#039;aide \u00e0 l&#039;enfance - Steps to justice<\/title>\n<meta name=\"description\" content=\"Quiconque croit qu&#039;un enfant de moins de 16&nbsp;ans risque de subir des pr&eacute;judices a l&#039;obligation l&eacute;gale de le signaler &agrave; une\" \/>\n<meta name=\"robots\" content=\"noindex, follow, max-snippet:-1, max-image-preview:large, max-video-preview:-1\" \/>\n<meta property=\"og:locale\" content=\"fr_FR\" \/>\n<meta property=\"og:type\" content=\"article\" \/>\n<meta property=\"og:title\" content=\"Enqu\u00eate par la soci\u00e9t\u00e9 d&#039;aide \u00e0 l&#039;enfance - Steps to justice\" \/>\n<meta property=\"og:description\" content=\"Quiconque croit qu&#039;un enfant de moins de 16&nbsp;ans risque de subir des pr&eacute;judices a l&#039;obligation l&eacute;gale de le signaler &agrave; une\" \/>\n<meta property=\"og:url\" content=\"https:\/\/newsite.stepstojustice.ca\/fr\/steps\/family-law\/enqu\u00eate-par-la-soci\u00e9t\u00e9-daide-\u00e0-lenfance\/\" \/>\n<meta property=\"og:site_name\" content=\"Steps to justice\" \/>\n<meta property=\"article:modified_time\" content=\"2018-11-05T10:38:58+00:00\" \/>\n<meta name=\"twitter:card\" content=\"summary_large_image\" \/>\n<meta name=\"twitter:label1\" content=\"Dur\u00e9e de lecture estim\u00e9e\" \/>\n\t<meta name=\"twitter:data1\" content=\"2 minutes\" \/>\n<script type=\"application\/ld+json\" class=\"yoast-schema-graph\">{\"@context\":\"https:\/\/schema.org\",\"@graph\":[{\"@type\":\"WebPage\",\"@id\":\"https:\/\/newsite.stepstojustice.ca\/fr\/steps\/family-law\/enqu\u00eate-par-la-soci\u00e9t\u00e9-daide-\u00e0-lenfance\/\",\"url\":\"https:\/\/newsite.stepstojustice.ca\/fr\/steps\/family-law\/enqu\u00eate-par-la-soci\u00e9t\u00e9-daide-\u00e0-lenfance\/\",\"name\":\"Enqu\u00eate par la soci\u00e9t\u00e9 d'aide \u00e0 l'enfance - Steps to justice\",\"isPartOf\":{\"@id\":\"https:\/\/newsite.stepstojustice.ca\/fr\/#website\"},\"datePublished\":\"-0001-11-30T00:00:00+00:00\",\"dateModified\":\"2018-11-05T10:38:58+00:00\",\"description\":\"Quiconque croit qu'un enfant de moins de 16&nbsp;ans risque de subir des pr&eacute;judices a l'obligation l&eacute;gale de le signaler &agrave; une\",\"breadcrumb\":{\"@id\":\"https:\/\/newsite.stepstojustice.ca\/fr\/steps\/family-law\/enqu\u00eate-par-la-soci\u00e9t\u00e9-daide-\u00e0-lenfance\/#breadcrumb\"},\"inLanguage\":\"fr-FR\",\"potentialAction\":[{\"@type\":\"ReadAction\",\"target\":[\"https:\/\/newsite.stepstojustice.ca\/fr\/steps\/family-law\/enqu\u00eate-par-la-soci\u00e9t\u00e9-daide-\u00e0-lenfance\/\"]}]},{\"@type\":\"BreadcrumbList\",\"@id\":\"https:\/\/newsite.stepstojustice.ca\/fr\/steps\/family-law\/enqu\u00eate-par-la-soci\u00e9t\u00e9-daide-\u00e0-lenfance\/#breadcrumb\",\"itemListElement\":[{\"@type\":\"ListItem\",\"position\":1,\"name\":\"Home\",\"item\":\"https:\/\/newsite.stepstojustice.ca\/fr\/\"},{\"@type\":\"ListItem\",\"position\":2,\"name\":\"Next steps\",\"item\":\"https:\/\/newsite.stepstojustice.ca\/steps\/\"},{\"@type\":\"ListItem\",\"position\":3,\"name\":\"Enqu\u00eate par la soci\u00e9t\u00e9 d&rsquo;aide \u00e0 l&rsquo;enfance\"}]},{\"@type\":\"WebSite\",\"@id\":\"https:\/\/newsite.stepstojustice.ca\/fr\/#website\",\"url\":\"https:\/\/newsite.stepstojustice.ca\/fr\/\",\"name\":\"Steps to justice\",\"description\":\"Step-by-step information about legal problems\",\"potentialAction\":[{\"@type\":\"SearchAction\",\"target\":{\"@type\":\"EntryPoint\",\"urlTemplate\":\"https:\/\/newsite.stepstojustice.ca\/fr\/?s={search_term_string}\"},\"query-input\":\"required name=search_term_string\"}],\"inLanguage\":\"fr-FR\"}]}<\/script>\n<!-- \/ Yoast SEO plugin. -->","yoast_head_json":{"title":"Enqu\u00eate par la soci\u00e9t\u00e9 d'aide \u00e0 l'enfance - Steps to justice","description":"Quiconque croit qu'un enfant de moins de 16&nbsp;ans risque de subir des pr&eacute;judices a l'obligation l&eacute;gale de le signaler &agrave; une","robots":{"index":"noindex","follow":"follow","max-snippet":"max-snippet:-1","max-image-preview":"max-image-preview:large","max-video-preview":"max-video-preview:-1"},"og_locale":"fr_FR","og_type":"article","og_title":"Enqu\u00eate par la soci\u00e9t\u00e9 d'aide \u00e0 l'enfance - Steps to justice","og_description":"Quiconque croit qu'un enfant de moins de 16&nbsp;ans risque de subir des pr&eacute;judices a l'obligation l&eacute;gale de le signaler &agrave; une","og_url":"https:\/\/newsite.stepstojustice.ca\/fr\/steps\/family-law\/enqu\u00eate-par-la-soci\u00e9t\u00e9-daide-\u00e0-lenfance\/","og_site_name":"Steps to justice","article_modified_time":"2018-11-05T10:38:58+00:00","twitter_card":"summary_large_image","twitter_misc":{"Dur\u00e9e de lecture estim\u00e9e":"2 minutes"},"schema":{"@context":"https:\/\/schema.org","@graph":[{"@type":"WebPage","@id":"https:\/\/newsite.stepstojustice.ca\/fr\/steps\/family-law\/enqu\u00eate-par-la-soci\u00e9t\u00e9-daide-\u00e0-lenfance\/","url":"https:\/\/newsite.stepstojustice.ca\/fr\/steps\/family-law\/enqu\u00eate-par-la-soci\u00e9t\u00e9-daide-\u00e0-lenfance\/","name":"Enqu\u00eate par la soci\u00e9t\u00e9 d'aide \u00e0 l'enfance - Steps to justice","isPartOf":{"@id":"https:\/\/newsite.stepstojustice.ca\/fr\/#website"},"datePublished":"-0001-11-30T00:00:00+00:00","dateModified":"2018-11-05T10:38:58+00:00","description":"Quiconque croit qu'un enfant de moins de 16&nbsp;ans risque de subir des pr&eacute;judices a l'obligation l&eacute;gale de le signaler &agrave; une","breadcrumb":{"@id":"https:\/\/newsite.stepstojustice.ca\/fr\/steps\/family-law\/enqu\u00eate-par-la-soci\u00e9t\u00e9-daide-\u00e0-lenfance\/#breadcrumb"},"inLanguage":"fr-FR","potentialAction":[{"@type":"ReadAction","target":["https:\/\/newsite.stepstojustice.ca\/fr\/steps\/family-law\/enqu\u00eate-par-la-soci\u00e9t\u00e9-daide-\u00e0-lenfance\/"]}]},{"@type":"BreadcrumbList","@id":"https:\/\/newsite.stepstojustice.ca\/fr\/steps\/family-law\/enqu\u00eate-par-la-soci\u00e9t\u00e9-daide-\u00e0-lenfance\/#breadcrumb","itemListElement":[{"@type":"ListItem","position":1,"name":"Home","item":"https:\/\/newsite.stepstojustice.ca\/fr\/"},{"@type":"ListItem","position":2,"name":"Next steps","item":"https:\/\/newsite.stepstojustice.ca\/steps\/"},{"@type":"ListItem","position":3,"name":"Enqu\u00eate par la soci\u00e9t\u00e9 d&rsquo;aide \u00e0 l&rsquo;enfance"}]},{"@type":"WebSite","@id":"https:\/\/newsite.stepstojustice.ca\/fr\/#website","url":"https:\/\/newsite.stepstojustice.ca\/fr\/","name":"Steps to justice","description":"Step-by-step information about legal problems","potentialAction":[{"@type":"SearchAction","target":{"@type":"EntryPoint","urlTemplate":"https:\/\/newsite.stepstojustice.ca\/fr\/?s={search_term_string}"},"query-input":"required name=search_term_string"}],"inLanguage":"fr-FR"}]}},"meta_box":{"questions_to_steps_from":["1171811"]},"_links":{"self":[{"href":"https:\/\/newsite.stepstojustice.ca\/fr\/wp-json\/wp\/v2\/steps\/1175342"}],"collection":[{"href":"https:\/\/newsite.stepstojustice.ca\/fr\/wp-json\/wp\/v2\/steps"}],"about":[{"href":"https:\/\/newsite.stepstojustice.ca\/fr\/wp-json\/wp\/v2\/types\/steps"}],"author":[{"embeddable":true,"href":"https:\/\/newsite.stepstojustice.ca\/fr\/wp-json\/wp\/v2\/users\/3"}],"version-history":[{"count":0,"href":"https:\/\/newsite.stepstojustice.ca\/fr\/wp-json\/wp\/v2\/steps\/1175342\/revisions"}],"wp:attachment":[{"href":"https:\/\/newsite.stepstojustice.ca\/fr\/wp-json\/wp\/v2\/media?parent=1175342"}],"curies":[{"name":"wp","href":"https:\/\/api.w.org\/{rel}","templated":true}]}}

enquête-par-la-société-daide-à-lenfance

https://newsite.stepstojustice.ca/fr/steps/family-law/enquête-par-la-société-daide-à-lenfance/

Enquête par la société d&rsquo;aide à l&rsquo;enfance

<!-- This site is optimized with the Yoast SEO plugin v19.14 - https://yoast.com/wordpress/plugins/seo/ -->
<title>Enquête par la société d&#039;aide à l&#039;enfance - Steps to justice</title>
<meta name="description" content="Quiconque croit qu&#039;un enfant de moins de 16&nbsp;ans risque de subir des pr&eacute;judices a l&#039;obligation l&eacute;gale de le signaler &agrave; une" />
<meta name="robots" content="noindex, follow, max-snippet:-1, max-image-preview:large, max-video-preview:-1" />
<meta property="og:locale" content="fr_FR" />
<meta property="og:type" content="article" />
<meta property="og:title" content="Enquête par la société d&#039;aide à l&#039;enfance - Steps to justice" />
<meta property="og:description" content="Quiconque croit qu&#039;un enfant de moins de 16&nbsp;ans risque de subir des pr&eacute;judices a l&#039;obligation l&eacute;gale de le signaler &agrave; une" />
<meta property="og:url" content="https://newsite.stepstojustice.ca/fr/steps/family-law/enquête-par-la-société-daide-à-lenfance/" />
<meta property="og:site_name" content="Steps to justice" />
<meta property="article:modified_time" content="2018-11-05T10:38:58+00:00" />
<meta name="twitter:card" content="summary_large_image" />
<meta name="twitter:label1" content="Durée de lecture estimée" />
	<meta name="twitter:data1" content="2 minutes" />
<script type="application/ld+json" class="yoast-schema-graph">{"@context":"https://schema.org","@graph":[{"@type":"WebPage","@id":"https://newsite.stepstojustice.ca/fr/steps/family-law/enquête-par-la-société-daide-à-lenfance/","url":"https://newsite.stepstojustice.ca/fr/steps/family-law/enquête-par-la-société-daide-à-lenfance/","name":"Enquête par la société d'aide à l'enfance - Steps to justice","isPartOf":{"@id":"https://newsite.stepstojustice.ca/fr/#website"},"datePublished":"-0001-11-30T00:00:00+00:00","dateModified":"2018-11-05T10:38:58+00:00","description":"Quiconque croit qu'un enfant de moins de 16&nbsp;ans risque de subir des pr&eacute;judices a l'obligation l&eacute;gale de le signaler &agrave; une","breadcrumb":{"@id":"https://newsite.stepstojustice.ca/fr/steps/family-law/enquête-par-la-société-daide-à-lenfance/#breadcrumb"},"inLanguage":"fr-FR","potentialAction":[{"@type":"ReadAction","target":["https://newsite.stepstojustice.ca/fr/steps/family-law/enquête-par-la-société-daide-à-lenfance/"]}]},{"@type":"BreadcrumbList","@id":"https://newsite.stepstojustice.ca/fr/steps/family-law/enquête-par-la-société-daide-à-lenfance/#breadcrumb","itemListElement":[{"@type":"ListItem","position":1,"name":"Home","item":"https://newsite.stepstojustice.ca/fr/"},{"@type":"ListItem","position":2,"name":"Next steps","item":"https://newsite.stepstojustice.ca/steps/"},{"@type":"ListItem","position":3,"name":"Enquête par la société d&rsquo;aide à l&rsquo;enfance"}]},{"@type":"WebSite","@id":"https://newsite.stepstojustice.ca/fr/#website","url":"https://newsite.stepstojustice.ca/fr/","name":"Steps to justice","description":"Step-by-step information about legal problems","potentialAction":[{"@type":"SearchAction","target":{"@type":"EntryPoint","urlTemplate":"https://newsite.stepstojustice.ca/fr/?s={search_term_string}"},"query-input":"required name=search_term_string"}],"inLanguage":"fr-FR"}]}</script>
<!-- / Yoast SEO plugin. -->

Enquête par la société d'aide à l'enfance - Steps to justice

https://newsite.stepstojustice.ca/fr/steps/family-law/enquête-par-la-société-daide-à-lenfance/#breadcrumb
