{"id":1175173,"date":"2020-12-09T16:34:41","date_gmt":"2020-12-09T21:34:41","guid":{"rendered":""},"modified":"2021-01-25T13:49:07","modified_gmt":"2021-01-25T13:49:07","slug":"1-comprenez-vos-droits-si-vous-avez-moins-de-16-ans","status":"publish","type":"steps","link":"https:\/\/newsite.stepstojustice.ca\/fr\/steps\/health-and-disability\/1-comprenez-vos-droits-si-vous-avez-moins-de-16-ans\/","title":{"rendered":"1. Comprenez vos droits si vous avez moins de 16 ans"},"content":{"rendered":"<p>Vous \u00eates un <strong>malade en cure facultative<\/strong> si&nbsp;:<\/p>\n<ul>\n<li>un m\u00e9decin juge que vous n&rsquo;\u00eates pas capable de comprendre les soins de sant\u00e9 dont vous avez besoin;<\/li>\n<li>c&rsquo;est une autre personne, appel\u00e9e \u00ab&nbsp;mandataire sp\u00e9cial&nbsp;\u00bb, qui prend les d\u00e9cisions concernant vos soins de sant\u00e9;<\/li>\n<li>votre mandataire sp\u00e9cial d\u00e9cide que vous devez \u00eatre gard\u00e9 dans un \u00e9tablissement psychiatrique.<\/li>\n<\/ul>\n<p>En principe, si vous avez 16&nbsp;ans ou plus et que vous avez le statut de malade en cure facultative, vous n&rsquo;\u00eates pas oblig\u00e9 de rester dans l&rsquo;\u00e9tablissement si vous ne le souhaitez pas. Le personnel de l&rsquo;\u00e9tablissement ne peut pas vous y forcer.<\/p>\n<p>Par contre, si la personne qui prend les d\u00e9cisions pour vos soins de sant\u00e9 a un document officiel qui l&rsquo;autorise \u00e0 vous faire garder dans l&rsquo;\u00e9tablissement psychiatrique, vous devrez rester m\u00eame si ce n&rsquo;est pas ce que vous voulez. Toutefois, cette situation arrive rarement.<\/p>\n<h3>Documents officiels<\/h3>\n<p>Il y a deux types de documents officiels qui donnent \u00e0 une autre personne l&rsquo;autorisation de d\u00e9cider si vous devez ou non rester dans un \u00e9tablissement psychiatrique&nbsp;:<\/p>\n<ol>\n<li value=\"NaN\">Un document de <strong>tuteur \u00e0 la personne<\/strong>. Il s&rsquo;agit d&rsquo;une ordonnance judiciaire rendue par un juge. Celle-ci indique que vous avez besoin que quelqu&rsquo;un d&rsquo;autre prenne pour vous les d\u00e9cisions concernant vos soins de sant\u00e9. Cette personne est nomm\u00e9e dans l&rsquo;ordonnance. C&rsquo;est habituellement un membre de la famille, par exemple un parent.<br \/>\n\t&nbsp;<\/li>\n<li value=\"NaN\">Une <strong>procuration relative au soin de la personne avec directive pr\u00e9alable<\/strong>. Il s&rsquo;agit d&rsquo;un document juridique que vous avez sign\u00e9 dans le pass\u00e9 parce que vous reconnaissiez avoir besoin d&rsquo;aide pour prendre vos d\u00e9cisions concernant vos soins de sant\u00e9 et vouliez renoncer \u00e0 votre droit de refuser un traitement. Ce document donne la permission \u00e0 une personne en qui vous avez confiance de prendre les d\u00e9cisions concernant vos soins de sant\u00e9 \u00e0 votre place.<\/li>\n<\/ol>\n<p>Si l&rsquo;ordonnance de tutelle ou la procuration relative au soin de la personne ne dit pas clairement que la personne qui prend les d\u00e9cisions concernant vos soins de sant\u00e9 est autoris\u00e9e \u00e0 vous faire admettre dans un \u00e9tablissement psychiatrique, vous n&rsquo;\u00eates pas oblig\u00e9 d&rsquo;y rester. Vous pouvez partir quand vous voulez.<\/p>\n<p>En revanche, s&rsquo;il est clairement indiqu\u00e9 que cette personne peut vous faire admettre dans un tel \u00e9tablissement, vous ne pourrez partir qu&rsquo;avec sa permission.<\/p>\n<p>Si vous n&rsquo;\u00eates pas d&rsquo;accord avec sa d\u00e9cision, la prochaine \u00e9tape d\u00e9pend du type de document dont il est question&nbsp;:<\/p>\n<ul>\n<li>Si c&rsquo;est une ordonnance judiciaire pour un tuteur \u00e0 la personne, vous devez demander au tribunal de la modifier.<\/li>\n<li>Si c&rsquo;est une procuration relative au soin de la personne, vous pouvez la r\u00e9voquer ou l&rsquo;annuler si vous avez la capacit\u00e9 de le faire.<\/li>\n<\/ul>\n","protected":false},"author":3,"featured_media":0,"template":"","yoast_head":"<!-- This site is optimized with the Yoast SEO plugin v19.14 - https:\/\/yoast.com\/wordpress\/plugins\/seo\/ -->\n<title>1. Comprenez vos droits si vous avez moins de 16 ans - Steps to justice<\/title>\n<meta name=\"description\" content=\"Vous \u00eates un malade en cure facultative si&nbsp;: un m\u00e9decin juge que vous n&#039;\u00eates pas capable de comprendre les soins de sant\u00e9 dont vous avez besoin;\" \/>\n<meta name=\"robots\" content=\"noindex, follow, max-snippet:-1, max-image-preview:large, max-video-preview:-1\" \/>\n<meta property=\"og:locale\" content=\"fr_FR\" \/>\n<meta property=\"og:type\" content=\"article\" \/>\n<meta property=\"og:title\" content=\"1. Comprenez vos droits si vous avez moins de 16 ans - Steps to justice\" \/>\n<meta property=\"og:description\" content=\"Vous \u00eates un malade en cure facultative si&nbsp;: un m\u00e9decin juge que vous n&#039;\u00eates pas capable de comprendre les soins de sant\u00e9 dont vous avez besoin;\" \/>\n<meta property=\"og:url\" content=\"https:\/\/newsite.stepstojustice.ca\/fr\/steps\/health-and-disability\/1-comprenez-vos-droits-si-vous-avez-moins-de-16-ans\/\" \/>\n<meta property=\"og:site_name\" content=\"Steps to justice\" \/>\n<meta property=\"article:modified_time\" content=\"2021-01-25T13:49:07+00:00\" \/>\n<meta name=\"twitter:card\" content=\"summary_large_image\" \/>\n<meta name=\"twitter:label1\" content=\"Dur\u00e9e de lecture estim\u00e9e\" \/>\n\t<meta name=\"twitter:data1\" content=\"2 minutes\" \/>\n<script type=\"application\/ld+json\" class=\"yoast-schema-graph\">{\"@context\":\"https:\/\/schema.org\",\"@graph\":[{\"@type\":\"WebPage\",\"@id\":\"https:\/\/newsite.stepstojustice.ca\/fr\/steps\/health-and-disability\/1-comprenez-vos-droits-si-vous-avez-moins-de-16-ans\/\",\"url\":\"https:\/\/newsite.stepstojustice.ca\/fr\/steps\/health-and-disability\/1-comprenez-vos-droits-si-vous-avez-moins-de-16-ans\/\",\"name\":\"1. Comprenez vos droits si vous avez moins de 16 ans - Steps to justice\",\"isPartOf\":{\"@id\":\"https:\/\/newsite.stepstojustice.ca\/fr\/#website\"},\"datePublished\":\"-0001-11-30T00:00:00+00:00\",\"dateModified\":\"2021-01-25T13:49:07+00:00\",\"description\":\"Vous \u00eates un malade en cure facultative si&nbsp;: un m\u00e9decin juge que vous n'\u00eates pas capable de comprendre les soins de sant\u00e9 dont vous avez besoin;\",\"breadcrumb\":{\"@id\":\"https:\/\/newsite.stepstojustice.ca\/fr\/steps\/health-and-disability\/1-comprenez-vos-droits-si-vous-avez-moins-de-16-ans\/#breadcrumb\"},\"inLanguage\":\"fr-FR\",\"potentialAction\":[{\"@type\":\"ReadAction\",\"target\":[\"https:\/\/newsite.stepstojustice.ca\/fr\/steps\/health-and-disability\/1-comprenez-vos-droits-si-vous-avez-moins-de-16-ans\/\"]}]},{\"@type\":\"BreadcrumbList\",\"@id\":\"https:\/\/newsite.stepstojustice.ca\/fr\/steps\/health-and-disability\/1-comprenez-vos-droits-si-vous-avez-moins-de-16-ans\/#breadcrumb\",\"itemListElement\":[{\"@type\":\"ListItem\",\"position\":1,\"name\":\"Home\",\"item\":\"https:\/\/newsite.stepstojustice.ca\/fr\/\"},{\"@type\":\"ListItem\",\"position\":2,\"name\":\"Next steps\",\"item\":\"https:\/\/newsite.stepstojustice.ca\/steps\/\"},{\"@type\":\"ListItem\",\"position\":3,\"name\":\"1. Comprenez vos droits si vous avez moins de 16 ans\"}]},{\"@type\":\"WebSite\",\"@id\":\"https:\/\/newsite.stepstojustice.ca\/fr\/#website\",\"url\":\"https:\/\/newsite.stepstojustice.ca\/fr\/\",\"name\":\"Steps to justice\",\"description\":\"Step-by-step information about legal problems\",\"potentialAction\":[{\"@type\":\"SearchAction\",\"target\":{\"@type\":\"EntryPoint\",\"urlTemplate\":\"https:\/\/newsite.stepstojustice.ca\/fr\/?s={search_term_string}\"},\"query-input\":\"required name=search_term_string\"}],\"inLanguage\":\"fr-FR\"}]}<\/script>\n<!-- \/ Yoast SEO plugin. -->","yoast_head_json":{"title":"1. Comprenez vos droits si vous avez moins de 16 ans - Steps to justice","description":"Vous \u00eates un malade en cure facultative si&nbsp;: un m\u00e9decin juge que vous n'\u00eates pas capable de comprendre les soins de sant\u00e9 dont vous avez besoin;","robots":{"index":"noindex","follow":"follow","max-snippet":"max-snippet:-1","max-image-preview":"max-image-preview:large","max-video-preview":"max-video-preview:-1"},"og_locale":"fr_FR","og_type":"article","og_title":"1. Comprenez vos droits si vous avez moins de 16 ans - Steps to justice","og_description":"Vous \u00eates un malade en cure facultative si&nbsp;: un m\u00e9decin juge que vous n'\u00eates pas capable de comprendre les soins de sant\u00e9 dont vous avez besoin;","og_url":"https:\/\/newsite.stepstojustice.ca\/fr\/steps\/health-and-disability\/1-comprenez-vos-droits-si-vous-avez-moins-de-16-ans\/","og_site_name":"Steps to justice","article_modified_time":"2021-01-25T13:49:07+00:00","twitter_card":"summary_large_image","twitter_misc":{"Dur\u00e9e de lecture estim\u00e9e":"2 minutes"},"schema":{"@context":"https:\/\/schema.org","@graph":[{"@type":"WebPage","@id":"https:\/\/newsite.stepstojustice.ca\/fr\/steps\/health-and-disability\/1-comprenez-vos-droits-si-vous-avez-moins-de-16-ans\/","url":"https:\/\/newsite.stepstojustice.ca\/fr\/steps\/health-and-disability\/1-comprenez-vos-droits-si-vous-avez-moins-de-16-ans\/","name":"1. Comprenez vos droits si vous avez moins de 16 ans - Steps to justice","isPartOf":{"@id":"https:\/\/newsite.stepstojustice.ca\/fr\/#website"},"datePublished":"-0001-11-30T00:00:00+00:00","dateModified":"2021-01-25T13:49:07+00:00","description":"Vous \u00eates un malade en cure facultative si&nbsp;: un m\u00e9decin juge que vous n'\u00eates pas capable de comprendre les soins de sant\u00e9 dont vous avez besoin;","breadcrumb":{"@id":"https:\/\/newsite.stepstojustice.ca\/fr\/steps\/health-and-disability\/1-comprenez-vos-droits-si-vous-avez-moins-de-16-ans\/#breadcrumb"},"inLanguage":"fr-FR","potentialAction":[{"@type":"ReadAction","target":["https:\/\/newsite.stepstojustice.ca\/fr\/steps\/health-and-disability\/1-comprenez-vos-droits-si-vous-avez-moins-de-16-ans\/"]}]},{"@type":"BreadcrumbList","@id":"https:\/\/newsite.stepstojustice.ca\/fr\/steps\/health-and-disability\/1-comprenez-vos-droits-si-vous-avez-moins-de-16-ans\/#breadcrumb","itemListElement":[{"@type":"ListItem","position":1,"name":"Home","item":"https:\/\/newsite.stepstojustice.ca\/fr\/"},{"@type":"ListItem","position":2,"name":"Next steps","item":"https:\/\/newsite.stepstojustice.ca\/steps\/"},{"@type":"ListItem","position":3,"name":"1. Comprenez vos droits si vous avez moins de 16 ans"}]},{"@type":"WebSite","@id":"https:\/\/newsite.stepstojustice.ca\/fr\/#website","url":"https:\/\/newsite.stepstojustice.ca\/fr\/","name":"Steps to justice","description":"Step-by-step information about legal problems","potentialAction":[{"@type":"SearchAction","target":{"@type":"EntryPoint","urlTemplate":"https:\/\/newsite.stepstojustice.ca\/fr\/?s={search_term_string}"},"query-input":"required name=search_term_string"}],"inLanguage":"fr-FR"}]}},"meta_box":{"questions_to_steps_from":["1171217"]},"_links":{"self":[{"href":"https:\/\/newsite.stepstojustice.ca\/fr\/wp-json\/wp\/v2\/steps\/1175173"}],"collection":[{"href":"https:\/\/newsite.stepstojustice.ca\/fr\/wp-json\/wp\/v2\/steps"}],"about":[{"href":"https:\/\/newsite.stepstojustice.ca\/fr\/wp-json\/wp\/v2\/types\/steps"}],"author":[{"embeddable":true,"href":"https:\/\/newsite.stepstojustice.ca\/fr\/wp-json\/wp\/v2\/users\/3"}],"version-history":[{"count":0,"href":"https:\/\/newsite.stepstojustice.ca\/fr\/wp-json\/wp\/v2\/steps\/1175173\/revisions"}],"wp:attachment":[{"href":"https:\/\/newsite.stepstojustice.ca\/fr\/wp-json\/wp\/v2\/media?parent=1175173"}],"curies":[{"name":"wp","href":"https:\/\/api.w.org\/{rel}","templated":true}]}}

<p>Vous êtes un <strong>malade en cure facultative</strong> si&nbsp;:</p>
<ul>
<li>un médecin juge que vous n&rsquo;êtes pas capable de comprendre les soins de santé dont vous avez besoin;</li>
<li>c&rsquo;est une autre personne, appelée «&nbsp;mandataire spécial&nbsp;», qui prend les décisions concernant vos soins de santé;</li>
<li>votre mandataire spécial décide que vous devez être gardé dans un établissement psychiatrique.</li>
</ul>
<p>En principe, si vous avez 16&nbsp;ans ou plus et que vous avez le statut de malade en cure facultative, vous n&rsquo;êtes pas obligé de rester dans l&rsquo;établissement si vous ne le souhaitez pas. Le personnel de l&rsquo;établissement ne peut pas vous y forcer.</p>
<p>Par contre, si la personne qui prend les décisions pour vos soins de santé a un document officiel qui l&rsquo;autorise à vous faire garder dans l&rsquo;établissement psychiatrique, vous devrez rester même si ce n&rsquo;est pas ce que vous voulez. Toutefois, cette situation arrive rarement.</p>
<h3>Documents officiels</h3>
<p>Il y a deux types de documents officiels qui donnent à une autre personne l&rsquo;autorisation de décider si vous devez ou non rester dans un établissement psychiatrique&nbsp;:</p>
<ol>
<li value="NaN">Un document de <strong>tuteur à la personne</strong>. Il s&rsquo;agit d&rsquo;une ordonnance judiciaire rendue par un juge. Celle-ci indique que vous avez besoin que quelqu&rsquo;un d&rsquo;autre prenne pour vous les décisions concernant vos soins de santé. Cette personne est nommée dans l&rsquo;ordonnance. C&rsquo;est habituellement un membre de la famille, par exemple un parent.<br />
	&nbsp;</li>
<li value="NaN">Une <strong>procuration relative au soin de la personne avec directive préalable</strong>. Il s&rsquo;agit d&rsquo;un document juridique que vous avez signé dans le passé parce que vous reconnaissiez avoir besoin d&rsquo;aide pour prendre vos décisions concernant vos soins de santé et vouliez renoncer à votre droit de refuser un traitement. Ce document donne la permission à une personne en qui vous avez confiance de prendre les décisions concernant vos soins de santé à votre place.</li>
</ol>
<p>Si l&rsquo;ordonnance de tutelle ou la procuration relative au soin de la personne ne dit pas clairement que la personne qui prend les décisions concernant vos soins de santé est autorisée à vous faire admettre dans un établissement psychiatrique, vous n&rsquo;êtes pas obligé d&rsquo;y rester. Vous pouvez partir quand vous voulez.</p>
<p>En revanche, s&rsquo;il est clairement indiqué que cette personne peut vous faire admettre dans un tel établissement, vous ne pourrez partir qu&rsquo;avec sa permission.</p>
<p>Si vous n&rsquo;êtes pas d&rsquo;accord avec sa décision, la prochaine étape dépend du type de document dont il est question&nbsp;:</p>
<ul>
<li>Si c&rsquo;est une ordonnance judiciaire pour un tuteur à la personne, vous devez demander au tribunal de la modifier.</li>
<li>Si c&rsquo;est une procuration relative au soin de la personne, vous pouvez la révoquer ou l&rsquo;annuler si vous avez la capacité de le faire.</li>
</ul>

<!-- This site is optimized with the Yoast SEO plugin v19.14 - https://yoast.com/wordpress/plugins/seo/ -->
<title>1. Comprenez vos droits si vous avez moins de 16 ans - Steps to justice</title>
<meta name="description" content="Vous êtes un malade en cure facultative si&nbsp;: un médecin juge que vous n&#039;êtes pas capable de comprendre les soins de santé dont vous avez besoin;" />
<meta name="robots" content="noindex, follow, max-snippet:-1, max-image-preview:large, max-video-preview:-1" />
<meta property="og:locale" content="fr_FR" />
<meta property="og:type" content="article" />
<meta property="og:title" content="1. Comprenez vos droits si vous avez moins de 16 ans - Steps to justice" />
<meta property="og:description" content="Vous êtes un malade en cure facultative si&nbsp;: un médecin juge que vous n&#039;êtes pas capable de comprendre les soins de santé dont vous avez besoin;" />
<meta property="og:url" content="https://newsite.stepstojustice.ca/fr/steps/health-and-disability/1-comprenez-vos-droits-si-vous-avez-moins-de-16-ans/" />
<meta property="og:site_name" content="Steps to justice" />
<meta property="article:modified_time" content="2021-01-25T13:49:07+00:00" />
<meta name="twitter:card" content="summary_large_image" />
<meta name="twitter:label1" content="Durée de lecture estimée" />
	<meta name="twitter:data1" content="2 minutes" />
<script type="application/ld+json" class="yoast-schema-graph">{"@context":"https://schema.org","@graph":[{"@type":"WebPage","@id":"https://newsite.stepstojustice.ca/fr/steps/health-and-disability/1-comprenez-vos-droits-si-vous-avez-moins-de-16-ans/","url":"https://newsite.stepstojustice.ca/fr/steps/health-and-disability/1-comprenez-vos-droits-si-vous-avez-moins-de-16-ans/","name":"1. Comprenez vos droits si vous avez moins de 16 ans - Steps to justice","isPartOf":{"@id":"https://newsite.stepstojustice.ca/fr/#website"},"datePublished":"-0001-11-30T00:00:00+00:00","dateModified":"2021-01-25T13:49:07+00:00","description":"Vous êtes un malade en cure facultative si&nbsp;: un médecin juge que vous n'êtes pas capable de comprendre les soins de santé dont vous avez besoin;","breadcrumb":{"@id":"https://newsite.stepstojustice.ca/fr/steps/health-and-disability/1-comprenez-vos-droits-si-vous-avez-moins-de-16-ans/#breadcrumb"},"inLanguage":"fr-FR","potentialAction":[{"@type":"ReadAction","target":["https://newsite.stepstojustice.ca/fr/steps/health-and-disability/1-comprenez-vos-droits-si-vous-avez-moins-de-16-ans/"]}]},{"@type":"BreadcrumbList","@id":"https://newsite.stepstojustice.ca/fr/steps/health-and-disability/1-comprenez-vos-droits-si-vous-avez-moins-de-16-ans/#breadcrumb","itemListElement":[{"@type":"ListItem","position":1,"name":"Home","item":"https://newsite.stepstojustice.ca/fr/"},{"@type":"ListItem","position":2,"name":"Next steps","item":"https://newsite.stepstojustice.ca/steps/"},{"@type":"ListItem","position":3,"name":"1. Comprenez vos droits si vous avez moins de 16 ans"}]},{"@type":"WebSite","@id":"https://newsite.stepstojustice.ca/fr/#website","url":"https://newsite.stepstojustice.ca/fr/","name":"Steps to justice","description":"Step-by-step information about legal problems","potentialAction":[{"@type":"SearchAction","target":{"@type":"EntryPoint","urlTemplate":"https://newsite.stepstojustice.ca/fr/?s={search_term_string}"},"query-input":"required name=search_term_string"}],"inLanguage":"fr-FR"}]}</script>
<!-- / Yoast SEO plugin. -->

Vous êtes un malade en cure facultative si&nbsp;: un médecin juge que vous n'êtes pas capable de comprendre les soins de santé dont vous avez besoin;
