{"id":1171980,"date":"2018-04-03T10:38:24","date_gmt":"2018-04-03T14:38:24","guid":{"rendered":""},"modified":"2018-07-25T12:53:10","modified_gmt":"2018-07-25T12:53:10","slug":"je-dois-moccuper-de-mon-enfant-mon-employeur-doit-il","status":"publish","type":"questions","link":"https:\/\/newsite.stepstojustice.ca\/fr\/questions\/employment-and-work\/je-dois-moccuper-de-mon-enfant-mon-employeur-doit-il\/","title":{"rendered":"Je dois m&rsquo;occuper de mon enfant. Mon employeur doit-il m&rsquo;accorder des mesures d&rsquo;adaptation?"},"content":{"rendered":"<p>La plupart des employeurs \u00e9tablissent des r\u00e8gles qui s&rsquo;appliquent de la m\u00eame mani\u00e8re \u00e0 tous les travailleurs, par exemple, des r\u00e8gles sur les heures de travail ou les vacances. D&rsquo;autres r\u00e8gles peuvent s&rsquo;appliquer \u00e0 votre poste en particulier, comme le fait de devoir travailler \u00e0 un endroit pr\u00e9cis.<\/p>\n<p>Selon les lois ontariennes sur les droits de la personne, chacun a le droit d&rsquo;\u00eatre trait\u00e9 sur un m\u00eame pied d&rsquo;\u00e9galit\u00e9 et de ne pas subir de discrimination au travail. Pour cette raison, votre employeur doit tout mettre en \u0153uvre pour vous assurer un traitement \u00e9quitable.<\/p>\n<p>Toujours selon ces lois, vous ne devriez pas avoir \u00e0 surmonter des obstacles au travail parce que vous devez vous occuper d&rsquo;un enfant ou d&rsquo;un proche vieillissant. C&rsquo;est ce qu&rsquo;on appelle la protection li\u00e9e \u00e0 l&rsquo;\u00ab&nbsp;\u00e9tat familial&nbsp;\u00bb.<\/p>\n<p>L&#8217;employeur ne peut traiter un employ\u00e9 diff\u00e9remment en raison de son \u00ab&nbsp;\u00e9tat familial&nbsp;\u00bb.&nbsp;Mais si vous ne pouvez respecter une r\u00e8gle du milieu de travail pour cette raison, votre employeur devra peut-\u00eatre modifier la fa\u00e7on dont la r\u00e8gle ou l&rsquo;exigence s&rsquo;applique \u00e0 votre situation. Cette obligation est appel\u00e9e, dans le jargon juridique, le devoir d&rsquo;adaptation.<\/p>\n<p>Les mesures d&rsquo;adaptation varient selon les personnes. Cela fonctionne au cas par cas, selon les besoins du travailleur. Par exemple, votre employeur pourrait vous permettre de&nbsp;:<\/p>\n<ul>\n<li>prendre cong\u00e9 pour prendre soin de votre enfant malade;<\/li>\n<li>modifier temporairement votre horaire ou vos heures de travail pendant que vous prenez soin de votre enfant;<\/li>\n<li>travailler \u00e0 un endroit diff\u00e9rent, si cette option s\u2019offre \u00e0 votre employeur.<\/li>\n<\/ul>\n<p>S&rsquo;il vous faut des mesures d&rsquo;adaptation pour prendre soin de votre enfant, faites-en la demande. Votre employeur doit faire son possible pour vous garantir un traitement \u00e9quitable.<\/p>\n<p>De votre c\u00f4t\u00e9, vous devez \u00eatre coop\u00e9ratif et aider votre employeur \u00e0 trouver une solution raisonnable et satisfaisante pour vous deux.<\/p>\n<p>Votre employeur n&rsquo;est pas oblig\u00e9 de vous accorder les mesures d&rsquo;adaptation que vous demandez. Il doit simplement vous offrir des mesures \u00ab&nbsp;raisonnables&nbsp;\u00bb, compte tenu de votre situation. Celles-ci devraient vous permettre de travailler et de vous occuper de votre enfant.<\/p>\n<p>Si votre employeur refuse de vous accorder des mesures d&rsquo;adaptation, il pourrait s&rsquo;agir de discrimination fond\u00e9e sur votre \u00ab&nbsp;\u00e9tat familial&nbsp;\u00bb, \u00e0 moins qu&rsquo;il arrive \u00e0 prouver que cela lui ferait subir un pr\u00e9judice injustifi\u00e9.<\/p>\n","protected":false},"author":3,"featured_media":0,"template":"","legal-topic":[42145,42240,42243,42149,42393,42399,42738],"yoast_head":"<!-- This site is optimized with the Yoast SEO plugin v19.14 - https:\/\/yoast.com\/wordpress\/plugins\/seo\/ -->\n<title>Je dois m&#039;occuper de mon enfant. Mon employeur doit-il m&#039;accorder des mesures d&#039;adaptation? - Steps to justice<\/title>\n<meta name=\"description\" content=\"La plupart des employeurs \u00e9tablissent des r\u00e8gles qui s&#039;appliquent de la m\u00eame mani\u00e8re \u00e0 tous les travailleurs, par exemple, des r\u00e8gles sur les heures de\" \/>\n<meta name=\"robots\" content=\"noindex, follow, max-snippet:-1, max-image-preview:large, max-video-preview:-1\" \/>\n<meta property=\"og:locale\" content=\"fr_FR\" \/>\n<meta property=\"og:type\" content=\"article\" \/>\n<meta property=\"og:title\" content=\"Je dois m&#039;occuper de mon enfant. Mon employeur doit-il m&#039;accorder des mesures d&#039;adaptation? - Steps to justice\" \/>\n<meta property=\"og:description\" content=\"La plupart des employeurs \u00e9tablissent des r\u00e8gles qui s&#039;appliquent de la m\u00eame mani\u00e8re \u00e0 tous les travailleurs, par exemple, des r\u00e8gles sur les heures de\" \/>\n<meta property=\"og:url\" content=\"https:\/\/newsite.stepstojustice.ca\/fr\/questions\/employment-and-work\/je-dois-moccuper-de-mon-enfant-mon-employeur-doit-il\/\" \/>\n<meta property=\"og:site_name\" content=\"Steps to justice\" \/>\n<meta property=\"article:modified_time\" content=\"2018-07-25T12:53:10+00:00\" \/>\n<meta name=\"twitter:card\" content=\"summary_large_image\" \/>\n<meta name=\"twitter:label1\" content=\"Dur\u00e9e de lecture estim\u00e9e\" \/>\n\t<meta name=\"twitter:data1\" content=\"2 minutes\" \/>\n<script type=\"application\/ld+json\" class=\"yoast-schema-graph\">{\"@context\":\"https:\/\/schema.org\",\"@graph\":[{\"@type\":\"WebPage\",\"@id\":\"https:\/\/newsite.stepstojustice.ca\/fr\/questions\/employment-and-work\/je-dois-moccuper-de-mon-enfant-mon-employeur-doit-il\/\",\"url\":\"https:\/\/newsite.stepstojustice.ca\/fr\/questions\/employment-and-work\/je-dois-moccuper-de-mon-enfant-mon-employeur-doit-il\/\",\"name\":\"Je dois m'occuper de mon enfant. Mon employeur doit-il m'accorder des mesures d'adaptation? - Steps to justice\",\"isPartOf\":{\"@id\":\"https:\/\/newsite.stepstojustice.ca\/fr\/#website\"},\"datePublished\":\"-0001-11-30T00:00:00+00:00\",\"dateModified\":\"2018-07-25T12:53:10+00:00\",\"description\":\"La plupart des employeurs \u00e9tablissent des r\u00e8gles qui s'appliquent de la m\u00eame mani\u00e8re \u00e0 tous les travailleurs, par exemple, des r\u00e8gles sur les heures de\",\"breadcrumb\":{\"@id\":\"https:\/\/newsite.stepstojustice.ca\/fr\/questions\/employment-and-work\/je-dois-moccuper-de-mon-enfant-mon-employeur-doit-il\/#breadcrumb\"},\"inLanguage\":\"fr-FR\",\"potentialAction\":[{\"@type\":\"ReadAction\",\"target\":[\"https:\/\/newsite.stepstojustice.ca\/fr\/questions\/employment-and-work\/je-dois-moccuper-de-mon-enfant-mon-employeur-doit-il\/\"]}]},{\"@type\":\"BreadcrumbList\",\"@id\":\"https:\/\/newsite.stepstojustice.ca\/fr\/questions\/employment-and-work\/je-dois-moccuper-de-mon-enfant-mon-employeur-doit-il\/#breadcrumb\",\"itemListElement\":[{\"@type\":\"ListItem\",\"position\":1,\"name\":\"Home\",\"item\":\"https:\/\/newsite.stepstojustice.ca\/fr\/\"},{\"@type\":\"ListItem\",\"position\":2,\"name\":\"Questions\",\"item\":\"https:\/\/newsite.stepstojustice.ca\/fr\/questions\/\"},{\"@type\":\"ListItem\",\"position\":3,\"name\":\"Je dois m&rsquo;occuper de mon enfant. Mon employeur doit-il m&rsquo;accorder des mesures d&rsquo;adaptation?\"}]},{\"@type\":\"WebSite\",\"@id\":\"https:\/\/newsite.stepstojustice.ca\/fr\/#website\",\"url\":\"https:\/\/newsite.stepstojustice.ca\/fr\/\",\"name\":\"Steps to justice\",\"description\":\"Step-by-step information about legal problems\",\"potentialAction\":[{\"@type\":\"SearchAction\",\"target\":{\"@type\":\"EntryPoint\",\"urlTemplate\":\"https:\/\/newsite.stepstojustice.ca\/fr\/?s={search_term_string}\"},\"query-input\":\"required name=search_term_string\"}],\"inLanguage\":\"fr-FR\"}]}<\/script>\n<!-- \/ Yoast SEO plugin. -->","yoast_head_json":{"title":"Je dois m'occuper de mon enfant. Mon employeur doit-il m'accorder des mesures d'adaptation? - Steps to justice","description":"La plupart des employeurs \u00e9tablissent des r\u00e8gles qui s'appliquent de la m\u00eame mani\u00e8re \u00e0 tous les travailleurs, par exemple, des r\u00e8gles sur les heures de","robots":{"index":"noindex","follow":"follow","max-snippet":"max-snippet:-1","max-image-preview":"max-image-preview:large","max-video-preview":"max-video-preview:-1"},"og_locale":"fr_FR","og_type":"article","og_title":"Je dois m'occuper de mon enfant. Mon employeur doit-il m'accorder des mesures d'adaptation? - Steps to justice","og_description":"La plupart des employeurs \u00e9tablissent des r\u00e8gles qui s'appliquent de la m\u00eame mani\u00e8re \u00e0 tous les travailleurs, par exemple, des r\u00e8gles sur les heures de","og_url":"https:\/\/newsite.stepstojustice.ca\/fr\/questions\/employment-and-work\/je-dois-moccuper-de-mon-enfant-mon-employeur-doit-il\/","og_site_name":"Steps to justice","article_modified_time":"2018-07-25T12:53:10+00:00","twitter_card":"summary_large_image","twitter_misc":{"Dur\u00e9e de lecture estim\u00e9e":"2 minutes"},"schema":{"@context":"https:\/\/schema.org","@graph":[{"@type":"WebPage","@id":"https:\/\/newsite.stepstojustice.ca\/fr\/questions\/employment-and-work\/je-dois-moccuper-de-mon-enfant-mon-employeur-doit-il\/","url":"https:\/\/newsite.stepstojustice.ca\/fr\/questions\/employment-and-work\/je-dois-moccuper-de-mon-enfant-mon-employeur-doit-il\/","name":"Je dois m'occuper de mon enfant. Mon employeur doit-il m'accorder des mesures d'adaptation? - Steps to justice","isPartOf":{"@id":"https:\/\/newsite.stepstojustice.ca\/fr\/#website"},"datePublished":"-0001-11-30T00:00:00+00:00","dateModified":"2018-07-25T12:53:10+00:00","description":"La plupart des employeurs \u00e9tablissent des r\u00e8gles qui s'appliquent de la m\u00eame mani\u00e8re \u00e0 tous les travailleurs, par exemple, des r\u00e8gles sur les heures de","breadcrumb":{"@id":"https:\/\/newsite.stepstojustice.ca\/fr\/questions\/employment-and-work\/je-dois-moccuper-de-mon-enfant-mon-employeur-doit-il\/#breadcrumb"},"inLanguage":"fr-FR","potentialAction":[{"@type":"ReadAction","target":["https:\/\/newsite.stepstojustice.ca\/fr\/questions\/employment-and-work\/je-dois-moccuper-de-mon-enfant-mon-employeur-doit-il\/"]}]},{"@type":"BreadcrumbList","@id":"https:\/\/newsite.stepstojustice.ca\/fr\/questions\/employment-and-work\/je-dois-moccuper-de-mon-enfant-mon-employeur-doit-il\/#breadcrumb","itemListElement":[{"@type":"ListItem","position":1,"name":"Home","item":"https:\/\/newsite.stepstojustice.ca\/fr\/"},{"@type":"ListItem","position":2,"name":"Questions","item":"https:\/\/newsite.stepstojustice.ca\/fr\/questions\/"},{"@type":"ListItem","position":3,"name":"Je dois m&rsquo;occuper de mon enfant. Mon employeur doit-il m&rsquo;accorder des mesures d&rsquo;adaptation?"}]},{"@type":"WebSite","@id":"https:\/\/newsite.stepstojustice.ca\/fr\/#website","url":"https:\/\/newsite.stepstojustice.ca\/fr\/","name":"Steps to justice","description":"Step-by-step information about legal problems","potentialAction":[{"@type":"SearchAction","target":{"@type":"EntryPoint","urlTemplate":"https:\/\/newsite.stepstojustice.ca\/fr\/?s={search_term_string}"},"query-input":"required name=search_term_string"}],"inLanguage":"fr-FR"}]}},"meta_box":{"date_fg19r358tw7":"2017-10-31 00:00:00","date_sgrhr9fx3j":"2018-11-03 00:00:00","text_qgvph2rt54":"","text_mb2unyqw82h":"","text_z4722ywvha":"","textarea_i237k2mg4u":"","date_mvzg7sr921":"","textarea_0ej69ng0xn48":"TH - 2018 04 25: Implemented changes suggested by French reviewer ET.","file_1s3spou4tld":[],"text_0iky8vwgh18v":"marianne.stephens","date_e0vrot0tvds":"2018-04-03 10:38:24 -0400","text_y2tadrpr98":"added primary topic field","number_98lw0j89q05":"951","post_0glwwksj820p":[1171560,1171558,1171606],"questions_to_resources_to":["1181566","1181703","1181099","1186945","1186969","1186946","1186970"],"questions_to_guided_pathways_to":[],"questions_to_alerts_to":[],"questions_to_steps_to":["1176170","1176169","1176153","1176035","1176152"]},"_links":{"self":[{"href":"https:\/\/newsite.stepstojustice.ca\/fr\/wp-json\/wp\/v2\/questions\/1171980"}],"collection":[{"href":"https:\/\/newsite.stepstojustice.ca\/fr\/wp-json\/wp\/v2\/questions"}],"about":[{"href":"https:\/\/newsite.stepstojustice.ca\/fr\/wp-json\/wp\/v2\/types\/questions"}],"author":[{"embeddable":true,"href":"https:\/\/newsite.stepstojustice.ca\/fr\/wp-json\/wp\/v2\/users\/3"}],"version-history":[{"count":0,"href":"https:\/\/newsite.stepstojustice.ca\/fr\/wp-json\/wp\/v2\/questions\/1171980\/revisions"}],"wp:attachment":[{"href":"https:\/\/newsite.stepstojustice.ca\/fr\/wp-json\/wp\/v2\/media?parent=1171980"}],"wp:term":[{"taxonomy":"legal-topic","embeddable":true,"href":"https:\/\/newsite.stepstojustice.ca\/fr\/wp-json\/wp\/v2\/legal-topic?post=1171980"}],"curies":[{"name":"wp","href":"https:\/\/api.w.org\/{rel}","templated":true}]}}

<p>La plupart des employeurs établissent des règles qui s&rsquo;appliquent de la même manière à tous les travailleurs, par exemple, des règles sur les heures de travail ou les vacances. D&rsquo;autres règles peuvent s&rsquo;appliquer à votre poste en particulier, comme le fait de devoir travailler à un endroit précis.</p>
<p>Selon les lois ontariennes sur les droits de la personne, chacun a le droit d&rsquo;être traité sur un même pied d&rsquo;égalité et de ne pas subir de discrimination au travail. Pour cette raison, votre employeur doit tout mettre en œuvre pour vous assurer un traitement équitable.</p>
<p>Toujours selon ces lois, vous ne devriez pas avoir à surmonter des obstacles au travail parce que vous devez vous occuper d&rsquo;un enfant ou d&rsquo;un proche vieillissant. C&rsquo;est ce qu&rsquo;on appelle la protection liée à l&rsquo;«&nbsp;état familial&nbsp;».</p>
<p>L&#8217;employeur ne peut traiter un employé différemment en raison de son «&nbsp;état familial&nbsp;».&nbsp;Mais si vous ne pouvez respecter une règle du milieu de travail pour cette raison, votre employeur devra peut-être modifier la façon dont la règle ou l&rsquo;exigence s&rsquo;applique à votre situation. Cette obligation est appelée, dans le jargon juridique, le devoir d&rsquo;adaptation.</p>
<p>Les mesures d&rsquo;adaptation varient selon les personnes. Cela fonctionne au cas par cas, selon les besoins du travailleur. Par exemple, votre employeur pourrait vous permettre de&nbsp;:</p>
<ul>
<li>prendre congé pour prendre soin de votre enfant malade;</li>
<li>modifier temporairement votre horaire ou vos heures de travail pendant que vous prenez soin de votre enfant;</li>
<li>travailler à un endroit différent, si cette option s’offre à votre employeur.</li>
</ul>
<p>S&rsquo;il vous faut des mesures d&rsquo;adaptation pour prendre soin de votre enfant, faites-en la demande. Votre employeur doit faire son possible pour vous garantir un traitement équitable.</p>
<p>De votre côté, vous devez être coopératif et aider votre employeur à trouver une solution raisonnable et satisfaisante pour vous deux.</p>
<p>Votre employeur n&rsquo;est pas obligé de vous accorder les mesures d&rsquo;adaptation que vous demandez. Il doit simplement vous offrir des mesures «&nbsp;raisonnables&nbsp;», compte tenu de votre situation. Celles-ci devraient vous permettre de travailler et de vous occuper de votre enfant.</p>
<p>Si votre employeur refuse de vous accorder des mesures d&rsquo;adaptation, il pourrait s&rsquo;agir de discrimination fondée sur votre «&nbsp;état familial&nbsp;», à moins qu&rsquo;il arrive à prouver que cela lui ferait subir un préjudice injustifié.</p>

<!-- This site is optimized with the Yoast SEO plugin v19.14 - https://yoast.com/wordpress/plugins/seo/ -->
<title>Je dois m&#039;occuper de mon enfant. Mon employeur doit-il m&#039;accorder des mesures d&#039;adaptation? - Steps to justice</title>
<meta name="description" content="La plupart des employeurs établissent des règles qui s&#039;appliquent de la même manière à tous les travailleurs, par exemple, des règles sur les heures de" />
<meta name="robots" content="noindex, follow, max-snippet:-1, max-image-preview:large, max-video-preview:-1" />
<meta property="og:locale" content="fr_FR" />
<meta property="og:type" content="article" />
<meta property="og:title" content="Je dois m&#039;occuper de mon enfant. Mon employeur doit-il m&#039;accorder des mesures d&#039;adaptation? - Steps to justice" />
<meta property="og:description" content="La plupart des employeurs établissent des règles qui s&#039;appliquent de la même manière à tous les travailleurs, par exemple, des règles sur les heures de" />
<meta property="og:url" content="https://newsite.stepstojustice.ca/fr/questions/employment-and-work/je-dois-moccuper-de-mon-enfant-mon-employeur-doit-il/" />
<meta property="og:site_name" content="Steps to justice" />
<meta property="article:modified_time" content="2018-07-25T12:53:10+00:00" />
<meta name="twitter:card" content="summary_large_image" />
<meta name="twitter:label1" content="Durée de lecture estimée" />
	<meta name="twitter:data1" content="2 minutes" />
<script type="application/ld+json" class="yoast-schema-graph">{"@context":"https://schema.org","@graph":[{"@type":"WebPage","@id":"https://newsite.stepstojustice.ca/fr/questions/employment-and-work/je-dois-moccuper-de-mon-enfant-mon-employeur-doit-il/","url":"https://newsite.stepstojustice.ca/fr/questions/employment-and-work/je-dois-moccuper-de-mon-enfant-mon-employeur-doit-il/","name":"Je dois m'occuper de mon enfant. Mon employeur doit-il m'accorder des mesures d'adaptation? - Steps to justice","isPartOf":{"@id":"https://newsite.stepstojustice.ca/fr/#website"},"datePublished":"-0001-11-30T00:00:00+00:00","dateModified":"2018-07-25T12:53:10+00:00","description":"La plupart des employeurs établissent des règles qui s'appliquent de la même manière à tous les travailleurs, par exemple, des règles sur les heures de","breadcrumb":{"@id":"https://newsite.stepstojustice.ca/fr/questions/employment-and-work/je-dois-moccuper-de-mon-enfant-mon-employeur-doit-il/#breadcrumb"},"inLanguage":"fr-FR","potentialAction":[{"@type":"ReadAction","target":["https://newsite.stepstojustice.ca/fr/questions/employment-and-work/je-dois-moccuper-de-mon-enfant-mon-employeur-doit-il/"]}]},{"@type":"BreadcrumbList","@id":"https://newsite.stepstojustice.ca/fr/questions/employment-and-work/je-dois-moccuper-de-mon-enfant-mon-employeur-doit-il/#breadcrumb","itemListElement":[{"@type":"ListItem","position":1,"name":"Home","item":"https://newsite.stepstojustice.ca/fr/"},{"@type":"ListItem","position":2,"name":"Questions","item":"https://newsite.stepstojustice.ca/fr/questions/"},{"@type":"ListItem","position":3,"name":"Je dois m&rsquo;occuper de mon enfant. Mon employeur doit-il m&rsquo;accorder des mesures d&rsquo;adaptation?"}]},{"@type":"WebSite","@id":"https://newsite.stepstojustice.ca/fr/#website","url":"https://newsite.stepstojustice.ca/fr/","name":"Steps to justice","description":"Step-by-step information about legal problems","potentialAction":[{"@type":"SearchAction","target":{"@type":"EntryPoint","urlTemplate":"https://newsite.stepstojustice.ca/fr/?s={search_term_string}"},"query-input":"required name=search_term_string"}],"inLanguage":"fr-FR"}]}</script>
<!-- / Yoast SEO plugin. -->

La plupart des employeurs établissent des règles qui s'appliquent de la même manière à tous les travailleurs, par exemple, des règles sur les heures de
