{"id":1171769,"date":"2019-02-19T15:18:55","date_gmt":"2019-02-19T20:18:55","guid":{"rendered":""},"modified":"2019-02-20T16:59:35","modified_gmt":"2019-02-20T16:59:35","slug":"que-se-passe-t-il-si-je-ne-signifie-et-ne-d\u00e9pose-pas-ma-d\u00e9fense","status":"publish","type":"questions","link":"https:\/\/newsite.stepstojustice.ca\/fr\/questions\/abuse-and-family-violence\/que-se-passe-t-il-si-je-ne-signifie-et-ne-d\u00e9pose-pas-ma-d\u00e9fense\/","title":{"rendered":"Que se passe-t-il si je ne signifie et ne d\u00e9pose pas ma d\u00e9fense et mon programme de soins \u00e0 temps?"},"content":{"rendered":"<p>Le fait de ne pas signifier et d&eacute;poser votre d&eacute;fense et votre programme de soins &agrave; temps peut entra&icirc;ner de graves cons&eacute;quences.<\/p>\n<p>Une fois qu&rsquo;une Soci&eacute;t&eacute; d&rsquo;aide &agrave; l&rsquo;enfance (SAE) a introduit une instance, vous avez habituellement <strong>30&nbsp;jours<\/strong> pour remplir, signifier et d&eacute;poser la <a class=\"links-link ext new-link\" href=\"\/node\/110355\" target=\"_blank\">Formule&nbsp;33B.1&nbsp;: D&eacute;fense et programmes de soins<\/a>.<\/p>\n<p>Si vous ne le faites pas &agrave; temps, mais que vous souhaitez prendre part aux proc&eacute;dures judiciaires, vous <strong>devez<\/strong> demander un d&eacute;lai suppl&eacute;mentaire au tribunal. La SAE n&rsquo;est pas en mesure de vous l&rsquo;accorder, seul le tribunal peut le faire.<\/p>\n<div class=\"box\">\n<p>Vous <strong>devez<\/strong> pr&eacute;senter votre programme &agrave; temps, m&ecirc;me si vous n&rsquo;avez pas d&rsquo;avocat.<\/p>\n<p>Le fait de d&eacute;passer les d&eacute;lais peut entra&icirc;ner de <strong>graves cons&eacute;quences,<\/strong> par exemple&nbsp;:<\/p>\n<ul>\n<li>vous pourriez ne pas &ecirc;tre inform&eacute; de ce qui se passe dans votre affaire;<\/li>\n<li>vous pourriez ne pas pouvoir participer aux proc&eacute;dures du tout;<\/li>\n<li>le tribunal pourrait traiter votre affaire &ndash; et m&ecirc;me tenir un proc&egrave;s &ndash; sans vous.<\/li>\n<\/ul>\n<\/div>\n<p>Par cons&eacute;quent, si vous ne signifiez et ne d&eacute;posez pas votre programme &agrave; temps, vous pourriez ne pas &ecirc;tre inform&eacute; de la date de <a href=\"https:\/\/stepstojustice.ca\/fr\/questions\/abuse-and-family-violence\/que-se-passe-t-il-lors-dune-audience-ou-dun-proc%C3%A8s-portant-sur\">l&rsquo;audience portant sur la protection de l&rsquo;enfance<\/a>&nbsp;ou en &ecirc;tre exclu. Le tribunal prendra alors sa d&eacute;cision concernant l&rsquo;avenir de votre enfant sans vous.<\/p>\n<p>Votre affaire peut aussi &ecirc;tre tranch&eacute;e dans le cadre d&rsquo;un &laquo;&nbsp;proc&egrave;s non contest&eacute;&nbsp;&raquo;. Ce processus signifie que le juge d&eacute;termine si votre enfant est un enfant ayant besoin de protection et rend une d&eacute;cision d&eacute;finitive concernant son avenir m&ecirc;me si vous n&rsquo;avez pas pu participer. Le juge appuiera sa d&eacute;cision sur les &eacute;l&eacute;ments de preuve de la SAE et de toute autre partie qui a signifi&eacute; et d&eacute;pos&eacute; son programme.<\/p>\n<p>Il est donc important de signifier et de d&eacute;poser votre d&eacute;fense et votre programme de soins dans les d&eacute;lais, puisque votre relation avec votre enfant pourrait vraiment en souffrir. Si vous ne pouvez pas le faire, demandez un d&eacute;lai suppl&eacute;mentaire au tribunal le plus t&ocirc;t possible.<\/p>\n","protected":false},"author":3,"featured_media":0,"template":"","legal-topic":[42142,42154,42158,42146,42294,42298],"yoast_head":"<!-- This site is optimized with the Yoast SEO plugin v19.14 - https:\/\/yoast.com\/wordpress\/plugins\/seo\/ -->\n<title>Que se passe-t-il si je ne signifie et ne d\u00e9pose pas ma d\u00e9fense et mon programme de soins \u00e0 temps? - Steps to justice<\/title>\n<meta name=\"description\" content=\"Le fait de ne pas signifier et d&eacute;poser votre d&eacute;fense et votre programme de soins &agrave; temps peut entra&icirc;ner de graves\" \/>\n<meta name=\"robots\" content=\"noindex, follow, max-snippet:-1, max-image-preview:large, max-video-preview:-1\" \/>\n<meta property=\"og:locale\" content=\"fr_FR\" \/>\n<meta property=\"og:type\" content=\"article\" \/>\n<meta property=\"og:title\" content=\"Que se passe-t-il si je ne signifie et ne d\u00e9pose pas ma d\u00e9fense et mon programme de soins \u00e0 temps? - Steps to justice\" \/>\n<meta property=\"og:description\" content=\"Le fait de ne pas signifier et d&eacute;poser votre d&eacute;fense et votre programme de soins &agrave; temps peut entra&icirc;ner de graves\" \/>\n<meta property=\"og:url\" content=\"https:\/\/newsite.stepstojustice.ca\/fr\/questions\/abuse-and-family-violence\/que-se-passe-t-il-si-je-ne-signifie-et-ne-d\u00e9pose-pas-ma-d\u00e9fense\/\" \/>\n<meta property=\"og:site_name\" content=\"Steps to justice\" \/>\n<meta property=\"article:modified_time\" content=\"2019-02-20T16:59:35+00:00\" \/>\n<meta name=\"twitter:card\" content=\"summary_large_image\" \/>\n<meta name=\"twitter:label1\" content=\"Dur\u00e9e de lecture estim\u00e9e\" \/>\n\t<meta name=\"twitter:data1\" content=\"2 minutes\" \/>\n<script type=\"application\/ld+json\" class=\"yoast-schema-graph\">{\"@context\":\"https:\/\/schema.org\",\"@graph\":[{\"@type\":\"WebPage\",\"@id\":\"https:\/\/newsite.stepstojustice.ca\/fr\/questions\/abuse-and-family-violence\/que-se-passe-t-il-si-je-ne-signifie-et-ne-d\u00e9pose-pas-ma-d\u00e9fense\/\",\"url\":\"https:\/\/newsite.stepstojustice.ca\/fr\/questions\/abuse-and-family-violence\/que-se-passe-t-il-si-je-ne-signifie-et-ne-d\u00e9pose-pas-ma-d\u00e9fense\/\",\"name\":\"Que se passe-t-il si je ne signifie et ne d\u00e9pose pas ma d\u00e9fense et mon programme de soins \u00e0 temps? - Steps to justice\",\"isPartOf\":{\"@id\":\"https:\/\/newsite.stepstojustice.ca\/fr\/#website\"},\"datePublished\":\"-0001-11-30T00:00:00+00:00\",\"dateModified\":\"2019-02-20T16:59:35+00:00\",\"description\":\"Le fait de ne pas signifier et d&eacute;poser votre d&eacute;fense et votre programme de soins &agrave; temps peut entra&icirc;ner de graves\",\"breadcrumb\":{\"@id\":\"https:\/\/newsite.stepstojustice.ca\/fr\/questions\/abuse-and-family-violence\/que-se-passe-t-il-si-je-ne-signifie-et-ne-d\u00e9pose-pas-ma-d\u00e9fense\/#breadcrumb\"},\"inLanguage\":\"fr-FR\",\"potentialAction\":[{\"@type\":\"ReadAction\",\"target\":[\"https:\/\/newsite.stepstojustice.ca\/fr\/questions\/abuse-and-family-violence\/que-se-passe-t-il-si-je-ne-signifie-et-ne-d\u00e9pose-pas-ma-d\u00e9fense\/\"]}]},{\"@type\":\"BreadcrumbList\",\"@id\":\"https:\/\/newsite.stepstojustice.ca\/fr\/questions\/abuse-and-family-violence\/que-se-passe-t-il-si-je-ne-signifie-et-ne-d\u00e9pose-pas-ma-d\u00e9fense\/#breadcrumb\",\"itemListElement\":[{\"@type\":\"ListItem\",\"position\":1,\"name\":\"Home\",\"item\":\"https:\/\/newsite.stepstojustice.ca\/fr\/\"},{\"@type\":\"ListItem\",\"position\":2,\"name\":\"Questions\",\"item\":\"https:\/\/newsite.stepstojustice.ca\/fr\/questions\/\"},{\"@type\":\"ListItem\",\"position\":3,\"name\":\"Que se passe-t-il si je ne signifie et ne d\u00e9pose pas ma d\u00e9fense et mon programme de soins \u00e0 temps?\"}]},{\"@type\":\"WebSite\",\"@id\":\"https:\/\/newsite.stepstojustice.ca\/fr\/#website\",\"url\":\"https:\/\/newsite.stepstojustice.ca\/fr\/\",\"name\":\"Steps to justice\",\"description\":\"Step-by-step information about legal problems\",\"potentialAction\":[{\"@type\":\"SearchAction\",\"target\":{\"@type\":\"EntryPoint\",\"urlTemplate\":\"https:\/\/newsite.stepstojustice.ca\/fr\/?s={search_term_string}\"},\"query-input\":\"required name=search_term_string\"}],\"inLanguage\":\"fr-FR\"}]}<\/script>\n<!-- \/ Yoast SEO plugin. -->","yoast_head_json":{"title":"Que se passe-t-il si je ne signifie et ne d\u00e9pose pas ma d\u00e9fense et mon programme de soins \u00e0 temps? - Steps to justice","description":"Le fait de ne pas signifier et d&eacute;poser votre d&eacute;fense et votre programme de soins &agrave; temps peut entra&icirc;ner de graves","robots":{"index":"noindex","follow":"follow","max-snippet":"max-snippet:-1","max-image-preview":"max-image-preview:large","max-video-preview":"max-video-preview:-1"},"og_locale":"fr_FR","og_type":"article","og_title":"Que se passe-t-il si je ne signifie et ne d\u00e9pose pas ma d\u00e9fense et mon programme de soins \u00e0 temps? - Steps to justice","og_description":"Le fait de ne pas signifier et d&eacute;poser votre d&eacute;fense et votre programme de soins &agrave; temps peut entra&icirc;ner de graves","og_url":"https:\/\/newsite.stepstojustice.ca\/fr\/questions\/abuse-and-family-violence\/que-se-passe-t-il-si-je-ne-signifie-et-ne-d\u00e9pose-pas-ma-d\u00e9fense\/","og_site_name":"Steps to justice","article_modified_time":"2019-02-20T16:59:35+00:00","twitter_card":"summary_large_image","twitter_misc":{"Dur\u00e9e de lecture estim\u00e9e":"2 minutes"},"schema":{"@context":"https:\/\/schema.org","@graph":[{"@type":"WebPage","@id":"https:\/\/newsite.stepstojustice.ca\/fr\/questions\/abuse-and-family-violence\/que-se-passe-t-il-si-je-ne-signifie-et-ne-d\u00e9pose-pas-ma-d\u00e9fense\/","url":"https:\/\/newsite.stepstojustice.ca\/fr\/questions\/abuse-and-family-violence\/que-se-passe-t-il-si-je-ne-signifie-et-ne-d\u00e9pose-pas-ma-d\u00e9fense\/","name":"Que se passe-t-il si je ne signifie et ne d\u00e9pose pas ma d\u00e9fense et mon programme de soins \u00e0 temps? - Steps to justice","isPartOf":{"@id":"https:\/\/newsite.stepstojustice.ca\/fr\/#website"},"datePublished":"-0001-11-30T00:00:00+00:00","dateModified":"2019-02-20T16:59:35+00:00","description":"Le fait de ne pas signifier et d&eacute;poser votre d&eacute;fense et votre programme de soins &agrave; temps peut entra&icirc;ner de graves","breadcrumb":{"@id":"https:\/\/newsite.stepstojustice.ca\/fr\/questions\/abuse-and-family-violence\/que-se-passe-t-il-si-je-ne-signifie-et-ne-d\u00e9pose-pas-ma-d\u00e9fense\/#breadcrumb"},"inLanguage":"fr-FR","potentialAction":[{"@type":"ReadAction","target":["https:\/\/newsite.stepstojustice.ca\/fr\/questions\/abuse-and-family-violence\/que-se-passe-t-il-si-je-ne-signifie-et-ne-d\u00e9pose-pas-ma-d\u00e9fense\/"]}]},{"@type":"BreadcrumbList","@id":"https:\/\/newsite.stepstojustice.ca\/fr\/questions\/abuse-and-family-violence\/que-se-passe-t-il-si-je-ne-signifie-et-ne-d\u00e9pose-pas-ma-d\u00e9fense\/#breadcrumb","itemListElement":[{"@type":"ListItem","position":1,"name":"Home","item":"https:\/\/newsite.stepstojustice.ca\/fr\/"},{"@type":"ListItem","position":2,"name":"Questions","item":"https:\/\/newsite.stepstojustice.ca\/fr\/questions\/"},{"@type":"ListItem","position":3,"name":"Que se passe-t-il si je ne signifie et ne d\u00e9pose pas ma d\u00e9fense et mon programme de soins \u00e0 temps?"}]},{"@type":"WebSite","@id":"https:\/\/newsite.stepstojustice.ca\/fr\/#website","url":"https:\/\/newsite.stepstojustice.ca\/fr\/","name":"Steps to justice","description":"Step-by-step information about legal problems","potentialAction":[{"@type":"SearchAction","target":{"@type":"EntryPoint","urlTemplate":"https:\/\/newsite.stepstojustice.ca\/fr\/?s={search_term_string}"},"query-input":"required name=search_term_string"}],"inLanguage":"fr-FR"}]}},"meta_box":{"date_fg19r358tw7":"2018-10-31 00:00:00","date_sgrhr9fx3j":"2020-01-04 00:00:00","text_qgvph2rt54":"Vanessa Lam","text_mb2unyqw82h":"","text_z4722ywvha":"Carina Vincent","textarea_i237k2mg4u":"","date_mvzg7sr921":"","textarea_0ej69ng0xn48":"","file_1s3spou4tld":[{"icon":"<img width=\"48\" height=\"64\" src=\"https:\/\/newsite.stepstojustice.ca\/wp-includes\/images\/media\/document.png\" alt=\"\">","name":"2019_January_4_What_if_I_miss_deadline_for_answer_and_plan_of_ care.rtf","path":"\/home\/news2jdev\/public_html\/home\/news2jdev\/system\/files\/2019_January_4_What_if_I_miss_deadline_for_answer_and_plan_of_ care.rtf","url":"https:\/\/newsite.stepstojustice.ca\/system\/files\/2019_January_4_What_if_I_miss_deadline_for_answer_and_plan_of_ care.rtf","title":"2019_January_4_What_if_I_miss_deadline_for_answer_and_plan_of_ care","edit_link":""}],"text_0iky8vwgh18v":"marianne.stephens","date_e0vrot0tvds":"2019-02-19 15:18:55 -0500","text_y2tadrpr98":"added primary topic field","number_98lw0j89q05":"631","post_0glwwksj820p":[1171783,1171773,1171772],"questions_to_resources_to":["1187198","1185951","1186671","1186222","1185955"],"questions_to_guided_pathways_to":[],"questions_to_alerts_to":[],"questions_to_steps_to":["1175602","1175603","1175589"]},"_links":{"self":[{"href":"https:\/\/newsite.stepstojustice.ca\/fr\/wp-json\/wp\/v2\/questions\/1171769"}],"collection":[{"href":"https:\/\/newsite.stepstojustice.ca\/fr\/wp-json\/wp\/v2\/questions"}],"about":[{"href":"https:\/\/newsite.stepstojustice.ca\/fr\/wp-json\/wp\/v2\/types\/questions"}],"author":[{"embeddable":true,"href":"https:\/\/newsite.stepstojustice.ca\/fr\/wp-json\/wp\/v2\/users\/3"}],"version-history":[{"count":0,"href":"https:\/\/newsite.stepstojustice.ca\/fr\/wp-json\/wp\/v2\/questions\/1171769\/revisions"}],"wp:attachment":[{"href":"https:\/\/newsite.stepstojustice.ca\/fr\/wp-json\/wp\/v2\/media?parent=1171769"}],"wp:term":[{"taxonomy":"legal-topic","embeddable":true,"href":"https:\/\/newsite.stepstojustice.ca\/fr\/wp-json\/wp\/v2\/legal-topic?post=1171769"}],"curies":[{"name":"wp","href":"https:\/\/api.w.org\/{rel}","templated":true}]}}

que-se-passe-t-il-si-je-ne-signifie-et-ne-dépose-pas-ma-défense

https://newsite.stepstojustice.ca/fr/questions/abuse-and-family-violence/que-se-passe-t-il-si-je-ne-signifie-et-ne-dépose-pas-ma-défense/

Que se passe-t-il si je ne signifie et ne dépose pas ma défense et mon programme de soins à temps?

<!-- This site is optimized with the Yoast SEO plugin v19.14 - https://yoast.com/wordpress/plugins/seo/ -->
<title>Que se passe-t-il si je ne signifie et ne dépose pas ma défense et mon programme de soins à temps? - Steps to justice</title>
<meta name="description" content="Le fait de ne pas signifier et d&eacute;poser votre d&eacute;fense et votre programme de soins &agrave; temps peut entra&icirc;ner de graves" />
<meta name="robots" content="noindex, follow, max-snippet:-1, max-image-preview:large, max-video-preview:-1" />
<meta property="og:locale" content="fr_FR" />
<meta property="og:type" content="article" />
<meta property="og:title" content="Que se passe-t-il si je ne signifie et ne dépose pas ma défense et mon programme de soins à temps? - Steps to justice" />
<meta property="og:description" content="Le fait de ne pas signifier et d&eacute;poser votre d&eacute;fense et votre programme de soins &agrave; temps peut entra&icirc;ner de graves" />
<meta property="og:url" content="https://newsite.stepstojustice.ca/fr/questions/abuse-and-family-violence/que-se-passe-t-il-si-je-ne-signifie-et-ne-dépose-pas-ma-défense/" />
<meta property="og:site_name" content="Steps to justice" />
<meta property="article:modified_time" content="2019-02-20T16:59:35+00:00" />
<meta name="twitter:card" content="summary_large_image" />
<meta name="twitter:label1" content="Durée de lecture estimée" />
	<meta name="twitter:data1" content="2 minutes" />
<script type="application/ld+json" class="yoast-schema-graph">{"@context":"https://schema.org","@graph":[{"@type":"WebPage","@id":"https://newsite.stepstojustice.ca/fr/questions/abuse-and-family-violence/que-se-passe-t-il-si-je-ne-signifie-et-ne-dépose-pas-ma-défense/","url":"https://newsite.stepstojustice.ca/fr/questions/abuse-and-family-violence/que-se-passe-t-il-si-je-ne-signifie-et-ne-dépose-pas-ma-défense/","name":"Que se passe-t-il si je ne signifie et ne dépose pas ma défense et mon programme de soins à temps? - Steps to justice","isPartOf":{"@id":"https://newsite.stepstojustice.ca/fr/#website"},"datePublished":"-0001-11-30T00:00:00+00:00","dateModified":"2019-02-20T16:59:35+00:00","description":"Le fait de ne pas signifier et d&eacute;poser votre d&eacute;fense et votre programme de soins &agrave; temps peut entra&icirc;ner de graves","breadcrumb":{"@id":"https://newsite.stepstojustice.ca/fr/questions/abuse-and-family-violence/que-se-passe-t-il-si-je-ne-signifie-et-ne-dépose-pas-ma-défense/#breadcrumb"},"inLanguage":"fr-FR","potentialAction":[{"@type":"ReadAction","target":["https://newsite.stepstojustice.ca/fr/questions/abuse-and-family-violence/que-se-passe-t-il-si-je-ne-signifie-et-ne-dépose-pas-ma-défense/"]}]},{"@type":"BreadcrumbList","@id":"https://newsite.stepstojustice.ca/fr/questions/abuse-and-family-violence/que-se-passe-t-il-si-je-ne-signifie-et-ne-dépose-pas-ma-défense/#breadcrumb","itemListElement":[{"@type":"ListItem","position":1,"name":"Home","item":"https://newsite.stepstojustice.ca/fr/"},{"@type":"ListItem","position":2,"name":"Questions","item":"https://newsite.stepstojustice.ca/fr/questions/"},{"@type":"ListItem","position":3,"name":"Que se passe-t-il si je ne signifie et ne dépose pas ma défense et mon programme de soins à temps?"}]},{"@type":"WebSite","@id":"https://newsite.stepstojustice.ca/fr/#website","url":"https://newsite.stepstojustice.ca/fr/","name":"Steps to justice","description":"Step-by-step information about legal problems","potentialAction":[{"@type":"SearchAction","target":{"@type":"EntryPoint","urlTemplate":"https://newsite.stepstojustice.ca/fr/?s={search_term_string}"},"query-input":"required name=search_term_string"}],"inLanguage":"fr-FR"}]}</script>
<!-- / Yoast SEO plugin. -->

Que se passe-t-il si je ne signifie et ne dépose pas ma défense et mon programme de soins à temps? - Steps to justice

https://newsite.stepstojustice.ca/fr/questions/abuse-and-family-violence/que-se-passe-t-il-si-je-ne-signifie-et-ne-dépose-pas-ma-défense/#breadcrumb
