{"id":1171659,"date":"2017-11-08T12:00:11","date_gmt":"2017-11-08T17:00:11","guid":{"rendered":""},"modified":"2020-09-29T12:36:40","modified_gmt":"2020-09-29T12:36:40","slug":"je-suis-trop-malade-pour-travailler-ai-je-droit-\u00e0-lassurance-emploi","status":"publish","type":"questions","link":"https:\/\/newsite.stepstojustice.ca\/fr\/questions\/employment-and-work\/je-suis-trop-malade-pour-travailler-ai-je-droit-\u00e0-lassurance-emploi\/","title":{"rendered":"Je suis trop malade pour travailler. Ai-je droit \u00e0 l&rsquo;assurance-emploi?"},"content":{"rendered":"<div class=\"box\">\n<p>Il y a eu des modifications dans les r\u00e8gles&nbsp;de l\u2019assurance-emploi (AE) en raison du COVID-19. Depuis le 9 ao\u00fbt 2020,&nbsp;si vous demandez des prestations sp\u00e9ciales d&rsquo;assurance-emploi comme des prestations de maladie, vous n&rsquo;avez besoin que de&nbsp;<strong>120 heures d&rsquo;<\/strong><strong>emploi assurable<\/strong>. Et il y a un nouveau montant de paiement&nbsp;minimum d&rsquo;AE de&nbsp;<strong>500 $ par semaine<\/strong>. Ces changements devraient durer&nbsp;<strong>un an<\/strong>.<\/p>\n<p>Ils font partie du syst\u00e8me que le gouvernement a cr\u00e9\u00e9 pour remplacer la Prestation&nbsp;canadienne&nbsp;d&rsquo;urgence (PCU) qui prend fin le&nbsp;<strong>3 octobre 2020<\/strong>.&nbsp;Pour en savoir plus, veuillez lire&nbsp;\u00ab<a href=\"https:\/\/stepstojustice.ca\/fr\/questions\/covid-19\/la-prestation-canadienne-durgence-pcu-tire-%C3%A0-sa-fin-puis-je-b%C3%A9n%C3%A9ficier-de\"><u>La Prestation canadienne d&rsquo;urgence (PCU) tire \u00e0 sa fin. Puis-je b\u00e9n\u00e9ficier de l&rsquo;assurance-emploi (AE)?<\/u><\/a>\u00bb<\/p>\n<\/div>\n<p>Si vous \u00eates incapable de travailler en raison d&rsquo;une maladie ou d&rsquo;une blessure, ou parce que vous \u00eates en quarantaine, vous pourriez avoir droit \u00e0 des prestations de maladie de l&rsquo;assurance-emploi pour une p\u00e9riode maximale de 15&nbsp;semaines.<\/p>\n<p>Pour avoir droit aux prestations de maladie, vous devez obtenir un certificat m\u00e9dical sign\u00e9 par votre m\u00e9decin ou par un praticien approuv\u00e9. Le certificat doit d\u00e9crire votre maladie et indiquer pendant combien de temps vous ne pourrez pas travailler.<\/p>\n<p>Vous devez aussi prouver que vous auriez \u00e9t\u00e9 pr\u00eat et apte \u00e0 travailler, n&rsquo;e\u00fbt \u00e9t\u00e9 votre maladie ou votre blessure, ou si vous n&rsquo;aviez pas \u00e9t\u00e9 mis en quarantaine. Il ne doit pas y avoir d&rsquo;autres raisons pour lesquelles vous n&rsquo;auriez pas pu travailler \u00e0 temps plein.<\/p>\n<p>Par exemple, si vous comptiez retourner \u00e0 l&rsquo;\u00e9cole \u00e0 temps plein avant de tomber malade, vous pourriez ne pas avoir droit aux prestations de maladie. En effet, m\u00eame si vous aviez \u00e9t\u00e9 en sant\u00e9, vous n&rsquo;auriez pas pu travailler \u00e0 temps plein \u00e9tant donn\u00e9 votre statut d&rsquo;\u00e9tudiant \u00e0 temps plein.<\/p>\n<p>Si vous travaillez pendant que vous recevez des prestations de maladie, la somme exacte que vous gagnez est d\u00e9duite de vos prestations.<\/p>\n<h3>Autres prestations<\/h3>\n<p>M\u00eame si vous n\u2019\u00eates pas admissible aux prestations de maladie de l\u2019AE, vous pourriez obtenir jusqu&rsquo;\u00e0 <strong>3 jours<\/strong> de <a href=\"https:\/\/stepstojustice.ca\/fr\/questions\/employment-and-work\/puis-je-prendre-quelques-jours-de-cong%C3%A9-pour-maladie-ou-urgence\">cong\u00e9 pour&nbsp;maladie<\/a> si:<\/p>\n<ul>\n<li>vous \u00eates couvert par la <em>Loi sur les normes d&#8217;emploi <\/em>de l&rsquo;Ontario, et<\/li>\n<li>vous travaillez pour votre employeur depuis au moins deux semaines cons\u00e9cutives.<\/li>\n<\/ul>\n","protected":false},"author":3,"featured_media":0,"template":"","legal-topic":[42145,42235,42236],"yoast_head":"<!-- This site is optimized with the Yoast SEO plugin v19.14 - https:\/\/yoast.com\/wordpress\/plugins\/seo\/ -->\n<title>Je suis trop malade pour travailler. Ai-je droit \u00e0 l&#039;assurance-emploi? - Steps to justice<\/title>\n<meta name=\"description\" content=\"Il y a eu des modifications dans les r\u00e8gles&nbsp;de l\u2019assurance-emploi (AE) en raison du COVID-19. Depuis le 9 ao\u00fbt 2020,&nbsp;si vous demandez des\" \/>\n<meta name=\"robots\" content=\"noindex, follow, max-snippet:-1, max-image-preview:large, max-video-preview:-1\" \/>\n<meta property=\"og:locale\" content=\"fr_FR\" \/>\n<meta property=\"og:type\" content=\"article\" \/>\n<meta property=\"og:title\" content=\"Je suis trop malade pour travailler. Ai-je droit \u00e0 l&#039;assurance-emploi? - Steps to justice\" \/>\n<meta property=\"og:description\" content=\"Il y a eu des modifications dans les r\u00e8gles&nbsp;de l\u2019assurance-emploi (AE) en raison du COVID-19. Depuis le 9 ao\u00fbt 2020,&nbsp;si vous demandez des\" \/>\n<meta property=\"og:url\" content=\"https:\/\/newsite.stepstojustice.ca\/fr\/questions\/employment-and-work\/je-suis-trop-malade-pour-travailler-ai-je-droit-\u00e0-lassurance-emploi\/\" \/>\n<meta property=\"og:site_name\" content=\"Steps to justice\" \/>\n<meta property=\"article:modified_time\" content=\"2020-09-29T12:36:40+00:00\" \/>\n<meta name=\"twitter:card\" content=\"summary_large_image\" \/>\n<meta name=\"twitter:label1\" content=\"Dur\u00e9e de lecture estim\u00e9e\" \/>\n\t<meta name=\"twitter:data1\" content=\"2 minutes\" \/>\n<script type=\"application\/ld+json\" class=\"yoast-schema-graph\">{\"@context\":\"https:\/\/schema.org\",\"@graph\":[{\"@type\":\"WebPage\",\"@id\":\"https:\/\/newsite.stepstojustice.ca\/fr\/questions\/employment-and-work\/je-suis-trop-malade-pour-travailler-ai-je-droit-\u00e0-lassurance-emploi\/\",\"url\":\"https:\/\/newsite.stepstojustice.ca\/fr\/questions\/employment-and-work\/je-suis-trop-malade-pour-travailler-ai-je-droit-\u00e0-lassurance-emploi\/\",\"name\":\"Je suis trop malade pour travailler. Ai-je droit \u00e0 l'assurance-emploi? - Steps to justice\",\"isPartOf\":{\"@id\":\"https:\/\/newsite.stepstojustice.ca\/fr\/#website\"},\"datePublished\":\"-0001-11-30T00:00:00+00:00\",\"dateModified\":\"2020-09-29T12:36:40+00:00\",\"description\":\"Il y a eu des modifications dans les r\u00e8gles&nbsp;de l\u2019assurance-emploi (AE) en raison du COVID-19. Depuis le 9 ao\u00fbt 2020,&nbsp;si vous demandez des\",\"breadcrumb\":{\"@id\":\"https:\/\/newsite.stepstojustice.ca\/fr\/questions\/employment-and-work\/je-suis-trop-malade-pour-travailler-ai-je-droit-\u00e0-lassurance-emploi\/#breadcrumb\"},\"inLanguage\":\"fr-FR\",\"potentialAction\":[{\"@type\":\"ReadAction\",\"target\":[\"https:\/\/newsite.stepstojustice.ca\/fr\/questions\/employment-and-work\/je-suis-trop-malade-pour-travailler-ai-je-droit-\u00e0-lassurance-emploi\/\"]}]},{\"@type\":\"BreadcrumbList\",\"@id\":\"https:\/\/newsite.stepstojustice.ca\/fr\/questions\/employment-and-work\/je-suis-trop-malade-pour-travailler-ai-je-droit-\u00e0-lassurance-emploi\/#breadcrumb\",\"itemListElement\":[{\"@type\":\"ListItem\",\"position\":1,\"name\":\"Home\",\"item\":\"https:\/\/newsite.stepstojustice.ca\/fr\/\"},{\"@type\":\"ListItem\",\"position\":2,\"name\":\"Questions\",\"item\":\"https:\/\/newsite.stepstojustice.ca\/fr\/questions\/\"},{\"@type\":\"ListItem\",\"position\":3,\"name\":\"Je suis trop malade pour travailler. Ai-je droit \u00e0 l&#8217;assurance-emploi?\"}]},{\"@type\":\"WebSite\",\"@id\":\"https:\/\/newsite.stepstojustice.ca\/fr\/#website\",\"url\":\"https:\/\/newsite.stepstojustice.ca\/fr\/\",\"name\":\"Steps to justice\",\"description\":\"Step-by-step information about legal problems\",\"potentialAction\":[{\"@type\":\"SearchAction\",\"target\":{\"@type\":\"EntryPoint\",\"urlTemplate\":\"https:\/\/newsite.stepstojustice.ca\/fr\/?s={search_term_string}\"},\"query-input\":\"required name=search_term_string\"}],\"inLanguage\":\"fr-FR\"}]}<\/script>\n<!-- \/ Yoast SEO plugin. -->","yoast_head_json":{"title":"Je suis trop malade pour travailler. Ai-je droit \u00e0 l'assurance-emploi? - Steps to justice","description":"Il y a eu des modifications dans les r\u00e8gles&nbsp;de l\u2019assurance-emploi (AE) en raison du COVID-19. Depuis le 9 ao\u00fbt 2020,&nbsp;si vous demandez des","robots":{"index":"noindex","follow":"follow","max-snippet":"max-snippet:-1","max-image-preview":"max-image-preview:large","max-video-preview":"max-video-preview:-1"},"og_locale":"fr_FR","og_type":"article","og_title":"Je suis trop malade pour travailler. Ai-je droit \u00e0 l'assurance-emploi? - Steps to justice","og_description":"Il y a eu des modifications dans les r\u00e8gles&nbsp;de l\u2019assurance-emploi (AE) en raison du COVID-19. Depuis le 9 ao\u00fbt 2020,&nbsp;si vous demandez des","og_url":"https:\/\/newsite.stepstojustice.ca\/fr\/questions\/employment-and-work\/je-suis-trop-malade-pour-travailler-ai-je-droit-\u00e0-lassurance-emploi\/","og_site_name":"Steps to justice","article_modified_time":"2020-09-29T12:36:40+00:00","twitter_card":"summary_large_image","twitter_misc":{"Dur\u00e9e de lecture estim\u00e9e":"2 minutes"},"schema":{"@context":"https:\/\/schema.org","@graph":[{"@type":"WebPage","@id":"https:\/\/newsite.stepstojustice.ca\/fr\/questions\/employment-and-work\/je-suis-trop-malade-pour-travailler-ai-je-droit-\u00e0-lassurance-emploi\/","url":"https:\/\/newsite.stepstojustice.ca\/fr\/questions\/employment-and-work\/je-suis-trop-malade-pour-travailler-ai-je-droit-\u00e0-lassurance-emploi\/","name":"Je suis trop malade pour travailler. Ai-je droit \u00e0 l'assurance-emploi? - Steps to justice","isPartOf":{"@id":"https:\/\/newsite.stepstojustice.ca\/fr\/#website"},"datePublished":"-0001-11-30T00:00:00+00:00","dateModified":"2020-09-29T12:36:40+00:00","description":"Il y a eu des modifications dans les r\u00e8gles&nbsp;de l\u2019assurance-emploi (AE) en raison du COVID-19. Depuis le 9 ao\u00fbt 2020,&nbsp;si vous demandez des","breadcrumb":{"@id":"https:\/\/newsite.stepstojustice.ca\/fr\/questions\/employment-and-work\/je-suis-trop-malade-pour-travailler-ai-je-droit-\u00e0-lassurance-emploi\/#breadcrumb"},"inLanguage":"fr-FR","potentialAction":[{"@type":"ReadAction","target":["https:\/\/newsite.stepstojustice.ca\/fr\/questions\/employment-and-work\/je-suis-trop-malade-pour-travailler-ai-je-droit-\u00e0-lassurance-emploi\/"]}]},{"@type":"BreadcrumbList","@id":"https:\/\/newsite.stepstojustice.ca\/fr\/questions\/employment-and-work\/je-suis-trop-malade-pour-travailler-ai-je-droit-\u00e0-lassurance-emploi\/#breadcrumb","itemListElement":[{"@type":"ListItem","position":1,"name":"Home","item":"https:\/\/newsite.stepstojustice.ca\/fr\/"},{"@type":"ListItem","position":2,"name":"Questions","item":"https:\/\/newsite.stepstojustice.ca\/fr\/questions\/"},{"@type":"ListItem","position":3,"name":"Je suis trop malade pour travailler. Ai-je droit \u00e0 l&#8217;assurance-emploi?"}]},{"@type":"WebSite","@id":"https:\/\/newsite.stepstojustice.ca\/fr\/#website","url":"https:\/\/newsite.stepstojustice.ca\/fr\/","name":"Steps to justice","description":"Step-by-step information about legal problems","potentialAction":[{"@type":"SearchAction","target":{"@type":"EntryPoint","urlTemplate":"https:\/\/newsite.stepstojustice.ca\/fr\/?s={search_term_string}"},"query-input":"required name=search_term_string"}],"inLanguage":"fr-FR"}]}},"meta_box":{"date_fg19r358tw7":"2020-09-28 00:00:00","date_sgrhr9fx3j":"2018-06-07 00:00:00","text_qgvph2rt54":"","text_mb2unyqw82h":"","text_z4722ywvha":"","textarea_i237k2mg4u":"TH Jan 2018: Changed S2J links to the French pages (where available).","date_mvzg7sr921":"","textarea_0ej69ng0xn48":"TH Feb 2018: Implemented changes suggested by French reviewer ET.","file_1s3spou4tld":[],"text_0iky8vwgh18v":"marianne.stephens","date_e0vrot0tvds":"2017-11-08 12:00:11 -0500","text_y2tadrpr98":"Edited by marie.koona.","number_98lw0j89q05":"11656","post_0glwwksj820p":[1171608,1171674,1171658],"questions_to_resources_to":["1187359","1186388","1187328","1181606"],"questions_to_guided_pathways_to":[],"questions_to_alerts_to":[],"questions_to_steps_to":["1177135","1177136","1177137","1177138"]},"_links":{"self":[{"href":"https:\/\/newsite.stepstojustice.ca\/fr\/wp-json\/wp\/v2\/questions\/1171659"}],"collection":[{"href":"https:\/\/newsite.stepstojustice.ca\/fr\/wp-json\/wp\/v2\/questions"}],"about":[{"href":"https:\/\/newsite.stepstojustice.ca\/fr\/wp-json\/wp\/v2\/types\/questions"}],"author":[{"embeddable":true,"href":"https:\/\/newsite.stepstojustice.ca\/fr\/wp-json\/wp\/v2\/users\/3"}],"version-history":[{"count":0,"href":"https:\/\/newsite.stepstojustice.ca\/fr\/wp-json\/wp\/v2\/questions\/1171659\/revisions"}],"wp:attachment":[{"href":"https:\/\/newsite.stepstojustice.ca\/fr\/wp-json\/wp\/v2\/media?parent=1171659"}],"wp:term":[{"taxonomy":"legal-topic","embeddable":true,"href":"https:\/\/newsite.stepstojustice.ca\/fr\/wp-json\/wp\/v2\/legal-topic?post=1171659"}],"curies":[{"name":"wp","href":"https:\/\/api.w.org\/{rel}","templated":true}]}}

je-suis-trop-malade-pour-travailler-ai-je-droit-à-lassurance-emploi

https://newsite.stepstojustice.ca/fr/questions/employment-and-work/je-suis-trop-malade-pour-travailler-ai-je-droit-à-lassurance-emploi/

Je suis trop malade pour travailler. Ai-je droit à l&rsquo;assurance-emploi?

<div class="box">
<p>Il y a eu des modifications dans les règles&nbsp;de l’assurance-emploi (AE) en raison du COVID-19. Depuis le 9 août 2020,&nbsp;si vous demandez des prestations spéciales d&rsquo;assurance-emploi comme des prestations de maladie, vous n&rsquo;avez besoin que de&nbsp;<strong>120 heures d&rsquo;</strong><strong>emploi assurable</strong>. Et il y a un nouveau montant de paiement&nbsp;minimum d&rsquo;AE de&nbsp;<strong>500 $ par semaine</strong>. Ces changements devraient durer&nbsp;<strong>un an</strong>.</p>
<p>Ils font partie du système que le gouvernement a créé pour remplacer la Prestation&nbsp;canadienne&nbsp;d&rsquo;urgence (PCU) qui prend fin le&nbsp;<strong>3 octobre 2020</strong>.&nbsp;Pour en savoir plus, veuillez lire&nbsp;«<a href="https://stepstojustice.ca/fr/questions/covid-19/la-prestation-canadienne-durgence-pcu-tire-%C3%A0-sa-fin-puis-je-b%C3%A9n%C3%A9ficier-de"><u>La Prestation canadienne d&rsquo;urgence (PCU) tire à sa fin. Puis-je bénéficier de l&rsquo;assurance-emploi (AE)?</u></a>»</p>
</div>
<p>Si vous êtes incapable de travailler en raison d&rsquo;une maladie ou d&rsquo;une blessure, ou parce que vous êtes en quarantaine, vous pourriez avoir droit à des prestations de maladie de l&rsquo;assurance-emploi pour une période maximale de 15&nbsp;semaines.</p>
<p>Pour avoir droit aux prestations de maladie, vous devez obtenir un certificat médical signé par votre médecin ou par un praticien approuvé. Le certificat doit décrire votre maladie et indiquer pendant combien de temps vous ne pourrez pas travailler.</p>
<p>Vous devez aussi prouver que vous auriez été prêt et apte à travailler, n&rsquo;eût été votre maladie ou votre blessure, ou si vous n&rsquo;aviez pas été mis en quarantaine. Il ne doit pas y avoir d&rsquo;autres raisons pour lesquelles vous n&rsquo;auriez pas pu travailler à temps plein.</p>
<p>Par exemple, si vous comptiez retourner à l&rsquo;école à temps plein avant de tomber malade, vous pourriez ne pas avoir droit aux prestations de maladie. En effet, même si vous aviez été en santé, vous n&rsquo;auriez pas pu travailler à temps plein étant donné votre statut d&rsquo;étudiant à temps plein.</p>
<p>Si vous travaillez pendant que vous recevez des prestations de maladie, la somme exacte que vous gagnez est déduite de vos prestations.</p>
<h3>Autres prestations</h3>
<p>Même si vous n’êtes pas admissible aux prestations de maladie de l’AE, vous pourriez obtenir jusqu&rsquo;à <strong>3 jours</strong> de <a href="https://stepstojustice.ca/fr/questions/employment-and-work/puis-je-prendre-quelques-jours-de-cong%C3%A9-pour-maladie-ou-urgence">congé pour&nbsp;maladie</a> si:</p>
<ul>
<li>vous êtes couvert par la <em>Loi sur les normes d&#8217;emploi </em>de l&rsquo;Ontario, et</li>
<li>vous travaillez pour votre employeur depuis au moins deux semaines consécutives.</li>
</ul>

<!-- This site is optimized with the Yoast SEO plugin v19.14 - https://yoast.com/wordpress/plugins/seo/ -->
<title>Je suis trop malade pour travailler. Ai-je droit à l&#039;assurance-emploi? - Steps to justice</title>
<meta name="description" content="Il y a eu des modifications dans les règles&nbsp;de l’assurance-emploi (AE) en raison du COVID-19. Depuis le 9 août 2020,&nbsp;si vous demandez des" />
<meta name="robots" content="noindex, follow, max-snippet:-1, max-image-preview:large, max-video-preview:-1" />
<meta property="og:locale" content="fr_FR" />
<meta property="og:type" content="article" />
<meta property="og:title" content="Je suis trop malade pour travailler. Ai-je droit à l&#039;assurance-emploi? - Steps to justice" />
<meta property="og:description" content="Il y a eu des modifications dans les règles&nbsp;de l’assurance-emploi (AE) en raison du COVID-19. Depuis le 9 août 2020,&nbsp;si vous demandez des" />
<meta property="og:url" content="https://newsite.stepstojustice.ca/fr/questions/employment-and-work/je-suis-trop-malade-pour-travailler-ai-je-droit-à-lassurance-emploi/" />
<meta property="og:site_name" content="Steps to justice" />
<meta property="article:modified_time" content="2020-09-29T12:36:40+00:00" />
<meta name="twitter:card" content="summary_large_image" />
<meta name="twitter:label1" content="Durée de lecture estimée" />
	<meta name="twitter:data1" content="2 minutes" />
<script type="application/ld+json" class="yoast-schema-graph">{"@context":"https://schema.org","@graph":[{"@type":"WebPage","@id":"https://newsite.stepstojustice.ca/fr/questions/employment-and-work/je-suis-trop-malade-pour-travailler-ai-je-droit-à-lassurance-emploi/","url":"https://newsite.stepstojustice.ca/fr/questions/employment-and-work/je-suis-trop-malade-pour-travailler-ai-je-droit-à-lassurance-emploi/","name":"Je suis trop malade pour travailler. Ai-je droit à l'assurance-emploi? - Steps to justice","isPartOf":{"@id":"https://newsite.stepstojustice.ca/fr/#website"},"datePublished":"-0001-11-30T00:00:00+00:00","dateModified":"2020-09-29T12:36:40+00:00","description":"Il y a eu des modifications dans les règles&nbsp;de l’assurance-emploi (AE) en raison du COVID-19. Depuis le 9 août 2020,&nbsp;si vous demandez des","breadcrumb":{"@id":"https://newsite.stepstojustice.ca/fr/questions/employment-and-work/je-suis-trop-malade-pour-travailler-ai-je-droit-à-lassurance-emploi/#breadcrumb"},"inLanguage":"fr-FR","potentialAction":[{"@type":"ReadAction","target":["https://newsite.stepstojustice.ca/fr/questions/employment-and-work/je-suis-trop-malade-pour-travailler-ai-je-droit-à-lassurance-emploi/"]}]},{"@type":"BreadcrumbList","@id":"https://newsite.stepstojustice.ca/fr/questions/employment-and-work/je-suis-trop-malade-pour-travailler-ai-je-droit-à-lassurance-emploi/#breadcrumb","itemListElement":[{"@type":"ListItem","position":1,"name":"Home","item":"https://newsite.stepstojustice.ca/fr/"},{"@type":"ListItem","position":2,"name":"Questions","item":"https://newsite.stepstojustice.ca/fr/questions/"},{"@type":"ListItem","position":3,"name":"Je suis trop malade pour travailler. Ai-je droit à l&#8217;assurance-emploi?"}]},{"@type":"WebSite","@id":"https://newsite.stepstojustice.ca/fr/#website","url":"https://newsite.stepstojustice.ca/fr/","name":"Steps to justice","description":"Step-by-step information about legal problems","potentialAction":[{"@type":"SearchAction","target":{"@type":"EntryPoint","urlTemplate":"https://newsite.stepstojustice.ca/fr/?s={search_term_string}"},"query-input":"required name=search_term_string"}],"inLanguage":"fr-FR"}]}</script>
<!-- / Yoast SEO plugin. -->

Je suis trop malade pour travailler. Ai-je droit à l'assurance-emploi? - Steps to justice

Il y a eu des modifications dans les règles&nbsp;de l’assurance-emploi (AE) en raison du COVID-19. Depuis le 9 août 2020,&nbsp;si vous demandez des

https://newsite.stepstojustice.ca/fr/questions/employment-and-work/je-suis-trop-malade-pour-travailler-ai-je-droit-à-lassurance-emploi/#breadcrumb

Je suis trop malade pour travailler. Ai-je droit à l&#8217;assurance-emploi?
